000
CDUS43 KPAH 172127
CLICGI


CLIMATE REPORT
NATIONAL WEATHER SERVICE PADUCAH KY
425 PM CDT SUN SEP 17 2017

...................................

...THE CAPE GIRARDEAU MO CLIMATE SUMMARY FOR SEPTEMBER 17 2017...
VALID TODAY AS OF 0400 PM LOCAL TIME.

CLIMATE NORMAL PERIOD 1981 TO 2010
CLIMATE RECORD PERIOD 1960 TO 2017

WEATHER ITEM   OBSERVED TIME   RECORD YEAR NORMAL DEPARTURE LAST
                VALUE   (LST)  VALUE       VALUE  FROM      YEAR
                                                  NORMAL
..................................................................
TEMPERATURE (F)
 TODAY
  MAXIMUM         87   1208 PM  92    1983  81      6       81
  MINIMUM         63    607 AM  39    2000  56      7       68
  AVERAGE         75                        68      7

PRECIPITATION (IN)
  TODAY            T             2.34 1964   0.11  -0.11     0.61
  MONTH TO DATE    0.41                      1.90  -1.49     5.01
  SINCE SEP 1      0.41                      1.90  -1.49     5.01
  SINCE JAN 1     26.16                     32.95  -6.79    41.71

DEGREE DAYS
 HEATING
  TODAY            0                         1     -1        0
  MONTH TO DATE   14                         7      7        0
  SINCE SEP 1     14                         7      7        0
  SINCE JUL 1     14                         8      6        0

 COOLING
  TODAY           10                         5      5       10
  MONTH TO DATE   65                       119    -54      174
  SINCE SEP 1     65                       119    -54      174
  SINCE JAN 1   1267                      1379   -112     1617
..................................................................

WIND (MPH)
  HIGHEST WIND SPEED    16   HIGHEST WIND DIRECTION     N (20)
  HIGHEST GUST SPEED    19   HIGHEST GUST DIRECTION     N (350)
  AVERAGE WIND SPEED     2.5

SKY COVER
  AVERAGE SKY COVER 0.2

WEATHER CONDITIONS
 THE FOLLOWING WEATHER WAS RECORDED TODAY.
  THUNDERSTORM
  LIGHT RAIN
  FOG

RELATIVE HUMIDITY (PERCENT)
 HIGHEST    93
 LOWEST     61
 AVERAGE    77
..........................................................

THE CAPE GIRARDEAU MO CLIMATE NORMALS FOR TOMORROW
                         NORMAL
 MAXIMUM TEMPERATURE (F)   80
 MINIMUM TEMPERATURE (F)   55

SUNRISE AND SUNSET
SEPTEMBER 17 2017.....SUNRISE   642 AM CDT   SUNSET   703 PM CDT
SEPTEMBER 18 2017.....SUNRISE   643 AM CDT   SUNSET   701 PM CDT

-  INDICATES NEGATIVE NUMBERS.
R  INDICATES RECORD WAS SET OR TIED.
MM INDICATES DATA IS MISSING.
T  INDICATES TRACE AMOUNT.

$$
