258
CDUS43 KPAH 260628
CLICGI


CLIMATE REPORT
NATIONAL WEATHER SERVICE PADUCAH KY
126 AM CDT FRI MAY 26 2017


...................................

...THE CAPE GIRARDEAU MO CLIMATE SUMMARY FOR MAY 25 2017...

CLIMATE NORMAL PERIOD 1981 TO 2010
CLIMATE RECORD PERIOD 1960 TO 2017


WEATHER ITEM   OBSERVED TIME   RECORD YEAR NORMAL DEPARTURE LAST
                VALUE   (LST)  VALUE       VALUE  FROM      YEAR
                                                  NORMAL
..................................................................
TEMPERATURE (F)
 YESTERDAY
  MAXIMUM         76    443 PM  93    1978  80     -4       79
  MINIMUM         51    524 AM  44    2013  58     -7       61
  AVERAGE         64                        69     -5

PRECIPITATION (IN)
  YESTERDAY        0.00          1.63 1968   0.16  -0.16     0.03
  MONTH TO DATE    4.59                      4.58   0.01     3.42
  SINCE MAR 1     15.68                     13.34   2.34    13.58
  SINCE JAN 1     18.70                     20.22  -1.52    18.36

DEGREE DAYS
 HEATING
  YESTERDAY        1                         1      0        0
  MONTH TO DATE   68                        63      5      100
  SINCE MAR 1    695                       884   -189      679
  SINCE JUL 1   3430                      4381   -951     3571

 COOLING
  YESTERDAY        0                         5     -5        5
  MONTH TO DATE   89                        84      5       47
  SINCE MAR 1    131                       115     16       65
  SINCE JAN 1    131                       115     16       65
..................................................................


WIND (MPH)
  HIGHEST WIND SPEED    16   HIGHEST WIND DIRECTION     W (250)
  HIGHEST GUST SPEED    21   HIGHEST GUST DIRECTION    NW (310)
  AVERAGE WIND SPEED     7.9


SKY COVER
  AVERAGE SKY COVER 0.1


WEATHER CONDITIONS
 THE FOLLOWING WEATHER WAS RECORDED YESTERDAY.
  NO SIGNIFICANT WEATHER WAS OBSERVED.


RELATIVE HUMIDITY (PERCENT)
 HIGHEST    89
 LOWEST     38
 AVERAGE    64

..........................................................


THE CAPE GIRARDEAU MO CLIMATE NORMALS FOR TODAY
                         NORMAL    RECORD    YEAR
 MAXIMUM TEMPERATURE (F)   81        96      2012
 MINIMUM TEMPERATURE (F)   59        43      1988


SUNRISE AND SUNSET
MAY 26 2017...........SUNRISE   542 AM CDT   SUNSET   809 PM CDT
MAY 27 2017...........SUNRISE   542 AM CDT   SUNSET   810 PM CDT


-  INDICATES NEGATIVE NUMBERS.
R  INDICATES RECORD WAS SET OR TIED.
MM INDICATES DATA IS MISSING.
T  INDICATES TRACE AMOUNT.




$$
