000
CDUS43 KPAH 162242
CLICGI


CLIMATE REPORT
NATIONAL WEATHER SERVICE PADUCAH KY
440 PM CST THU FEB 16 2017


...................................

...THE CAPE GIRARDEAU MO CLIMATE SUMMARY FOR FEBRUARY 16 2017...
VALID TODAY AS OF 0400 PM LOCAL TIME.

CLIMATE NORMAL PERIOD 1981 TO 2010
CLIMATE RECORD PERIOD 1960 TO 2017


WEATHER ITEM   OBSERVED TIME   RECORD YEAR NORMAL DEPARTURE LAST
                VALUE   (LST)  VALUE       VALUE  FROM      YEAR
                                                  NORMAL
..................................................................
TEMPERATURE (F)
 TODAY
  MAXIMUM         60    332 PM  71    1961  48     12       37
  MINIMUM         23    612 AM  -2    2015  28     -5       27
  AVERAGE         42                        38      4

PRECIPITATION (IN)
  TODAY            0.00          0.80 1967   0.12  -0.12     0.46
  MONTH TO DATE    0.60                      1.98  -1.38     0.90
  SINCE DEC 1      5.90                      9.70  -3.80     4.95
  SINCE JAN 1      2.56                      5.45  -2.89     2.56

DEGREE DAYS
 HEATING
  TODAY           23                        27     -4       33
  MONTH TO DATE  370                       461    -91      483
  SINCE DEC 1   2021                      2348   -327     1998
  SINCE JUL 1   2598                      3199   -601     2648

 COOLING
  TODAY            0                         0      0        0
  MONTH TO DATE    0                         0      0        0
  SINCE DEC 1      0                         0      0        2
  SINCE JAN 1      0                         0      0        0
..................................................................


WIND (MPH)
  HIGHEST WIND SPEED    23   HIGHEST WIND DIRECTION     S (190)
  HIGHEST GUST SPEED    27   HIGHEST GUST DIRECTION     S (190)
  AVERAGE WIND SPEED     5.3


SKY COVER
  AVERAGE SKY COVER 0.0


WEATHER CONDITIONS
 THE FOLLOWING WEATHER WAS RECORDED TODAY.
  NO SIGNIFICANT WEATHER WAS OBSERVED.


RELATIVE HUMIDITY (PERCENT)
 HIGHEST    88
 LOWEST     32
 AVERAGE    60

..........................................................


THE CAPE GIRARDEAU MO CLIMATE NORMALS FOR TOMORROW
                         NORMAL
 MAXIMUM TEMPERATURE (F)   48
 MINIMUM TEMPERATURE (F)   29


SUNRISE AND SUNSET
FEBRUARY 16 2017......SUNRISE   646 AM CST   SUNSET   539 PM CST
FEBRUARY 17 2017......SUNRISE   645 AM CST   SUNSET   541 PM CST


-  INDICATES NEGATIVE NUMBERS.
R  INDICATES RECORD WAS SET OR TIED.
MM INDICATES DATA IS MISSING.
T  INDICATES TRACE AMOUNT.




$$
