000
CDUS43 KPAH 160632
CLICGI


CLIMATE REPORT
NATIONAL WEATHER SERVICE PADUCAH KY
1229 AM CST TUE DEC 16 2014


...................................

...THE CAPE GIRARDEAU MO CLIMATE SUMMARY FOR DECEMBER 15 2014...

CLIMATE NORMAL PERIOD 1981 TO 2010
CLIMATE RECORD PERIOD 1960 TO 2014


WEATHER ITEM   OBSERVED TIME   RECORD YEAR NORMAL DEPARTURE LAST
                VALUE   (LST)  VALUE       VALUE  FROM      YEAR
                                                  NORMAL
..................................................................
TEMPERATURE (F)
 YESTERDAY
  MAXIMUM         MM        MM  69    1984  45     MM       33
  MINIMUM         MM        MM   1    1989  27     MM       28
  AVERAGE         MM                        36     MM

PRECIPITATION (IN)
  YESTERDAY        0.39          1.53 2007   0.14   0.25     0.00
  MONTH TO DATE    1.60                      2.18  -0.58     1.25
  SINCE DEC 1      1.60                      2.18  -0.58     1.25
  SINCE JAN 1     42.52                     44.74  -2.22    35.77

DEGREE DAYS
 HEATING
  YESTERDAY       MM                        29     MM       34
  MONTH TO DATE  342                       408    -66      498
  SINCE DEC 1    342                       408    -66      498
  SINCE JUL 1   1338                      1259     79     1404

 COOLING
  YESTERDAY       MM                         0     MM        0
  MONTH TO DATE    0                         0      0        0
  SINCE DEC 1      0                         0      0        0
  SINCE JAN 1   1424                      1453    -29     1441
..................................................................


WIND (MPH)
  HIGHEST WIND SPEED    23   HIGHEST WIND DIRECTION     W (261)
  HIGHEST GUST SPEED    28   HIGHEST GUST DIRECTION    SE (140)
  AVERAGE WIND SPEED    11.5


SKY COVER
  AVERAGE SKY COVER 0.7


WEATHER CONDITIONS
 THE FOLLOWING WEATHER WAS RECORDED YESTERDAY.
  RAIN
  LIGHT RAIN
  FOG
  HAZE


RELATIVE HUMIDITY (PERCENT)
 HIGHEST   100
 LOWEST     55
 AVERAGE    78

..........................................................


THE CAPE GIRARDEAU MO CLIMATE NORMALS FOR TODAY
                         NORMAL    RECORD    YEAR
 MAXIMUM TEMPERATURE (F)   44        66      1984
 MINIMUM TEMPERATURE (F)   27        -2      1989


SUNRISE AND SUNSET
DECEMBER 16 2014......SUNRISE   706 AM CST   SUNSET   442 PM CST
DECEMBER 17 2014......SUNRISE   706 AM CST   SUNSET   443 PM CST


-  INDICATES NEGATIVE NUMBERS.
R  INDICATES RECORD WAS SET OR TIED.
MM INDICATES DATA IS MISSING.
T  INDICATES TRACE AMOUNT.




$$
