000
CDUS43 KPAH 160627
CLICGI


CLIMATE REPORT
NATIONAL WEATHER SERVICE PADUCAH KY
1226 AM CST MON JAN 16 2017


...................................

...THE CAPE GIRARDEAU MO CLIMATE SUMMARY FOR JANUARY 15 2017...

CLIMATE NORMAL PERIOD 1981 TO 2010
CLIMATE RECORD PERIOD 1960 TO 2017


WEATHER ITEM   OBSERVED TIME   RECORD YEAR NORMAL DEPARTURE LAST
                VALUE   (LST)  VALUE       VALUE  FROM      YEAR
                                                  NORMAL
..................................................................
TEMPERATURE (F)
 YESTERDAY
  MAXIMUM         40   1159 PM  66    1990  42     -2       57
  MINIMUM         35    742 AM  -2    1979  24     11       35
  AVERAGE         38                        33      5

PRECIPITATION (IN)
  YESTERDAY        0.03          0.74 1997   0.10  -0.07     0.12
  MONTH TO DATE    1.77                      1.68   0.09     1.52
  SINCE DEC 1      5.11                      5.93  -0.82     3.91
  SINCE JAN 1      1.77                      1.68   0.09     1.52

DEGREE DAYS
 HEATING
  YESTERDAY       27                        32     -5       19
  MONTH TO DATE  453                       480    -27      439
  SINCE DEC 1   1344                      1380    -36     1001
  SINCE JUL 1   1921                      2231   -310     1651

 COOLING
  YESTERDAY        0                         0      0        0
  MONTH TO DATE    0                         0      0        0
  SINCE DEC 1      0                         0      0        2
  SINCE JAN 1      0                         0      0        0
..................................................................


WIND (MPH)
  HIGHEST WIND SPEED     9   HIGHEST WIND DIRECTION    NE (60)
  HIGHEST GUST SPEED    12   HIGHEST GUST DIRECTION    NE (40)
  AVERAGE WIND SPEED     5.8


SKY COVER
  AVERAGE SKY COVER 1.0


WEATHER CONDITIONS
 THE FOLLOWING WEATHER WAS RECORDED YESTERDAY.
  LIGHT RAIN
  FOG


RELATIVE HUMIDITY (PERCENT)
 HIGHEST   100
 LOWEST     85
 AVERAGE    93

..........................................................


THE CAPE GIRARDEAU MO CLIMATE NORMALS FOR TODAY
                         NORMAL    RECORD    YEAR
 MAXIMUM TEMPERATURE (F)   42        63      2012
 MINIMUM TEMPERATURE (F)   24       -12      1982


SUNRISE AND SUNSET
JANUARY 16 2017.......SUNRISE   711 AM CST   SUNSET   506 PM CST
JANUARY 17 2017.......SUNRISE   710 AM CST   SUNSET   507 PM CST


-  INDICATES NEGATIVE NUMBERS.
R  INDICATES RECORD WAS SET OR TIED.
MM INDICATES DATA IS MISSING.
T  INDICATES TRACE AMOUNT.




$$
