000
CDUS43 KPAH 312132
CLICGI


CLIMATE REPORT
NATIONAL WEATHER SERVICE PADUCAH KY
431 PM CDT SUN MAY 31 2015


...................................

...THE CAPE GIRARDEAU MO CLIMATE SUMMARY FOR MAY 31 2015...
VALID TODAY AS OF 0400 PM LOCAL TIME.

CLIMATE NORMAL PERIOD 1981 TO 2010
CLIMATE RECORD PERIOD 1960 TO 2015


WEATHER ITEM   OBSERVED TIME   RECORD YEAR NORMAL DEPARTURE LAST
                VALUE   (LST)  VALUE       VALUE  FROM      YEAR
                                                  NORMAL
..................................................................
TEMPERATURE (F)
 TODAY
  MAXIMUM         68   1245 AM  95    1969  82    -14       88
  MINIMUM         60    844 AM  44    1984  60      0       69
  AVERAGE         64                        71     -7

PRECIPITATION (IN)
  TODAY            T             1.88 1982   0.14  -0.14     0.00
  MONTH TO DATE    5.96                      5.46   0.50     4.93
  SINCE MAR 1     18.92                     14.22   4.70    15.25
  SINCE JAN 1     25.44                     21.10   4.34    18.39

DEGREE DAYS
 HEATING
  TODAY            1                         1      0        0
  MONTH TO DATE   57                        69    -12       78
  SINCE MAR 1    834                       889    -55     1016
  SINCE JUL 1   4612                      4386    226     4941

 COOLING
  TODAY            0                         7     -7       14
  MONTH TO DATE  149                       121     28      200
  SINCE MAR 1    177                       152     25      211
  SINCE JAN 1    177                       152     25      211
..................................................................


WIND (MPH)
  HIGHEST WIND SPEED    14   HIGHEST WIND DIRECTION     N (360)
  HIGHEST GUST SPEED    17   HIGHEST GUST DIRECTION     N (20)
  AVERAGE WIND SPEED     8.0


SKY COVER
  AVERAGE SKY COVER 1.0


WEATHER CONDITIONS
 THE FOLLOWING WEATHER WAS RECORDED TODAY.
  LIGHT RAIN


RELATIVE HUMIDITY (PERCENT)
 HIGHEST   100
 LOWEST     78
 AVERAGE    89

..........................................................


THE CAPE GIRARDEAU MO CLIMATE NORMALS FOR TOMORROW
                         NORMAL
 MAXIMUM TEMPERATURE (F)   83
 MINIMUM TEMPERATURE (F)   60


SUNRISE AND SUNSET
MAY 31 2015...........SUNRISE   540 AM CDT   SUNSET   812 PM CDT
JUNE  1 2015..........SUNRISE   540 AM CDT   SUNSET   813 PM CDT


-  INDICATES NEGATIVE NUMBERS.
R  INDICATES RECORD WAS SET OR TIED.
MM INDICATES DATA IS MISSING.
T  INDICATES TRACE AMOUNT.




$$
