948
CDUS43 KPAH 220630
CLICGI


CLIMATE REPORT
NATIONAL WEATHER SERVICE PADUCAH KY
1228 AM CST SUN JAN 22 2017


...................................

...THE CAPE GIRARDEAU MO CLIMATE SUMMARY FOR JANUARY 21 2017...

CLIMATE NORMAL PERIOD 1981 TO 2010
CLIMATE RECORD PERIOD 1960 TO 2017


WEATHER ITEM   OBSERVED TIME   RECORD YEAR NORMAL DEPARTURE LAST
                VALUE   (LST)  VALUE       VALUE  FROM      YEAR
                                                  NORMAL
..................................................................
TEMPERATURE (F)
 YESTERDAY
  MAXIMUM         67    156 PM  68    1999  43     24       31
  MINIMUM         46    426 AM  -9    1984  24     22       21
  AVERAGE         57                        33     24

PRECIPITATION (IN)
  YESTERDAY        0.00          4.87 1999   0.11  -0.11     0.00
  MONTH TO DATE    1.96                      2.33  -0.37     1.63
  SINCE DEC 1      5.30                      6.58  -1.28     4.02
  SINCE JAN 1      1.96                      2.33  -0.37     1.63

DEGREE DAYS
 HEATING
  YESTERDAY        8                        32    -24       39
  MONTH TO DATE  536                       672   -136      686
  SINCE DEC 1   1427                      1572   -145     1248
  SINCE JUL 1   2004                      2423   -419     1898

 COOLING
  YESTERDAY        0                         0      0        0
  MONTH TO DATE    0                         0      0        0
  SINCE DEC 1      0                         0      0        2
  SINCE JAN 1      0                         0      0        0
..................................................................


WIND (MPH)
  HIGHEST WIND SPEED    23   HIGHEST WIND DIRECTION     S (200)
  HIGHEST GUST SPEED    29   HIGHEST GUST DIRECTION     S (190)
  AVERAGE WIND SPEED     7.7


SKY COVER
  AVERAGE SKY COVER 0.0


WEATHER CONDITIONS
 THE FOLLOWING WEATHER WAS RECORDED YESTERDAY.
  FOG


RELATIVE HUMIDITY (PERCENT)
 HIGHEST    93
 LOWEST     63
 AVERAGE    78

..........................................................


THE CAPE GIRARDEAU MO CLIMATE NORMALS FOR TODAY
                         NORMAL    RECORD    YEAR
 MAXIMUM TEMPERATURE (F)   43        66      1967
 MINIMUM TEMPERATURE (F)   24        -2      1977


SUNRISE AND SUNSET
JANUARY 22 2017.......SUNRISE   708 AM CST   SUNSET   512 PM CST
JANUARY 23 2017.......SUNRISE   707 AM CST   SUNSET   513 PM CST


-  INDICATES NEGATIVE NUMBERS.
R  INDICATES RECORD WAS SET OR TIED.
MM INDICATES DATA IS MISSING.
T  INDICATES TRACE AMOUNT.




$$
