000
CDUS43 KPAH 270633
CLICGI


CLIMATE REPORT
NATIONAL WEATHER SERVICE PADUCAH KY
128 AM CDT FRI MAY 27 2016


...................................

...THE CAPE GIRARDEAU MO CLIMATE SUMMARY FOR MAY 26 2016...

CLIMATE NORMAL PERIOD 1981 TO 2010
CLIMATE RECORD PERIOD 1960 TO 2016


WEATHER ITEM   OBSERVED TIME   RECORD YEAR NORMAL DEPARTURE LAST
                VALUE   (LST)  VALUE       VALUE  FROM      YEAR
                                                  NORMAL
..................................................................
TEMPERATURE (F)
 YESTERDAY
  MAXIMUM         78   1037 AM  96    2012  81     -3       77
  MINIMUM         65    309 PM  43    1988  59      6       67
  AVERAGE         72                        70      2

PRECIPITATION (IN)
  YESTERDAY        3.69          5.50 1973   0.15   3.54      T
  MONTH TO DATE    7.11                      4.73   2.38     5.62
  SINCE MAR 1     17.27                     13.49   3.78    18.58
  SINCE JAN 1     22.05                     20.37   1.68    25.10

DEGREE DAYS
 HEATING
  YESTERDAY        0                         1     -1        0
  MONTH TO DATE  100                        64     36       56
  SINCE MAR 1    679                       885   -206      833
  SINCE JUL 1   3571                      4382   -811     4611

 COOLING
  YESTERDAY        7                         6      1        7
  MONTH TO DATE   54                        90    -36      117
  SINCE MAR 1     72                       121    -49      145
  SINCE JAN 1     72                       121    -49      145
..................................................................


WIND (MPH)
  HIGHEST WIND SPEED    24   HIGHEST WIND DIRECTION     E (110)
  HIGHEST GUST SPEED    32   HIGHEST GUST DIRECTION     E (110)
  AVERAGE WIND SPEED    10.4


SKY COVER
  AVERAGE SKY COVER 0.7


WEATHER CONDITIONS
 THE FOLLOWING WEATHER WAS RECORDED YESTERDAY.
  THUNDERSTORM
  HEAVY RAIN
  RAIN
  LIGHT RAIN
  FOG
  FOG W/VISIBILITY <= 1/4 MILE


RELATIVE HUMIDITY (PERCENT)
 HIGHEST   100
 LOWEST     78
 AVERAGE    89

..........................................................


THE CAPE GIRARDEAU MO CLIMATE NORMALS FOR TODAY
                         NORMAL    RECORD    YEAR
 MAXIMUM TEMPERATURE (F)   81        95      2012
 MINIMUM TEMPERATURE (F)   59        36      1961


SUNRISE AND SUNSET
MAY 27 2016...........SUNRISE   542 AM CDT   SUNSET   810 PM CDT
MAY 28 2016...........SUNRISE   541 AM CDT   SUNSET   811 PM CDT


-  INDICATES NEGATIVE NUMBERS.
R  INDICATES RECORD WAS SET OR TIED.
MM INDICATES DATA IS MISSING.
T  INDICATES TRACE AMOUNT.




$$
