006
CDUS43 KPAH 060635
CLICGI


CLIMATE REPORT
NATIONAL WEATHER SERVICE PADUCAH KY
1232 AM CST SAT FEB 6 2016


...................................

...THE CAPE GIRARDEAU MO CLIMATE SUMMARY FOR FEBRUARY 5 2016...

CLIMATE NORMAL PERIOD 1981 TO 2010
CLIMATE RECORD PERIOD 1960 TO 2016


WEATHER ITEM   OBSERVED TIME   RECORD YEAR NORMAL DEPARTURE LAST
                VALUE   (LST)  VALUE       VALUE  FROM      YEAR
                                                  NORMAL
..................................................................
TEMPERATURE (F)
 YESTERDAY
  MAXIMUM         50    245 PM  72    2008  45      5       32
  MINIMUM         20    340 AM   3    1979  26     -6       15
  AVERAGE         35                        35      0

PRECIPITATION (IN)
  YESTERDAY        0.00          2.26 2008   0.13  -0.13     0.00
  MONTH TO DATE    0.03                      0.63  -0.60     0.73
  SINCE DEC 1      4.08                      8.35  -4.27     8.31
  SINCE JAN 1      1.69                      4.10  -2.41     5.50

DEGREE DAYS
 HEATING
  YESTERDAY       30                        30      0       41
  MONTH TO DATE  102                       151    -49      165
  SINCE DEC 1   1617                      2038   -421     1878
  SINCE JUL 1   2267                      2889   -622     2874

 COOLING
  YESTERDAY        0                         0      0        0
  MONTH TO DATE    0                         0      0        0
  SINCE DEC 1      2                         0      2        0
  SINCE JAN 1      0                         0      0        0
..................................................................


WIND (MPH)
  HIGHEST WIND SPEED    14   HIGHEST WIND DIRECTION     W (250)
  HIGHEST GUST SPEED    19   HIGHEST GUST DIRECTION    SW (240)
  AVERAGE WIND SPEED     3.7


SKY COVER
  AVERAGE SKY COVER 0.0


WEATHER CONDITIONS
 THE FOLLOWING WEATHER WAS RECORDED YESTERDAY.
  NO SIGNIFICANT WEATHER WAS OBSERVED.


RELATIVE HUMIDITY (PERCENT)
 HIGHEST    96
 LOWEST     34
 AVERAGE    65

..........................................................


THE CAPE GIRARDEAU MO CLIMATE NORMALS FOR TODAY
                         NORMAL    RECORD    YEAR
 MAXIMUM TEMPERATURE (F)   45        62      1999
 MINIMUM TEMPERATURE (F)   26        -2      1978


SUNRISE AND SUNSET
FEBRUARY  6 2016......SUNRISE   657 AM CST   SUNSET   528 PM CST
FEBRUARY  7 2016......SUNRISE   656 AM CST   SUNSET   529 PM CST


-  INDICATES NEGATIVE NUMBERS.
R  INDICATES RECORD WAS SET OR TIED.
MM INDICATES DATA IS MISSING.
T  INDICATES TRACE AMOUNT.




$$
