000
CDUS43 KPAH 262132
CLICGI


CLIMATE REPORT
NATIONAL WEATHER SERVICE PADUCAH KY
431 PM CDT SUN OCT 26 2014


...................................

...THE CAPE GIRARDEAU MO CLIMATE SUMMARY FOR OCTOBER 26 2014...
VALID TODAY AS OF 0400 PM LOCAL TIME.

CLIMATE NORMAL PERIOD 1981 TO 2010
CLIMATE RECORD PERIOD 1960 TO 2014


WEATHER ITEM   OBSERVED TIME   RECORD YEAR NORMAL DEPARTURE LAST
                VALUE   (LST)  VALUE       VALUE  FROM      YEAR
                                                  NORMAL
..................................................................
TEMPERATURE (F)
 TODAY
  MAXIMUM         83    200 PM  85    1963  67     16       60
  MINIMUM         50        MM  29    1982  42      8       35
  AVERAGE         67                        55     12

PRECIPITATION (IN)
  TODAY            0.00          0.95 2011   0.13  -0.13     0.00
  MONTH TO DATE    3.93                      3.15   0.78     2.58
  SINCE SEP 1      5.98                      6.43  -0.45     3.02
  SINCE JAN 1     38.28                     37.48   0.80    31.25

DEGREE DAYS
 HEATING
  TODAY            0                        11    -11       17
  MONTH TO DATE  147                       198    -51      210
  SINCE SEP 1    193                       246    -53      220
  SINCE JUL 1    193                       247    -54      221

 COOLING
  TODAY            2                         0      2        0
  MONTH TO DATE   31                        29      2       44
  SINCE SEP 1    176                       191    -15      256
  SINCE JAN 1   1415                      1451    -36     1437
..................................................................


WIND (MPH)
  HIGHEST WIND SPEED    10   HIGHEST WIND DIRECTION     S (180)
  HIGHEST GUST SPEED    MM   HIGHEST GUST DIRECTION    MM
  AVERAGE WIND SPEED     3.4


SKY COVER
  AVERAGE SKY COVER 0.2


WEATHER CONDITIONS
 THE FOLLOWING WEATHER WAS RECORDED TODAY.
  FOG
  FOG W/VISIBILITY <= 1/4 MILE


RELATIVE HUMIDITY (PERCENT)
 HIGHEST   100
 LOWEST     44
 AVERAGE    72

..........................................................


THE CAPE GIRARDEAU MO CLIMATE NORMALS FOR TOMORROW
                         NORMAL
 MAXIMUM TEMPERATURE (F)   67
 MINIMUM TEMPERATURE (F)   42


SUNRISE AND SUNSET
OCTOBER 26 2014.......SUNRISE   717 AM CDT   SUNSET   607 PM CDT
OCTOBER 27 2014.......SUNRISE   718 AM CDT   SUNSET   606 PM CDT


-  INDICATES NEGATIVE NUMBERS.
R  INDICATES RECORD WAS SET OR TIED.
MM INDICATES DATA IS MISSING.
T  INDICATES TRACE AMOUNT.




$$
