000
CDUS43 KPAH 270634
CLICGI


CLIMATE REPORT
NATIONAL WEATHER SERVICE PADUCAH KY
132 AM CDT FRI MAR 27 2015


...................................

...THE CAPE GIRARDEAU MO CLIMATE SUMMARY FOR MARCH 26 2015...

CLIMATE NORMAL PERIOD 1981 TO 2010
CLIMATE RECORD PERIOD 1960 TO 2015


WEATHER ITEM   OBSERVED TIME   RECORD YEAR NORMAL DEPARTURE LAST
                VALUE   (LST)  VALUE       VALUE  FROM      YEAR
                                                  NORMAL
..................................................................
TEMPERATURE (F)
 YESTERDAY
  MAXIMUM         51   1209 AM  82    2007  62    -11       50
  MINIMUM         33   1159 PM  20    2014  39     -6       20
  AVERAGE         42                        50     -8

PRECIPITATION (IN)
  YESTERDAY        0.54          1.35 1994   0.16   0.38     0.01
  MONTH TO DATE    8.79                      3.62   5.17     1.81
  SINCE MAR 1      8.79                      3.62   5.17     1.81
  SINCE JAN 1     15.31                     10.50   4.81     4.95

DEGREE DAYS
 HEATING
  YESTERDAY       23                        15      8       30
  MONTH TO DATE  510                       489     21      640
  SINCE MAR 1    510                       489     21      640
  SINCE JUL 1   4288                      3986    302     4565

 COOLING
  YESTERDAY        0                         0      0        0
  MONTH TO DATE    0                         0      0        0
  SINCE MAR 1      0                         0      0        0
  SINCE JAN 1      0                         0      0        0
..................................................................


WIND (MPH)
  HIGHEST WIND SPEED    23   HIGHEST WIND DIRECTION     N (360)
  HIGHEST GUST SPEED    27   HIGHEST GUST DIRECTION     N (340)
  AVERAGE WIND SPEED    11.0


SKY COVER
  AVERAGE SKY COVER 0.7


WEATHER CONDITIONS
 THE FOLLOWING WEATHER WAS RECORDED YESTERDAY.
  RAIN
  LIGHT RAIN
  FOG


RELATIVE HUMIDITY (PERCENT)
 HIGHEST   100
 LOWEST     56
 AVERAGE    78

..........................................................


THE CAPE GIRARDEAU MO CLIMATE NORMALS FOR TODAY
                         NORMAL    RECORD    YEAR
 MAXIMUM TEMPERATURE (F)   62        82      2007
 MINIMUM TEMPERATURE (F)   39        19      2001


SUNRISE AND SUNSET
MARCH 27 2015.........SUNRISE   652 AM CDT   SUNSET   716 PM CDT
MARCH 28 2015.........SUNRISE   650 AM CDT   SUNSET   717 PM CDT


-  INDICATES NEGATIVE NUMBERS.
R  INDICATES RECORD WAS SET OR TIED.
MM INDICATES DATA IS MISSING.
T  INDICATES TRACE AMOUNT.




$$
