000
CDUS43 KPAH 300630
CLICGI


CLIMATE REPORT
NATIONAL WEATHER SERVICE PADUCAH KY
127 AM CDT THU JUL 30 2015


...................................

...THE CAPE GIRARDEAU MO CLIMATE SUMMARY FOR JULY 29 2015...

CLIMATE NORMAL PERIOD 1981 TO 2010
CLIMATE RECORD PERIOD 1960 TO 2015


WEATHER ITEM   OBSERVED TIME   RECORD YEAR NORMAL DEPARTURE LAST
                VALUE   (LST)  VALUE       VALUE  FROM      YEAR
                                                  NORMAL
..................................................................
TEMPERATURE (F)
 YESTERDAY
  MAXIMUM         96        MM  98    1999  89      7       80
  MINIMUM         75        MM  56    2014  67      8       56
                                      1994
  AVERAGE         86                        78      8

PRECIPITATION (IN)
  YESTERDAY        0.41          1.36 1987   0.11   0.30     0.00
  MONTH TO DATE    9.63                      3.15   6.48     2.92
  SINCE JUN 1     13.95                      6.72   7.23    10.42
  SINCE JAN 1     39.39                     27.82  11.57    28.81

DEGREE DAYS
 HEATING
  YESTERDAY        0                         0      0        0
  MONTH TO DATE    0                         0      0        0
  SINCE JUN 1      5                         4      1        0
  SINCE JUL 1      0                         0      0        0

 COOLING
  YESTERDAY       21                        13      8        3
  MONTH TO DATE  443                       399     44      268
  SINCE JUN 1    824                       711    113      627
  SINCE JAN 1   1001                       863    138      838
..................................................................


WIND (MPH)
  HIGHEST WIND SPEED     8   HIGHEST WIND DIRECTION     W (250)
  HIGHEST GUST SPEED    MM   HIGHEST GUST DIRECTION    MM
  AVERAGE WIND SPEED     3.6


SKY COVER
  AVERAGE SKY COVER 0.1


WEATHER CONDITIONS
 THE FOLLOWING WEATHER WAS RECORDED YESTERDAY.
  THUNDERSTORM
  RAIN
  LIGHT RAIN


RELATIVE HUMIDITY (PERCENT)
 HIGHEST   100
 LOWEST     53
 AVERAGE    77

..........................................................


THE CAPE GIRARDEAU MO CLIMATE NORMALS FOR TODAY
                         NORMAL    RECORD    YEAR
 MAXIMUM TEMPERATURE (F)   89       100      1970
 MINIMUM TEMPERATURE (F)   67        54      1965


SUNRISE AND SUNSET
JULY 30 2015..........SUNRISE   601 AM CDT   SUNSET   808 PM CDT
JULY 31 2015..........SUNRISE   602 AM CDT   SUNSET   807 PM CDT


-  INDICATES NEGATIVE NUMBERS.
R  INDICATES RECORD WAS SET OR TIED.
MM INDICATES DATA IS MISSING.
T  INDICATES TRACE AMOUNT.




$$
