000
CDUS43 KPAH 210632
CLICGI


CLIMATE REPORT
NATIONAL WEATHER SERVICE PADUCAH KY
129 AM CDT SAT MAY 21 2016


...................................

...THE CAPE GIRARDEAU MO CLIMATE SUMMARY FOR MAY 20 2016...

CLIMATE NORMAL PERIOD 1981 TO 2010
CLIMATE RECORD PERIOD 1960 TO 2016


WEATHER ITEM   OBSERVED TIME   RECORD YEAR NORMAL DEPARTURE LAST
                VALUE   (LST)  VALUE       VALUE  FROM      YEAR
                                                  NORMAL
..................................................................
TEMPERATURE (F)
 YESTERDAY
  MAXIMUM         71    231 PM  93    1975  79     -8       58
  MINIMUM         56    528 AM  42    2007  57     -1       49
  AVERAGE         64                        68     -4

PRECIPITATION (IN)
  YESTERDAY        0.09          1.09 2010   0.16  -0.07     0.69
  MONTH TO DATE    3.33                      3.77  -0.44     5.06
  SINCE MAR 1     13.49                     12.53   0.96    18.02
  SINCE JAN 1     18.27                     19.41  -1.14    24.54

DEGREE DAYS
 HEATING
  YESTERDAY        1                         2     -1       11
  MONTH TO DATE  100                        57     43       36
  SINCE MAR 1    679                       878   -199      813
  SINCE JUL 1   3571                      4375   -804     4591

 COOLING
  YESTERDAY        0                         5     -5        0
  MONTH TO DATE   32                        59    -27       88
  SINCE MAR 1     50                        90    -40      116
  SINCE JAN 1     50                        90    -40      116
..................................................................


WIND (MPH)
  HIGHEST WIND SPEED    12   HIGHEST WIND DIRECTION     N (350)
  HIGHEST GUST SPEED    13   HIGHEST GUST DIRECTION     N (350)
  AVERAGE WIND SPEED     3.6


SKY COVER
  AVERAGE SKY COVER 0.9


WEATHER CONDITIONS
 THE FOLLOWING WEATHER WAS RECORDED YESTERDAY.
  LIGHT RAIN


RELATIVE HUMIDITY (PERCENT)
 HIGHEST   100
 LOWEST     53
 AVERAGE    77

..........................................................


THE CAPE GIRARDEAU MO CLIMATE NORMALS FOR TODAY
                         NORMAL    RECORD    YEAR
 MAXIMUM TEMPERATURE (F)   79        95      1987
 MINIMUM TEMPERATURE (F)   57        43      1968


SUNRISE AND SUNSET
MAY 21 2016...........SUNRISE   545 AM CDT   SUNSET   805 PM CDT
MAY 22 2016...........SUNRISE   544 AM CDT   SUNSET   806 PM CDT


-  INDICATES NEGATIVE NUMBERS.
R  INDICATES RECORD WAS SET OR TIED.
MM INDICATES DATA IS MISSING.
T  INDICATES TRACE AMOUNT.




$$
