000
CDUS43 KPAH 280634
CLICGI


CLIMATE REPORT
NATIONAL WEATHER SERVICE PADUCAH KY
130 AM CDT SUN SEP 28 2014


...................................

...THE CAPE GIRARDEAU MO CLIMATE SUMMARY FOR SEPTEMBER 27 2014...

CLIMATE NORMAL PERIOD 1981 TO 2010
CLIMATE RECORD PERIOD 1960 TO 2014


WEATHER ITEM   OBSERVED TIME   RECORD YEAR NORMAL DEPARTURE LAST
                VALUE   (LST)  VALUE       VALUE  FROM      YEAR
                                                  NORMAL
..................................................................
TEMPERATURE (F)
 YESTERDAY
  MAXIMUM         86    242 PM  93    1998  77      9       83
  MINIMUM         55    549 AM  36    2001  51      4       56
  AVERAGE         71                        64      7

PRECIPITATION (IN)
  YESTERDAY        0.00          1.72 1964   0.11  -0.11     0.00
  MONTH TO DATE    2.05                      2.96  -0.91     0.44
  SINCE SEP 1      2.05                      2.96  -0.91     0.44
  SINCE JAN 1     34.35                     34.01   0.34    28.67

DEGREE DAYS
 HEATING
  YESTERDAY        0                         4     -4        0
  MONTH TO DATE   46                        33     13       10
  SINCE SEP 1     46                        33     13       10
  SINCE JUL 1     46                        34     12       11

 COOLING
  YESTERDAY        6                         3      3        5
  MONTH TO DATE  132                       155    -23      198
  SINCE SEP 1    132                       155    -23      198
  SINCE JAN 1   1371                      1415    -44     1379
..................................................................


WIND (MPH)
  HIGHEST WIND SPEED    12   HIGHEST WIND DIRECTION     E (90)
  HIGHEST GUST SPEED    14   HIGHEST GUST DIRECTION     E (90)
  AVERAGE WIND SPEED     2.4


SKY COVER
  AVERAGE SKY COVER 0.1


WEATHER CONDITIONS
 THE FOLLOWING WEATHER WAS RECORDED YESTERDAY.
  FOG
  FOG W/VISIBILITY <= 1/4 MILE
  HAZE


RELATIVE HUMIDITY (PERCENT)
 HIGHEST   100
 LOWEST     34
 AVERAGE    67

..........................................................


THE CAPE GIRARDEAU MO CLIMATE NORMALS FOR TODAY
                         NORMAL    RECORD    YEAR
 MAXIMUM TEMPERATURE (F)   77        92      1999
 MINIMUM TEMPERATURE (F)   51        40      2003


SUNRISE AND SUNSET
SEPTEMBER 28 2014.....SUNRISE   651 AM CDT   SUNSET   646 PM CDT
SEPTEMBER 29 2014.....SUNRISE   652 AM CDT   SUNSET   645 PM CDT


-  INDICATES NEGATIVE NUMBERS.
R  INDICATES RECORD WAS SET OR TIED.
MM INDICATES DATA IS MISSING.
T  INDICATES TRACE AMOUNT.




$$
