000
CDUS43 KPAH 252132
CLICGI


CLIMATE REPORT
NATIONAL WEATHER SERVICE PADUCAH KY
429 PM CDT TUE APR 25 2017


...................................

...THE CAPE GIRARDEAU MO CLIMATE SUMMARY FOR APRIL 25 2017...
VALID TODAY AS OF 0400 PM LOCAL TIME.

CLIMATE NORMAL PERIOD 1981 TO 2010
CLIMATE RECORD PERIOD 1960 TO 2017


WEATHER ITEM   OBSERVED TIME   RECORD YEAR NORMAL DEPARTURE LAST
                VALUE   (LST)  VALUE       VALUE  FROM      YEAR
                                                  NORMAL
..................................................................
TEMPERATURE (F)
 TODAY
  MAXIMUM         78    259 PM  88    1989  72      6       82
  MINIMUM         52    502 AM  33    2013  49      3       59
  AVERAGE         65                        60      5

PRECIPITATION (IN)
  TODAY            0.00          4.69 2011   0.16  -0.16     0.00
  MONTH TO DATE    5.78                      3.54   2.24     3.34
  SINCE MAR 1      8.59                      7.94   0.65     8.80
  SINCE JAN 1     11.61                     14.82  -3.21    13.58

DEGREE DAYS
 HEATING
  TODAY            0                         6     -6        0
  MONTH TO DATE  133                       238   -105      184
  SINCE MAR 1    615                       797   -182      572
  SINCE JUL 1   3350                      4294   -944     3464

 COOLING
  TODAY            0                         1     -1        6
  MONTH TO DATE   29                        19     10        9
  SINCE MAR 1     32                        23      9        9
  SINCE JAN 1     32                        23      9        9
..................................................................


WIND (MPH)
  HIGHEST WIND SPEED    21   HIGHEST WIND DIRECTION     S (170)
  HIGHEST GUST SPEED    27   HIGHEST GUST DIRECTION     S (160)
  AVERAGE WIND SPEED     7.0


SKY COVER
  AVERAGE SKY COVER 0.0


WEATHER CONDITIONS
 THE FOLLOWING WEATHER WAS RECORDED TODAY.
  FOG


RELATIVE HUMIDITY (PERCENT)
 HIGHEST    93
 LOWEST     42
 AVERAGE    68

..........................................................


THE CAPE GIRARDEAU MO CLIMATE NORMALS FOR TOMORROW
                         NORMAL
 MAXIMUM TEMPERATURE (F)   72
 MINIMUM TEMPERATURE (F)   49


SUNRISE AND SUNSET
APRIL 25 2017.........SUNRISE   610 AM CDT   SUNSET   743 PM CDT
APRIL 26 2017.........SUNRISE   609 AM CDT   SUNSET   744 PM CDT


-  INDICATES NEGATIVE NUMBERS.
R  INDICATES RECORD WAS SET OR TIED.
MM INDICATES DATA IS MISSING.
T  INDICATES TRACE AMOUNT.




$$
