000
CDUS43 KPAH 112150
CLICGI


CLIMATE REPORT
NATIONAL WEATHER SERVICE PADUCAH KY
445 PM CDT FRI APR 11 2014


...................................

...THE CAPE GIRARDEAU MO CLIMATE SUMMARY FOR APRIL 11 2014...
VALID TODAY AS OF 0400 PM LOCAL TIME.

CLIMATE NORMAL PERIOD 1981 TO 2010
CLIMATE RECORD PERIOD 1960 TO 2014


WEATHER ITEM   OBSERVED TIME   RECORD YEAR NORMAL DEPARTURE LAST
                VALUE   (LST)  VALUE       VALUE  FROM      YEAR
                                                  NORMAL
..................................................................
TEMPERATURE (F)
 TODAY
  MAXIMUM         72   1225 PM  85    1977  67      5       66
  MINIMUM         52    615 AM  26    1989  44      8       38
  AVERAGE         62                        56      6

PRECIPITATION (IN)
  TODAY            T             1.56 1979   0.13  -0.13     0.13
  MONTH TO DATE    2.66                      1.49   1.17     0.73
  SINCE MAR 1      4.97                      5.89  -0.92     3.28
  SINCE JAN 1      8.11                     12.77  -4.66     9.90

DEGREE DAYS
 HEATING
  TODAY            3                        10     -7       13
  MONTH TO DATE   94                       128    -34      121
  SINCE MAR 1    812                       687    125      843
  SINCE JUL 1   4737                      4184    553     4082

 COOLING
  TODAY            0                         1     -1        0
  MONTH TO DATE    4                         5     -1       17
  SINCE MAR 1      4                         9     -5       17
  SINCE JAN 1      4                         9     -5       17
..................................................................


WIND (MPH)
  HIGHEST WIND SPEED    21   HIGHEST WIND DIRECTION    SW (210)
  HIGHEST GUST SPEED    28   HIGHEST GUST DIRECTION    SW (210)
  AVERAGE WIND SPEED     4.7


SKY COVER
  AVERAGE SKY COVER 0.1


WEATHER CONDITIONS
 THE FOLLOWING WEATHER WAS RECORDED TODAY.
  THUNDERSTORM
  LIGHT RAIN


RELATIVE HUMIDITY (PERCENT)
 HIGHEST    89
 LOWEST     53
 AVERAGE    71

..........................................................


THE CAPE GIRARDEAU MO CLIMATE NORMALS FOR TOMORROW
                         NORMAL
 MAXIMUM TEMPERATURE (F)   68
 MINIMUM TEMPERATURE (F)   44


SUNRISE AND SUNSET
APRIL 11 2014.........SUNRISE   629 AM CDT   SUNSET   730 PM CDT
APRIL 12 2014.........SUNRISE   628 AM CDT   SUNSET   731 PM CDT


-  INDICATES NEGATIVE NUMBERS.
R  INDICATES RECORD WAS SET OR TIED.
MM INDICATES DATA IS MISSING.
T  INDICATES TRACE AMOUNT.




$$
