000
CDUS43 KPAH 180631
CLICGI


CLIMATE REPORT
NATIONAL WEATHER SERVICE PADUCAH KY
130 AM CDT THU SEP 18 2014


...................................

...THE CAPE GIRARDEAU MO CLIMATE SUMMARY FOR SEPTEMBER 17 2014...

CLIMATE NORMAL PERIOD 1981 TO 2010
CLIMATE RECORD PERIOD 1960 TO 2014


WEATHER ITEM   OBSERVED TIME   RECORD YEAR NORMAL DEPARTURE LAST
                VALUE   (LST)  VALUE       VALUE  FROM      YEAR
                                                  NORMAL
..................................................................
TEMPERATURE (F)
 YESTERDAY
  MAXIMUM         67    330 PM  92    1983  81    -14       84
  MINIMUM         47    449 AM  39    2000  56     -9       63
  AVERAGE         57                        68    -11

PRECIPITATION (IN)
  YESTERDAY        0.04          2.34 1964   0.11  -0.07     0.00
  MONTH TO DATE    2.05                      1.90   0.15      T
  SINCE SEP 1      2.05                      1.90   0.15      T
  SINCE JAN 1     34.35                     32.95   1.40    28.23

DEGREE DAYS
 HEATING
  YESTERDAY        8                         1      7        0
  MONTH TO DATE   32                         7     25        3
  SINCE SEP 1     32                         7     25        3
  SINCE JUL 1     32                         8     24        4

 COOLING
  YESTERDAY        0                         5     -5        9
  MONTH TO DATE  108                       119    -11      144
  SINCE SEP 1    108                       119    -11      144
  SINCE JAN 1   1347                      1379    -32     1325
..................................................................


WIND (MPH)
  HIGHEST WIND SPEED    16   HIGHEST WIND DIRECTION     W (280)
  HIGHEST GUST SPEED    21   HIGHEST GUST DIRECTION     W (280)
  AVERAGE WIND SPEED     2.9


SKY COVER
  AVERAGE SKY COVER 0.6


WEATHER CONDITIONS
 THE FOLLOWING WEATHER WAS RECORDED YESTERDAY.
  RAIN
  LIGHT RAIN
  FOG
  FOG W/VISIBILITY <= 1/4 MILE


RELATIVE HUMIDITY (PERCENT)
 HIGHEST   100
 LOWEST     73
 AVERAGE    87

..........................................................


THE CAPE GIRARDEAU MO CLIMATE NORMALS FOR TODAY
                         NORMAL    RECORD    YEAR
 MAXIMUM TEMPERATURE (F)   80        93      1965
 MINIMUM TEMPERATURE (F)   55        43      1981


SUNRISE AND SUNSET
SEPTEMBER 18 2014.....SUNRISE   643 AM CDT   SUNSET   701 PM CDT
SEPTEMBER 19 2014.....SUNRISE   644 AM CDT   SUNSET   700 PM CDT


-  INDICATES NEGATIVE NUMBERS.
R  INDICATES RECORD WAS SET OR TIED.
MM INDICATES DATA IS MISSING.
T  INDICATES TRACE AMOUNT.




$$
