000
CDUS43 KPAH 172126
CLICGI


CLIMATE REPORT
NATIONAL WEATHER SERVICE PADUCAH KY
425 PM CDT THU AUG 17 2017


...................................

...THE CAPE GIRARDEAU MO CLIMATE SUMMARY FOR AUGUST 17 2017...
VALID TODAY AS OF 0400 PM LOCAL TIME.

CLIMATE NORMAL PERIOD 1981 TO 2010
CLIMATE RECORD PERIOD 1960 TO 2017


WEATHER ITEM   OBSERVED TIME   RECORD YEAR NORMAL DEPARTURE LAST
                VALUE   (LST)  VALUE       VALUE  FROM      YEAR
                                                  NORMAL
..................................................................
TEMPERATURE (F)
 TODAY
  MAXIMUM         83    257 PM 102    1988  89     -6       82
  MINIMUM         71   1227 AM  52    2008  66      5       71
  AVERAGE         77                        77      0

PRECIPITATION (IN)
  TODAY            0.04          0.79 1989   0.09  -0.05     0.01
  MONTH TO DATE    2.21                      1.61   0.60     4.84
  SINCE JUN 1      6.53                      8.54  -2.01    12.00
  SINCE JAN 1     25.75                     29.64  -3.89    35.28

DEGREE DAYS
 HEATING
  TODAY            0                         0      0        0
  MONTH TO DATE    0                         0      0        0
  SINCE JUN 1      0                         4     -4        0
  SINCE JUL 1      0                         0      0        0

 COOLING
  TODAY           12                        12      0       12
  MONTH TO DATE  150                       219    -69      247
  SINCE JUN 1    899                       953    -54     1134
  SINCE JAN 1   1074                      1105    -31     1255
..................................................................


WIND (MPH)
  HIGHEST WIND SPEED    16   HIGHEST WIND DIRECTION    SW (210)
  HIGHEST GUST SPEED    24   HIGHEST GUST DIRECTION    SW (210)
  AVERAGE WIND SPEED     8.1


SKY COVER
  AVERAGE SKY COVER 0.7


WEATHER CONDITIONS
 THE FOLLOWING WEATHER WAS RECORDED TODAY.
  LIGHT RAIN
  FOG


RELATIVE HUMIDITY (PERCENT)
 HIGHEST    94
 LOWEST     69
 AVERAGE    82

..........................................................


THE CAPE GIRARDEAU MO CLIMATE NORMALS FOR TOMORROW
                         NORMAL
 MAXIMUM TEMPERATURE (F)   89
 MINIMUM TEMPERATURE (F)   65


SUNRISE AND SUNSET
AUGUST 17 2017........SUNRISE   617 AM CDT   SUNSET   747 PM CDT
AUGUST 18 2017........SUNRISE   617 AM CDT   SUNSET   746 PM CDT


-  INDICATES NEGATIVE NUMBERS.
R  INDICATES RECORD WAS SET OR TIED.
MM INDICATES DATA IS MISSING.
T  INDICATES TRACE AMOUNT.




$$
