000
CDUS43 KPAH 280636
CLICGI


CLIMATE REPORT
NATIONAL WEATHER SERVICE PADUCAH KY
132 AM CDT WED JUN 28 2017


...................................

...THE CAPE GIRARDEAU MO CLIMATE SUMMARY FOR JUNE 27 2017...

CLIMATE NORMAL PERIOD 1981 TO 2010
CLIMATE RECORD PERIOD 1960 TO 2017


WEATHER ITEM   OBSERVED TIME   RECORD YEAR NORMAL DEPARTURE LAST
                VALUE   (LST)  VALUE       VALUE  FROM      YEAR
                                                  NORMAL
..................................................................
TEMPERATURE (F)
 YESTERDAY
  MAXIMUM         81    403 PM  99    1971  89     -8       90
  MINIMUM         57    511 AM  53    2012  67    -10       69
  AVERAGE         69                        78     -9

PRECIPITATION (IN)
  YESTERDAY        0.00          0.91 1960   0.11  -0.11     0.00
  MONTH TO DATE    2.95                      3.23  -0.28     1.12
  SINCE JUN 1      2.95                      3.23  -0.28     1.12
  SINCE JAN 1     22.17                     24.33  -2.16    24.40

DEGREE DAYS
 HEATING
  YESTERDAY        0                         0      0        0
  MONTH TO DATE    0                         1     -1        0
  SINCE JUN 1      0                         1     -1        0
  SINCE JUL 1   3430                      4387   -957     3571

 COOLING
  YESTERDAY        4                        13     -9       15
  MONTH TO DATE  275                       271      4      380
  SINCE JUN 1    275                       271      4      380
  SINCE JAN 1    450                       423     27      501
..................................................................


WIND (MPH)
  HIGHEST WIND SPEED    10   HIGHEST WIND DIRECTION    NE (60)
  HIGHEST GUST SPEED    14   HIGHEST GUST DIRECTION    SE (120)
  AVERAGE WIND SPEED     4.6


SKY COVER
  AVERAGE SKY COVER 0.0


WEATHER CONDITIONS
 THE FOLLOWING WEATHER WAS RECORDED YESTERDAY.
  NO SIGNIFICANT WEATHER WAS OBSERVED.


RELATIVE HUMIDITY (PERCENT)
 HIGHEST    93
 LOWEST     42
 AVERAGE    68

..........................................................


THE CAPE GIRARDEAU MO CLIMATE NORMALS FOR TODAY
                         NORMAL    RECORD    YEAR
 MAXIMUM TEMPERATURE (F)   89       103      2012
 MINIMUM TEMPERATURE (F)   67        55      1974


SUNRISE AND SUNSET
JUNE 28 2017..........SUNRISE   541 AM CDT   SUNSET   823 PM CDT
JUNE 29 2017..........SUNRISE   541 AM CDT   SUNSET   823 PM CDT


-  INDICATES NEGATIVE NUMBERS.
R  INDICATES RECORD WAS SET OR TIED.
MM INDICATES DATA IS MISSING.
T  INDICATES TRACE AMOUNT.




$$
