000
CDUS43 KPAH 280634
CLICGI


CLIMATE REPORT
NATIONAL WEATHER SERVICE PADUCAH KY
130 AM CDT THU JUL 28 2016


...................................

...THE CAPE GIRARDEAU MO CLIMATE SUMMARY FOR JULY 27 2016...

CLIMATE NORMAL PERIOD 1981 TO 2010
CLIMATE RECORD PERIOD 1960 TO 2016


WEATHER ITEM   OBSERVED TIME   RECORD YEAR NORMAL DEPARTURE LAST
                VALUE   (LST)  VALUE       VALUE  FROM      YEAR
                                                  NORMAL
..................................................................
TEMPERATURE (F)
 YESTERDAY
  MAXIMUM         93    449 PM  99    1993  89      4       92
  MINIMUM         72    506 AM  49    1962  68      4       74
  AVERAGE         83                        78      5

PRECIPITATION (IN)
  YESTERDAY        0.64R         0.50 1980   0.10   0.54     0.01
  MONTH TO DATE    4.85                      2.94   1.91     9.22
  SINCE JUN 1      6.13                      6.51  -0.38    13.54
  SINCE JAN 1     29.41                     27.61   1.80    38.98

DEGREE DAYS
 HEATING
  YESTERDAY        0                         0      0        0
  MONTH TO DATE    0                         0      0        0
  SINCE JUN 1      0                         4     -4        5
  SINCE JUL 1      0                         0      0        0

 COOLING
  YESTERDAY       18                        13      5       18
  MONTH TO DATE  421                       373     48      403
  SINCE JUN 1    832                       685    147      784
  SINCE JAN 1    953                       837    116      961
..................................................................


WIND (MPH)
  HIGHEST WIND SPEED    33   HIGHEST WIND DIRECTION     E (110)
  HIGHEST GUST SPEED    43   HIGHEST GUST DIRECTION     E (80)
  AVERAGE WIND SPEED     3.2


SKY COVER
  AVERAGE SKY COVER 0.3


WEATHER CONDITIONS
 THE FOLLOWING WEATHER WAS RECORDED YESTERDAY.
  THUNDERSTORM
  HEAVY RAIN
  LIGHT RAIN
  FOG


RELATIVE HUMIDITY (PERCENT)
 HIGHEST   100
 LOWEST     52
 AVERAGE    76

..........................................................


THE CAPE GIRARDEAU MO CLIMATE NORMALS FOR TODAY
                         NORMAL    RECORD    YEAR
 MAXIMUM TEMPERATURE (F)   89       100      1993
 MINIMUM TEMPERATURE (F)   67        53      2013
                                             2004


SUNRISE AND SUNSET
JULY 28 2016..........SUNRISE   600 AM CDT   SUNSET   809 PM CDT
JULY 29 2016..........SUNRISE   601 AM CDT   SUNSET   808 PM CDT


-  INDICATES NEGATIVE NUMBERS.
R  INDICATES RECORD WAS SET OR TIED.
MM INDICATES DATA IS MISSING.
T  INDICATES TRACE AMOUNT.




$$
