000
CDUS43 KPAH 110627
CLICGI


CLIMATE REPORT
NATIONAL WEATHER SERVICE PADUCAH KY
1225 AM CST SUN DEC 11 2016

...................................

...THE CAPE GIRARDEAU MO CLIMATE SUMMARY FOR DECEMBER 10 2016...

CLIMATE NORMAL PERIOD 1981 TO 2010
CLIMATE RECORD PERIOD 1960 TO 2016

WEATHER ITEM   OBSERVED TIME   RECORD YEAR NORMAL DEPARTURE LAST
                VALUE   (LST)  VALUE       VALUE  FROM      YEAR
                                                  NORMAL
..................................................................
TEMPERATURE (F)
 YESTERDAY
  MAXIMUM         38    243 PM  69    1971  46     -8       62
  MINIMUM         16    642 AM  -2    1995  28    -12       38
  AVERAGE         27                        37    -10

PRECIPITATION (IN)
  YESTERDAY        0.00          1.18 1960   0.15  -0.15     0.00
  MONTH TO DATE    0.80                      1.48  -0.68     0.00
  SINCE DEC 1      0.80                      1.48  -0.68     0.00
  SINCE JAN 1     46.95                     44.04   2.91    55.58

DEGREE DAYS
 HEATING
  YESTERDAY       38                        28     10       15
  MONTH TO DATE  294                       265     29      220
  SINCE DEC 1    294                       265     29      220
  SINCE JUL 1    871                      1116   -245      870

 COOLING
  YESTERDAY        0                         0      0        0
  MONTH TO DATE    0                         0      0        0
  SINCE DEC 1      0                         0      0        0
  SINCE JAN 1   1798                      1453    345     1531
..................................................................

WIND (MPH)
  HIGHEST WIND SPEED    16   HIGHEST WIND DIRECTION    SE (140)
  HIGHEST GUST SPEED    18   HIGHEST GUST DIRECTION    SE (150)
  AVERAGE WIND SPEED     5.1

SKY COVER
  AVERAGE SKY COVER 0.3

WEATHER CONDITIONS
 THE FOLLOWING WEATHER WAS RECORDED YESTERDAY.
  NO SIGNIFICANT WEATHER WAS OBSERVED.

RELATIVE HUMIDITY (PERCENT)
 HIGHEST    91
 LOWEST     44
 AVERAGE    68
..........................................................

THE CAPE GIRARDEAU MO CLIMATE NORMALS FOR TODAY
                         NORMAL    RECORD    YEAR
 MAXIMUM TEMPERATURE (F)   46        72      1996
 MINIMUM TEMPERATURE (F)   28         5      2013

SUNRISE AND SUNSET
DECEMBER 11 2016......SUNRISE   702 AM CST   SUNSET   441 PM CST
DECEMBER 12 2016......SUNRISE   703 AM CST   SUNSET   441 PM CST

-  INDICATES NEGATIVE NUMBERS.
R  INDICATES RECORD WAS SET OR TIED.
MM INDICATES DATA IS MISSING.
T  INDICATES TRACE AMOUNT.

$$
