000
CDUS43 KPAH 170631
CLICGI


CLIMATE REPORT
NATIONAL WEATHER SERVICE PADUCAH KY
131 AM CDT WED SEP 17 2014


...................................

...THE CAPE GIRARDEAU MO CLIMATE SUMMARY FOR SEPTEMBER 16 2014...

CLIMATE NORMAL PERIOD 1981 TO 2010
CLIMATE RECORD PERIOD 1960 TO 2014


WEATHER ITEM   OBSERVED TIME   RECORD YEAR NORMAL DEPARTURE LAST
                VALUE   (LST)  VALUE       VALUE  FROM      YEAR
                                                  NORMAL
..................................................................
TEMPERATURE (F)
 YESTERDAY
  MAXIMUM         70    140 PM  91    1972  81    -11       73
  MINIMUM         49   1157 PM  41    2000  56     -7       60
  AVERAGE         60                        69     -9

PRECIPITATION (IN)
  YESTERDAY        0.00          1.50 1987   0.11  -0.11      T
  MONTH TO DATE    2.01                      1.79   0.22      T
  SINCE SEP 1      2.01                      1.79   0.22      T
  SINCE JAN 1     34.31                     32.84   1.47    28.23

DEGREE DAYS
 HEATING
  YESTERDAY        5                         1      4        0
  MONTH TO DATE   24                         6     18        3
  SINCE SEP 1     24                         6     18        3
  SINCE JUL 1     24                         7     17        4

 COOLING
  YESTERDAY        0                         5     -5        2
  MONTH TO DATE  108                       114     -6      135
  SINCE SEP 1    108                       114     -6      135
  SINCE JAN 1   1347                      1374    -27     1316
..................................................................


WIND (MPH)
  HIGHEST WIND SPEED    15   HIGHEST WIND DIRECTION    NE (30)
  HIGHEST GUST SPEED    19   HIGHEST GUST DIRECTION     N (20)
  AVERAGE WIND SPEED     8.7


SKY COVER
  AVERAGE SKY COVER 0.6


WEATHER CONDITIONS
 THE FOLLOWING WEATHER WAS RECORDED YESTERDAY.
  FOG


RELATIVE HUMIDITY (PERCENT)
 HIGHEST    96
 LOWEST     57
 AVERAGE    77

..........................................................


THE CAPE GIRARDEAU MO CLIMATE NORMALS FOR TODAY
                         NORMAL    RECORD    YEAR
 MAXIMUM TEMPERATURE (F)   81        92      1983
 MINIMUM TEMPERATURE (F)   56        39      2000


SUNRISE AND SUNSET
SEPTEMBER 17 2014.....SUNRISE   642 AM CDT   SUNSET   703 PM CDT
SEPTEMBER 18 2014.....SUNRISE   643 AM CDT   SUNSET   701 PM CDT


-  INDICATES NEGATIVE NUMBERS.
R  INDICATES RECORD WAS SET OR TIED.
MM INDICATES DATA IS MISSING.
T  INDICATES TRACE AMOUNT.




$$
