000
CDUS43 KPAH 230639
CLICGI


CLIMATE REPORT
NATIONAL WEATHER SERVICE PADUCAH KY
132 AM CDT SAT AUG 23 2014


...................................

...THE CAPE GIRARDEAU MO CLIMATE SUMMARY FOR AUGUST 22 2014...

CLIMATE NORMAL PERIOD 1981 TO 2010
CLIMATE RECORD PERIOD 1960 TO 2014


WEATHER ITEM   OBSERVED TIME   RECORD YEAR NORMAL DEPARTURE LAST
                VALUE   (LST)  VALUE       VALUE  FROM      YEAR
                                                  NORMAL
..................................................................
TEMPERATURE (F)
 YESTERDAY
  MAXIMUM         93    202 PM 102    1987  89      4       91
  MINIMUM         71    543 AM  52    1997  65      6       64
  AVERAGE         82                        77      5

PRECIPITATION (IN)
  YESTERDAY        0.00          2.54 2008   0.10  -0.10     0.00
  MONTH TO DATE    2.86                      2.11   0.75     3.53
  SINCE JUN 1     13.28                      9.04   4.24    12.06
  SINCE JAN 1     31.67                     30.14   1.53    28.23

DEGREE DAYS
 HEATING
  YESTERDAY        0                         0      0        0
  MONTH TO DATE    0                         0      0        1
  SINCE JUN 1      0                         4     -4        1
  SINCE JUL 1      0                         0      0        1

 COOLING
  YESTERDAY       17                        12      5       13
  MONTH TO DATE  247                       279    -32      204
  SINCE JUN 1    881                      1013   -132      877
  SINCE JAN 1   1092                      1165    -73     1048
..................................................................


WIND (MPH)
  HIGHEST WIND SPEED    12   HIGHEST WIND DIRECTION     S (200)
  HIGHEST GUST SPEED    15   HIGHEST GUST DIRECTION     S (180)
  AVERAGE WIND SPEED     5.1


SKY COVER
  AVERAGE SKY COVER 0.0


WEATHER CONDITIONS
 THE FOLLOWING WEATHER WAS RECORDED YESTERDAY.
  HAZE


RELATIVE HUMIDITY (PERCENT)
 HIGHEST   100
 LOWEST     60
 AVERAGE    80

..........................................................


THE CAPE GIRARDEAU MO CLIMATE NORMALS FOR TODAY
                         NORMAL    RECORD    YEAR
 MAXIMUM TEMPERATURE (F)   88        99      2007
 MINIMUM TEMPERATURE (F)   65        52      2009


SUNRISE AND SUNSET
AUGUST 23 2014........SUNRISE   621 AM CDT   SUNSET   740 PM CDT
AUGUST 24 2014........SUNRISE   622 AM CDT   SUNSET   738 PM CDT


-  INDICATES NEGATIVE NUMBERS.
R  INDICATES RECORD WAS SET OR TIED.
MM INDICATES DATA IS MISSING.
T  INDICATES TRACE AMOUNT.




$$
