000
CDUS43 KPAH 252128
CLICGI


CLIMATE REPORT
NATIONAL WEATHER SERVICE PADUCAH KY
427 PM CDT MON JUL 25 2016

...................................

...THE CAPE GIRARDEAU MO CLIMATE SUMMARY FOR JULY 25 2016...
VALID TODAY AS OF 0400 PM LOCAL TIME.

CLIMATE NORMAL PERIOD 1981 TO 2010
CLIMATE RECORD PERIOD 1960 TO 2016

WEATHER ITEM   OBSERVED TIME   RECORD YEAR NORMAL DEPARTURE LAST
                VALUE   (LST)  VALUE       VALUE  FROM      YEAR
                                                  NORMAL
..................................................................
TEMPERATURE (F)
 TODAY
  MAXIMUM         91   1240 PM 100    1986  89      2       91
  MINIMUM         73    126 PM  54    2000  68      5       74
  AVERAGE         82                        78      4

PRECIPITATION (IN)
  TODAY            0.61          2.08 1960   0.11   0.50     0.00
  MONTH TO DATE    3.90                      2.73   1.17     8.83
  SINCE JUN 1      5.18                      6.30  -1.12    13.15
  SINCE JAN 1     28.46                     27.40   1.06    38.59

DEGREE DAYS
 HEATING
  TODAY            0                         0      0        0
  MONTH TO DATE    0                         0      0        0
  SINCE JUN 1      0                         4     -4        5
  SINCE JUL 1      0                         0      0        0

 COOLING
  TODAY           17                        14      3       18
  MONTH TO DATE  386                       347     39      370
  SINCE JUN 1    797                       659    138      751
  SINCE JAN 1    918                       811    107      928
..................................................................

WIND (MPH)
  HIGHEST WIND SPEED    25   HIGHEST WIND DIRECTION    SW (240)
  HIGHEST GUST SPEED    33   HIGHEST GUST DIRECTION    SW (240)
  AVERAGE WIND SPEED     5.4

SKY COVER
  AVERAGE SKY COVER 0.1

WEATHER CONDITIONS
 THE FOLLOWING WEATHER WAS RECORDED TODAY.
  THUNDERSTORM
  HEAVY RAIN
  LIGHT RAIN
  FOG

RELATIVE HUMIDITY (PERCENT)
 HIGHEST   100
 LOWEST     64
 AVERAGE    82
..........................................................

THE CAPE GIRARDEAU MO CLIMATE NORMALS FOR TOMORROW
                         NORMAL
 MAXIMUM TEMPERATURE (F)   89
 MINIMUM TEMPERATURE (F)   68

SUNRISE AND SUNSET
JULY 25 2016..........SUNRISE   558 AM CDT   SUNSET   811 PM CDT
JULY 26 2016..........SUNRISE   559 AM CDT   SUNSET   811 PM CDT

-  INDICATES NEGATIVE NUMBERS.
R  INDICATES RECORD WAS SET OR TIED.
MM INDICATES DATA IS MISSING.
T  INDICATES TRACE AMOUNT.

$$
