000
CDUS43 KPAH 142127
CLICGI


CLIMATE REPORT
NATIONAL WEATHER SERVICE PADUCAH KY
425 PM CDT MON AUG 14 2017

...................................

...THE CAPE GIRARDEAU MO CLIMATE SUMMARY FOR AUGUST 14 2017...
VALID TODAY AS OF 0400 PM LOCAL TIME.

CLIMATE NORMAL PERIOD 1981 TO 2010
CLIMATE RECORD PERIOD 1960 TO 2017

WEATHER ITEM   OBSERVED TIME   RECORD YEAR NORMAL DEPARTURE LAST
                VALUE   (LST)  VALUE       VALUE  FROM      YEAR
                                                  NORMAL
..................................................................
TEMPERATURE (F)
 TODAY
  MAXIMUM         79   1045 AM  98    1988  89    -10       80
  MINIMUM         70    617 AM  46    2004  66      4       71
  AVERAGE         75                        78     -3

PRECIPITATION (IN)
  TODAY            0.05          1.52 2016   0.09  -0.04     1.52
  MONTH TO DATE    1.49                      1.32   0.17     3.75
  SINCE JUN 1      5.81                      8.25  -2.44    10.91
  SINCE JAN 1     25.03                     29.35  -4.32    34.19

DEGREE DAYS
 HEATING
  TODAY            0                         0      0        0
  MONTH TO DATE    0                         0      0        0
  SINCE JUN 1      0                         4     -4        0
  SINCE JUL 1      0                         0      0        0

 COOLING
  TODAY           10                        13     -3       11
  MONTH TO DATE  110                       182    -72      214
  SINCE JUN 1    859                       916    -57     1101
  SINCE JAN 1   1034                      1068    -34     1222
..................................................................

WIND (MPH)
  HIGHEST WIND SPEED     8   HIGHEST WIND DIRECTION     S (160)
  HIGHEST GUST SPEED    10   HIGHEST GUST DIRECTION    SE (140)
  AVERAGE WIND SPEED     3.1

SKY COVER
  AVERAGE SKY COVER 1.0

WEATHER CONDITIONS
 THE FOLLOWING WEATHER WAS RECORDED TODAY.
  LIGHT RAIN
  FOG

RELATIVE HUMIDITY (PERCENT)
 HIGHEST    90
 LOWEST     74
 AVERAGE    82
..........................................................

THE CAPE GIRARDEAU MO CLIMATE NORMALS FOR TOMORROW
                         NORMAL
 MAXIMUM TEMPERATURE (F)   89
 MINIMUM TEMPERATURE (F)   66

SUNRISE AND SUNSET
AUGUST 14 2017........SUNRISE   614 AM CDT   SUNSET   751 PM CDT
AUGUST 15 2017........SUNRISE   615 AM CDT   SUNSET   750 PM CDT

-  INDICATES NEGATIVE NUMBERS.
R  INDICATES RECORD WAS SET OR TIED.
MM INDICATES DATA IS MISSING.
T  INDICATES TRACE AMOUNT.

$$
