000
CDUS43 KPAH 010639
CLICGI


CLIMATE REPORT
NATIONAL WEATHER SERVICE PADUCAH KY
136 AM CDT SUN MAY 1 2016


...................................

...THE CAPE GIRARDEAU MO CLIMATE SUMMARY FOR APRIL 30 2016...

CLIMATE NORMAL PERIOD 1981 TO 2010
CLIMATE RECORD PERIOD 1960 TO 2016


WEATHER ITEM   OBSERVED TIME   RECORD YEAR NORMAL DEPARTURE LAST
                VALUE   (LST)  VALUE       VALUE  FROM      YEAR
                                                  NORMAL
..................................................................
TEMPERATURE (F)
 YESTERDAY
  MAXIMUM         75    338 PM  88    2007  73      2       72
  MINIMUM         59    414 AM  36    1964  51      8       42
  AVERAGE         67                        62      5

PRECIPITATION (IN)
  YESTERDAY        0.84          1.49 2011   0.17   0.67     0.00
  MONTH TO DATE    4.70                      4.36   0.34     4.17
  SINCE MAR 1     10.16                      8.76   1.40    12.96
  SINCE JAN 1     14.94                     15.64  -0.70    19.48

DEGREE DAYS
 HEATING
  YESTERDAY        0                         5     -5        8
  MONTH TO DATE  191                       264    -73      171
  SINCE MAR 1    579                       821   -242      777
  SINCE JUL 1   3471                      4318   -847     4555

 COOLING
  YESTERDAY        2                         2      0        0
  MONTH TO DATE   18                        27     -9       28
  SINCE MAR 1     18                        31    -13       28
  SINCE JAN 1     18                        31    -13       28
..................................................................


WIND (MPH)
  HIGHEST WIND SPEED    18   HIGHEST WIND DIRECTION    SW (210)
  HIGHEST GUST SPEED    24   HIGHEST GUST DIRECTION    SW (220)
  AVERAGE WIND SPEED     8.2


SKY COVER
  AVERAGE SKY COVER 0.5


WEATHER CONDITIONS
 THE FOLLOWING WEATHER WAS RECORDED YESTERDAY.
  RAIN
  LIGHT RAIN
  FOG


RELATIVE HUMIDITY (PERCENT)
 HIGHEST   100
 LOWEST     64
 AVERAGE    82

..........................................................


THE CAPE GIRARDEAU MO CLIMATE NORMALS FOR TODAY
                         NORMAL    RECORD    YEAR
 MAXIMUM TEMPERATURE (F)   74        87      2012
 MINIMUM TEMPERATURE (F)   51        32      1963


SUNRISE AND SUNSET
MAY  1 2016...........SUNRISE   603 AM CDT   SUNSET   748 PM CDT
MAY  2 2016...........SUNRISE   602 AM CDT   SUNSET   749 PM CDT


-  INDICATES NEGATIVE NUMBERS.
R  INDICATES RECORD WAS SET OR TIED.
MM INDICATES DATA IS MISSING.
T  INDICATES TRACE AMOUNT.




$$
