000
CDUS43 KPAH 190628
CLICGI


CLIMATE REPORT
NATIONAL WEATHER SERVICE PADUCAH KY
128 AM CDT SUN OCT 19 2014


...................................

...THE CAPE GIRARDEAU MO CLIMATE SUMMARY FOR OCTOBER 18 2014...

CLIMATE NORMAL PERIOD 1981 TO 2010
CLIMATE RECORD PERIOD 1960 TO 2014


WEATHER ITEM   OBSERVED TIME   RECORD YEAR NORMAL DEPARTURE LAST
                VALUE   (LST)  VALUE       VALUE  FROM      YEAR
                                                  NORMAL
..................................................................
TEMPERATURE (F)
 YESTERDAY
  MAXIMUM         64    331 PM  85    1963  70     -6       69
  MINIMUM         42   1150 PM  25    1976  44     -2       39
  AVERAGE         53                        57     -4

PRECIPITATION (IN)
  YESTERDAY        0.00          1.72 1994   0.13  -0.13     0.02
  MONTH TO DATE    3.93                      2.13   1.80     2.46
  SINCE SEP 1      5.98                      5.41   0.57     2.90
  SINCE JAN 1     38.28                     36.46   1.82    31.13

DEGREE DAYS
 HEATING
  YESTERDAY       12                         9      3       11
  MONTH TO DATE   94                       120    -26       68
  SINCE SEP 1    140                       168    -28       78
  SINCE JUL 1    140                       169    -29       79

 COOLING
  YESTERDAY        0                         1     -1        0
  MONTH TO DATE   27                        25      2       44
  SINCE SEP 1    172                       187    -15      256
  SINCE JAN 1   1411                      1447    -36     1437
..................................................................


WIND (MPH)
  HIGHEST WIND SPEED    20   HIGHEST WIND DIRECTION    NW (330)
  HIGHEST GUST SPEED    24   HIGHEST GUST DIRECTION    NW (330)
  AVERAGE WIND SPEED     6.8


SKY COVER
  AVERAGE SKY COVER 0.1


WEATHER CONDITIONS
 THE FOLLOWING WEATHER WAS RECORDED YESTERDAY.
  FOG
  HAZE


RELATIVE HUMIDITY (PERCENT)
 HIGHEST    96
 LOWEST     48
 AVERAGE    72

..........................................................


THE CAPE GIRARDEAU MO CLIMATE NORMALS FOR TODAY
                         NORMAL    RECORD    YEAR
 MAXIMUM TEMPERATURE (F)   70        90      2005
 MINIMUM TEMPERATURE (F)   44        32      1989


SUNRISE AND SUNSET
OCTOBER 19 2014.......SUNRISE   710 AM CDT   SUNSET   616 PM CDT
OCTOBER 20 2014.......SUNRISE   711 AM CDT   SUNSET   615 PM CDT


-  INDICATES NEGATIVE NUMBERS.
R  INDICATES RECORD WAS SET OR TIED.
MM INDICATES DATA IS MISSING.
T  INDICATES TRACE AMOUNT.




$$
