000
CDUS43 KPAH 220657
CLICGI


CLIMATE REPORT
NATIONAL WEATHER SERVICE PADUCAH KY
152 AM CDT SAT APR 22 2017


...................................

...THE CAPE GIRARDEAU MO CLIMATE SUMMARY FOR APRIL 21 2017...

CLIMATE NORMAL PERIOD 1981 TO 2010
CLIMATE RECORD PERIOD 1960 TO 2017


WEATHER ITEM   OBSERVED TIME   RECORD YEAR NORMAL DEPARTURE LAST
                VALUE   (LST)  VALUE       VALUE  FROM      YEAR
                                                  NORMAL
..................................................................
TEMPERATURE (F)
 YESTERDAY
  MAXIMUM         65   1204 AM  90    1987  71     -6       74
  MINIMUM         50   1159 PM  34    1978  48      2       56
  AVERAGE         58                        59     -1

PRECIPITATION (IN)
  YESTERDAY        2.40R         1.75 1972   0.15   2.25     0.11
  MONTH TO DATE    4.74                      2.91   1.83     3.34
  SINCE MAR 1      7.55                      7.31   0.24     8.80
  SINCE JAN 1     10.57                     14.19  -3.62    13.58

DEGREE DAYS
 HEATING
  YESTERDAY        7                         7      0        0
  MONTH TO DATE  104                       212   -108      178
  SINCE MAR 1    586                       771   -185      566
  SINCE JUL 1   3321                      4268   -947     3458

 COOLING
  YESTERDAY        0                         1     -1        0
  MONTH TO DATE   29                        15     14        3
  SINCE MAR 1     32                        19     13        3
  SINCE JAN 1     32                        19     13        3
..................................................................


WIND (MPH)
  HIGHEST WIND SPEED    20   HIGHEST WIND DIRECTION     N (360)
  HIGHEST GUST SPEED    24   HIGHEST GUST DIRECTION     E (70)
  AVERAGE WIND SPEED    11.4


SKY COVER
  AVERAGE SKY COVER 1.0


WEATHER CONDITIONS
 THE FOLLOWING WEATHER WAS RECORDED YESTERDAY.
  THUNDERSTORM
  HEAVY RAIN
  RAIN
  LIGHT RAIN
  FOG


RELATIVE HUMIDITY (PERCENT)
 HIGHEST    93
 LOWEST     77
 AVERAGE    85

..........................................................


THE CAPE GIRARDEAU MO CLIMATE NORMALS FOR TODAY
                         NORMAL    RECORD    YEAR
 MAXIMUM TEMPERATURE (F)   71        90      1963
 MINIMUM TEMPERATURE (F)   48        31      2000


SUNRISE AND SUNSET
APRIL 22 2017.........SUNRISE   614 AM CDT   SUNSET   740 PM CDT
APRIL 23 2017.........SUNRISE   613 AM CDT   SUNSET   741 PM CDT


-  INDICATES NEGATIVE NUMBERS.
R  INDICATES RECORD WAS SET OR TIED.
MM INDICATES DATA IS MISSING.
T  INDICATES TRACE AMOUNT.




$$
