000
CDUS43 KPAH 200628
CLICGI


CLIMATE REPORT
NATIONAL WEATHER SERVICE PADUCAH KY
126 AM CDT TUE JUN 20 2017


...................................

...THE CAPE GIRARDEAU MO CLIMATE SUMMARY FOR JUNE 19 2017...

CLIMATE NORMAL PERIOD 1981 TO 2010
CLIMATE RECORD PERIOD 1960 TO 2017


WEATHER ITEM   OBSERVED TIME   RECORD YEAR NORMAL DEPARTURE LAST
                VALUE   (LST)  VALUE       VALUE  FROM      YEAR
                                                  NORMAL
..................................................................
TEMPERATURE (F)
 YESTERDAY
  MAXIMUM         86    503 PM  97    1990  87     -1       92
  MINIMUM         62    510 AM  54    2005  65     -3       73
  AVERAGE         74                        76     -2

PRECIPITATION (IN)
  YESTERDAY        0.00          2.38 2015   0.12  -0.12     0.00
  MONTH TO DATE    1.94                      2.32  -0.38     1.01
  SINCE JUN 1      1.94                      2.32  -0.38     1.01
  SINCE JAN 1     21.16                     23.42  -2.26    24.29

DEGREE DAYS
 HEATING
  YESTERDAY        0                         0      0        0
  MONTH TO DATE    0                         1     -1        0
  SINCE JUN 1      0                         1     -1        0
  SINCE JUL 1   3430                      4387   -957     3571

 COOLING
  YESTERDAY        9                        11     -2       18
  MONTH TO DATE  206                       173     33      230
  SINCE JUN 1    206                       173     33      230
  SINCE JAN 1    381                       325     56      351
..................................................................


WIND (MPH)
  HIGHEST WIND SPEED    13   HIGHEST WIND DIRECTION     N (350)
  HIGHEST GUST SPEED    17   HIGHEST GUST DIRECTION    NE (30)
  AVERAGE WIND SPEED     4.8


SKY COVER
  AVERAGE SKY COVER 0.1


WEATHER CONDITIONS
 THE FOLLOWING WEATHER WAS RECORDED YESTERDAY.
  NO SIGNIFICANT WEATHER WAS OBSERVED.


RELATIVE HUMIDITY (PERCENT)
 HIGHEST    93
 LOWEST     32
 AVERAGE    63

..........................................................


THE CAPE GIRARDEAU MO CLIMATE NORMALS FOR TODAY
                         NORMAL    RECORD    YEAR
 MAXIMUM TEMPERATURE (F)   88        96      2010
 MINIMUM TEMPERATURE (F)   66        53      1980


SUNRISE AND SUNSET
JUNE 20 2017..........SUNRISE   538 AM CDT   SUNSET   822 PM CDT
JUNE 21 2017..........SUNRISE   538 AM CDT   SUNSET   822 PM CDT


-  INDICATES NEGATIVE NUMBERS.
R  INDICATES RECORD WAS SET OR TIED.
MM INDICATES DATA IS MISSING.
T  INDICATES TRACE AMOUNT.




$$
