000
CDUS43 KPAH 210633
CLICGI


CLIMATE REPORT
NATIONAL WEATHER SERVICE PADUCAH KY
130 AM CDT TUE OCT 21 2014


...................................

...THE CAPE GIRARDEAU MO CLIMATE SUMMARY FOR OCTOBER 20 2014...

CLIMATE NORMAL PERIOD 1981 TO 2010
CLIMATE RECORD PERIOD 1960 TO 2014


WEATHER ITEM   OBSERVED TIME   RECORD YEAR NORMAL DEPARTURE LAST
                VALUE   (LST)  VALUE       VALUE  FROM      YEAR
                                                  NORMAL
..................................................................
TEMPERATURE (F)
 YESTERDAY
  MAXIMUM         74    344 PM  89    1963  69      5       66
  MINIMUM         46   1158 PM  30    1966  44      2       37
  AVERAGE         60                        56      4

PRECIPITATION (IN)
  YESTERDAY        0.00          3.16 1984   0.13  -0.13     0.00
  MONTH TO DATE    3.93                      2.38   1.55     2.55
  SINCE SEP 1      5.98                      5.66   0.32     2.99
  SINCE JAN 1     38.28                     36.71   1.57    31.22

DEGREE DAYS
 HEATING
  YESTERDAY        5                         9     -4       13
  MONTH TO DATE   99                       138    -39       96
  SINCE SEP 1    145                       186    -41      106
  SINCE JUL 1    145                       187    -42      107

 COOLING
  YESTERDAY        0                         1     -1        0
  MONTH TO DATE   27                        27      0       44
  SINCE SEP 1    172                       189    -17      256
  SINCE JAN 1   1411                      1449    -38     1437
..................................................................


WIND (MPH)
  HIGHEST WIND SPEED    13   HIGHEST WIND DIRECTION    SW (210)
  HIGHEST GUST SPEED    16   HIGHEST GUST DIRECTION    SW (210)
  AVERAGE WIND SPEED     3.7


SKY COVER
  AVERAGE SKY COVER 0.3


WEATHER CONDITIONS
 THE FOLLOWING WEATHER WAS RECORDED YESTERDAY.
  FOG
  HAZE


RELATIVE HUMIDITY (PERCENT)
 HIGHEST   100
 LOWEST     49
 AVERAGE    75

..........................................................


THE CAPE GIRARDEAU MO CLIMATE NORMALS FOR TODAY
                         NORMAL    RECORD    YEAR
 MAXIMUM TEMPERATURE (F)   69        87      1963
 MINIMUM TEMPERATURE (F)   44        26      1976


SUNRISE AND SUNSET
OCTOBER 21 2014.......SUNRISE   712 AM CDT   SUNSET   613 PM CDT
OCTOBER 22 2014.......SUNRISE   713 AM CDT   SUNSET   612 PM CDT


-  INDICATES NEGATIVE NUMBERS.
R  INDICATES RECORD WAS SET OR TIED.
MM INDICATES DATA IS MISSING.
T  INDICATES TRACE AMOUNT.




$$
