647
CDUS43 KPAH 010645
CLICGI


CLIMATE REPORT
NATIONAL WEATHER SERVICE PADUCAH KY
141 AM CDT WED JUN 1 2016


...................................

...THE CAPE GIRARDEAU MO CLIMATE SUMMARY FOR MAY 31 2016...

CLIMATE NORMAL PERIOD 1981 TO 2010
CLIMATE RECORD PERIOD 1960 TO 2016


WEATHER ITEM   OBSERVED TIME   RECORD YEAR NORMAL DEPARTURE LAST
                VALUE   (LST)  VALUE       VALUE  FROM      YEAR
                                                  NORMAL
..................................................................
TEMPERATURE (F)
 YESTERDAY
  MAXIMUM         85    414 PM  95    1969  82      3       68
  MINIMUM         67    353 AM  44    1984  60      7       59
  AVERAGE         76                        71      5

PRECIPITATION (IN)
  YESTERDAY        0.00          1.88 1982   0.14  -0.14      T
  MONTH TO DATE    8.34                      5.46   2.88     5.96
  SINCE MAR 1     18.50                     14.22   4.28    18.92
  SINCE JAN 1     23.28                     21.10   2.18    25.44

DEGREE DAYS
 HEATING
  YESTERDAY        0                         1     -1        1
  MONTH TO DATE  100                        69     31       57
  SINCE MAR 1    679                       889   -210      834
  SINCE JUL 1   3571                      4386   -815     4612

 COOLING
  YESTERDAY       11                         7      4        0
  MONTH TO DATE  103                       121    -18      149
  SINCE MAR 1    121                       152    -31      177
  SINCE JAN 1    121                       152    -31      177
..................................................................


WIND (MPH)
  HIGHEST WIND SPEED    15   HIGHEST WIND DIRECTION     W (250)
  HIGHEST GUST SPEED    18   HIGHEST GUST DIRECTION     W (250)
  AVERAGE WIND SPEED     3.7


SKY COVER
  AVERAGE SKY COVER 0.2


WEATHER CONDITIONS
 THE FOLLOWING WEATHER WAS RECORDED YESTERDAY.
  FOG
  HAZE


RELATIVE HUMIDITY (PERCENT)
 HIGHEST   100
 LOWEST     48
 AVERAGE    74

..........................................................


THE CAPE GIRARDEAU MO CLIMATE NORMALS FOR TODAY
                         NORMAL    RECORD    YEAR
 MAXIMUM TEMPERATURE (F)   83        93      1991
 MINIMUM TEMPERATURE (F)   60        43      1972


SUNRISE AND SUNSET
JUNE  1 2016..........SUNRISE   539 AM CDT   SUNSET   813 PM CDT
JUNE  2 2016..........SUNRISE   539 AM CDT   SUNSET   814 PM CDT


-  INDICATES NEGATIVE NUMBERS.
R  INDICATES RECORD WAS SET OR TIED.
MM INDICATES DATA IS MISSING.
T  INDICATES TRACE AMOUNT.




$$
