000
CDUS43 KPAH 030631
CLICGI


CLIMATE REPORT
NATIONAL WEATHER SERVICE PADUCAH KY
128 AM CDT WED JUN 3 2015


...................................

...THE CAPE GIRARDEAU MO CLIMATE SUMMARY FOR JUNE 2 2015...

CLIMATE NORMAL PERIOD 1981 TO 2010
CLIMATE RECORD PERIOD 1960 TO 2015


WEATHER ITEM   OBSERVED TIME   RECORD YEAR NORMAL DEPARTURE LAST
                VALUE   (LST)  VALUE       VALUE  FROM      YEAR
                                                  NORMAL
..................................................................
TEMPERATURE (F)
 YESTERDAY
  MAXIMUM         66    305 PM  94    1998  83    -17       82
  MINIMUM         59    618 AM  46    2012  61     -2       71
  AVERAGE         63                        72     -9

PRECIPITATION (IN)
  YESTERDAY        0.00          0.83 2003   0.13  -0.13     0.40
  MONTH TO DATE    0.00                      0.26  -0.26     1.61
  SINCE JUN 1      0.00                      0.26  -0.26     1.61
  SINCE JAN 1     25.44                     21.36   4.08    20.00

DEGREE DAYS
 HEATING
  YESTERDAY        2                         0      2        0
  MONTH TO DATE    5                         1      4        0
  SINCE JUN 1      5                         1      4        0
  SINCE JUL 1   4617                      4387    230     4941

 COOLING
  YESTERDAY        0                         7     -7       12
  MONTH TO DATE    0                        14    -14       25
  SINCE JUN 1      0                        14    -14       25
  SINCE JAN 1    177                       166     11      236
..................................................................


WIND (MPH)
  HIGHEST WIND SPEED    10   HIGHEST WIND DIRECTION    NE (60)
  HIGHEST GUST SPEED    13   HIGHEST GUST DIRECTION    NE (50)
  AVERAGE WIND SPEED     5.4


SKY COVER
  AVERAGE SKY COVER 1.0


WEATHER CONDITIONS
 THE FOLLOWING WEATHER WAS RECORDED YESTERDAY.
  NO SIGNIFICANT WEATHER WAS OBSERVED.


RELATIVE HUMIDITY (PERCENT)
 HIGHEST    93
 LOWEST     73
 AVERAGE    83

..........................................................


THE CAPE GIRARDEAU MO CLIMATE NORMALS FOR TODAY
                         NORMAL    RECORD    YEAR
 MAXIMUM TEMPERATURE (F)   83        95      2011
 MINIMUM TEMPERATURE (F)   61        47      1969


SUNRISE AND SUNSET
JUNE  3 2015..........SUNRISE   539 AM CDT   SUNSET   814 PM CDT
JUNE  4 2015..........SUNRISE   539 AM CDT   SUNSET   815 PM CDT


-  INDICATES NEGATIVE NUMBERS.
R  INDICATES RECORD WAS SET OR TIED.
MM INDICATES DATA IS MISSING.
T  INDICATES TRACE AMOUNT.




$$
