000
CDUS43 KPAH 310630
CLICGI


CLIMATE REPORT
NATIONAL WEATHER SERVICE PADUCAH KY
127 AM CDT WED AUG 31 2016


...................................

...THE CAPE GIRARDEAU MO CLIMATE SUMMARY FOR AUGUST 30 2016...

CLIMATE NORMAL PERIOD 1981 TO 2010
CLIMATE RECORD PERIOD 1960 TO 2016


WEATHER ITEM   OBSERVED TIME   RECORD YEAR NORMAL DEPARTURE LAST
                VALUE   (LST)  VALUE       VALUE  FROM      YEAR
                                                  NORMAL
..................................................................
TEMPERATURE (F)
 YESTERDAY
  MAXIMUM         92    327 PM  97    2000  87      5       86
  MINIMUM         69    541 AM  48    1986  63      6       68
  AVERAGE         81                        75      6

PRECIPITATION (IN)
  YESTERDAY        0.00          3.05 2003   0.10  -0.10      T
  MONTH TO DATE    6.26                      2.92   3.34     4.16
  SINCE JUN 1     13.42                      9.85   3.57    18.11
  SINCE JAN 1     36.70                     30.95   5.75    43.55

DEGREE DAYS
 HEATING
  YESTERDAY        0                         0      0        0
  MONTH TO DATE    0                         0      0        0
  SINCE JUN 1      0                         4     -4        5
  SINCE JUL 1      0                         0      0        0

 COOLING
  YESTERDAY       16                        10      6       12
  MONTH TO DATE  421                       364     57      289
  SINCE JUN 1   1308                      1098    210     1139
  SINCE JAN 1   1429                      1250    179     1316
..................................................................


WIND (MPH)
  HIGHEST WIND SPEED    13   HIGHEST WIND DIRECTION     N (350)
  HIGHEST GUST SPEED    16   HIGHEST GUST DIRECTION     N (340)
  AVERAGE WIND SPEED     4.2


SKY COVER
  AVERAGE SKY COVER 0.0


WEATHER CONDITIONS
 THE FOLLOWING WEATHER WAS RECORDED YESTERDAY.
  FOG
  FOG W/VISIBILITY <= 1/4 MILE


RELATIVE HUMIDITY (PERCENT)
 HIGHEST   100
 LOWEST     52
 AVERAGE    76

..........................................................


THE CAPE GIRARDEAU MO CLIMATE NORMALS FOR TODAY
                         NORMAL    RECORD    YEAR
 MAXIMUM TEMPERATURE (F)   87        98      1995
 MINIMUM TEMPERATURE (F)   63        49      2009


SUNRISE AND SUNSET
AUGUST 31 2016........SUNRISE   628 AM CDT   SUNSET   728 PM CDT
SEPTEMBER  1 2016.....SUNRISE   629 AM CDT   SUNSET   726 PM CDT


-  INDICATES NEGATIVE NUMBERS.
R  INDICATES RECORD WAS SET OR TIED.
MM INDICATES DATA IS MISSING.
T  INDICATES TRACE AMOUNT.




$$
