000
CDUS43 KPAH 162245
CLICGI


CLIMATE REPORT
NATIONAL WEATHER SERVICE PADUCAH KY
445 PM CST MON JAN 16 2017


...................................

...THE CAPE GIRARDEAU MO CLIMATE SUMMARY FOR JANUARY 16 2017...
VALID TODAY AS OF 0400 PM LOCAL TIME.

CLIMATE NORMAL PERIOD 1981 TO 2010
CLIMATE RECORD PERIOD 1960 TO 2017


WEATHER ITEM   OBSERVED TIME   RECORD YEAR NORMAL DEPARTURE LAST
                VALUE   (LST)  VALUE       VALUE  FROM      YEAR
                                                  NORMAL
..................................................................
TEMPERATURE (F)
 TODAY
  MAXIMUM         61    343 PM  63    2012  42     19       40
  MINIMUM         40   1238 AM -12    1982  24     16       28
  AVERAGE         51                        33     18

PRECIPITATION (IN)
  TODAY            0.01          1.10 1978   0.10  -0.09     0.00
  MONTH TO DATE    1.78                      1.78   0.00     1.52
  SINCE DEC 1      5.12                      6.03  -0.91     3.91
  SINCE JAN 1      1.78                      1.78   0.00     1.52

DEGREE DAYS
 HEATING
  TODAY           14                        32    -18       31
  MONTH TO DATE  467                       512    -45      470
  SINCE DEC 1   1358                      1412    -54     1032
  SINCE JUL 1   1935                      2263   -328     1682

 COOLING
  TODAY            0                         0      0        0
  MONTH TO DATE    0                         0      0        0
  SINCE DEC 1      0                         0      0        2
  SINCE JAN 1      0                         0      0        0
..................................................................


WIND (MPH)
  HIGHEST WIND SPEED    14   HIGHEST WIND DIRECTION     S (160)
  HIGHEST GUST SPEED    19   HIGHEST GUST DIRECTION     S (170)
  AVERAGE WIND SPEED     5.6


SKY COVER
  AVERAGE SKY COVER 1.0


WEATHER CONDITIONS
 THE FOLLOWING WEATHER WAS RECORDED TODAY.
  LIGHT RAIN
  FOG
  FOG W/VISIBILITY <= 1/4 MILE


RELATIVE HUMIDITY (PERCENT)
 HIGHEST   100
 LOWEST     84
 AVERAGE    92

..........................................................


THE CAPE GIRARDEAU MO CLIMATE NORMALS FOR TOMORROW
                         NORMAL
 MAXIMUM TEMPERATURE (F)   42
 MINIMUM TEMPERATURE (F)   24


SUNRISE AND SUNSET
JANUARY 16 2017.......SUNRISE   711 AM CST   SUNSET   506 PM CST
JANUARY 17 2017.......SUNRISE   710 AM CST   SUNSET   507 PM CST


-  INDICATES NEGATIVE NUMBERS.
R  INDICATES RECORD WAS SET OR TIED.
MM INDICATES DATA IS MISSING.
T  INDICATES TRACE AMOUNT.




$$
