000
CDUS43 KPAH 210630
CLICGI


CLIMATE REPORT
NATIONAL WEATHER SERVICE PADUCAH KY
1227 AM CST FRI NOV 21 2014


...................................

...THE CAPE GIRARDEAU MO CLIMATE SUMMARY FOR NOVEMBER 20 2014...

CLIMATE NORMAL PERIOD 1981 TO 2010
CLIMATE RECORD PERIOD 1960 TO 2014


WEATHER ITEM   OBSERVED TIME   RECORD YEAR NORMAL DEPARTURE LAST
                VALUE   (LST)  VALUE       VALUE  FROM      YEAR
                                                  NORMAL
..................................................................
TEMPERATURE (F)
 YESTERDAY
  MAXIMUM         42    418 PM  77    1989  55    -13       54
  MINIMUM         20    722 AM  19    1968  35    -15       33
  AVERAGE         31                        45    -14

PRECIPITATION (IN)
  YESTERDAY        0.00          0.74 2011   0.16  -0.16     0.00
  MONTH TO DATE    1.04                      2.87  -1.83     1.31
  SINCE SEP 1      7.40                      9.94  -2.54     5.95
  SINCE JAN 1     39.70                     40.99  -1.29    34.18

DEGREE DAYS
 HEATING
  YESTERDAY       34                        20     14       21
  MONTH TO DATE  533                       323    210      344
  SINCE SEP 1    782                       625    157      610
  SINCE JUL 1    782                       626    156      611

 COOLING
  YESTERDAY        0                         0      0        0
  MONTH TO DATE    0                         0      0        0
  SINCE SEP 1    185                       191     -6      260
  SINCE JAN 1   1424                      1451    -27     1441
..................................................................


WIND (MPH)
  HIGHEST WIND SPEED     9   HIGHEST WIND DIRECTION    SW (230)
  HIGHEST GUST SPEED    13   HIGHEST GUST DIRECTION     N (340)
  AVERAGE WIND SPEED     2.8


SKY COVER
  AVERAGE SKY COVER 0.0


WEATHER CONDITIONS
 THE FOLLOWING WEATHER WAS RECORDED YESTERDAY.
  NO SIGNIFICANT WEATHER WAS OBSERVED.


RELATIVE HUMIDITY (PERCENT)
 HIGHEST    92
 LOWEST     46
 AVERAGE    69

..........................................................


THE CAPE GIRARDEAU MO CLIMATE NORMALS FOR TODAY
                         NORMAL    RECORD    YEAR
 MAXIMUM TEMPERATURE (F)   55        71      1990
 MINIMUM TEMPERATURE (F)   34        13      1964


SUNRISE AND SUNSET
NOVEMBER 21 2014......SUNRISE   644 AM CST   SUNSET   445 PM CST
NOVEMBER 22 2014......SUNRISE   645 AM CST   SUNSET   444 PM CST


-  INDICATES NEGATIVE NUMBERS.
R  INDICATES RECORD WAS SET OR TIED.
MM INDICATES DATA IS MISSING.
T  INDICATES TRACE AMOUNT.




$$
