000
CDUS43 KPAH 290631
CLICGI


CLIMATE REPORT
NATIONAL WEATHER SERVICE PADUCAH KY
127 AM CDT MON SEP 29 2014


...................................

...THE CAPE GIRARDEAU MO CLIMATE SUMMARY FOR SEPTEMBER 28 2014...

CLIMATE NORMAL PERIOD 1981 TO 2010
CLIMATE RECORD PERIOD 1960 TO 2014


WEATHER ITEM   OBSERVED TIME   RECORD YEAR NORMAL DEPARTURE LAST
                VALUE   (LST)  VALUE       VALUE  FROM      YEAR
                                                  NORMAL
..................................................................
TEMPERATURE (F)
 YESTERDAY
  MAXIMUM         86    307 PM  92    1999  77      9       84
  MINIMUM         56    621 AM  40    2003  51      5       62
  AVERAGE         71                        64      7

PRECIPITATION (IN)
  YESTERDAY        0.00          2.81 1974   0.11  -0.11     0.00
  MONTH TO DATE    2.05                      3.07  -1.02     0.44
  SINCE SEP 1      2.05                      3.07  -1.02     0.44
  SINCE JAN 1     34.35                     34.12   0.23    28.67

DEGREE DAYS
 HEATING
  YESTERDAY        0                         4     -4        0
  MONTH TO DATE   46                        37      9       10
  SINCE SEP 1     46                        37      9       10
  SINCE JUL 1     46                        38      8       11

 COOLING
  YESTERDAY        6                         3      3        8
  MONTH TO DATE  138                       158    -20      206
  SINCE SEP 1    138                       158    -20      206
  SINCE JAN 1   1377                      1418    -41     1387
..................................................................


WIND (MPH)
  HIGHEST WIND SPEED     9   HIGHEST WIND DIRECTION    NE (60)
  HIGHEST GUST SPEED    11   HIGHEST GUST DIRECTION     E (70)
  AVERAGE WIND SPEED     1.5


SKY COVER
  AVERAGE SKY COVER 0.1


WEATHER CONDITIONS
 THE FOLLOWING WEATHER WAS RECORDED YESTERDAY.
  FOG


RELATIVE HUMIDITY (PERCENT)
 HIGHEST   100
 LOWEST     40
 AVERAGE    70

..........................................................


THE CAPE GIRARDEAU MO CLIMATE NORMALS FOR TODAY
                         NORMAL    RECORD    YEAR
 MAXIMUM TEMPERATURE (F)   76        95      1998
 MINIMUM TEMPERATURE (F)   51        35      2003


SUNRISE AND SUNSET
SEPTEMBER 29 2014.....SUNRISE   652 AM CDT   SUNSET   645 PM CDT
SEPTEMBER 30 2014.....SUNRISE   653 AM CDT   SUNSET   643 PM CDT


-  INDICATES NEGATIVE NUMBERS.
R  INDICATES RECORD WAS SET OR TIED.
MM INDICATES DATA IS MISSING.
T  INDICATES TRACE AMOUNT.




$$
