000
CDUS43 KPAH 010629
CLICGI


CLIMATE REPORT
NATIONAL WEATHER SERVICE PADUCAH KY
127 AM CDT TUE SEP 1 2015


...................................

...THE CAPE GIRARDEAU MO CLIMATE SUMMARY FOR AUGUST 31 2015...

CLIMATE NORMAL PERIOD 1981 TO 2010
CLIMATE RECORD PERIOD 1960 TO 2015


WEATHER ITEM   OBSERVED TIME   RECORD YEAR NORMAL DEPARTURE LAST
                VALUE   (LST)  VALUE       VALUE  FROM      YEAR
                                                  NORMAL
..................................................................
TEMPERATURE (F)
 YESTERDAY
  MAXIMUM         88    238 PM  98    1995  87      1       84
  MINIMUM         67    307 AM  49    2009  63      4       73
  AVERAGE         78                        75      3

PRECIPITATION (IN)
  YESTERDAY        0.00          1.12 2001   0.10  -0.10     0.00
  MONTH TO DATE    4.16                      3.02   1.14     3.49
  SINCE JUN 1     18.11                      9.95   8.16    13.91
  SINCE JAN 1     43.55                     31.05  12.50    32.30

DEGREE DAYS
 HEATING
  YESTERDAY        0                         0      0        0
  MONTH TO DATE    0                         0      0        0
  SINCE JUN 1      5                         5      0        0
  SINCE JUL 1      0                         1     -1        0

 COOLING
  YESTERDAY       13                        10      3       14
  MONTH TO DATE  302                       374    -72      394
  SINCE JUN 1   1152                      1108     44     1028
  SINCE JAN 1   1329                      1260     69     1239
..................................................................


WIND (MPH)
  HIGHEST WIND SPEED    12   HIGHEST WIND DIRECTION    SE (150)
  HIGHEST GUST SPEED    14   HIGHEST GUST DIRECTION    SE (150)
  AVERAGE WIND SPEED     3.7


SKY COVER
  AVERAGE SKY COVER 0.3


WEATHER CONDITIONS
 THE FOLLOWING WEATHER WAS RECORDED YESTERDAY.
  FOG


RELATIVE HUMIDITY (PERCENT)
 HIGHEST   100
 LOWEST     57
 AVERAGE    79

..........................................................


THE CAPE GIRARDEAU MO CLIMATE NORMALS FOR TODAY
                         NORMAL    RECORD    YEAR
 MAXIMUM TEMPERATURE (F)   86        97      2011
 MINIMUM TEMPERATURE (F)   62        49      1967


SUNRISE AND SUNSET
SEPTEMBER  1 2015.....SUNRISE   629 AM CDT   SUNSET   727 PM CDT
SEPTEMBER  2 2015.....SUNRISE   629 AM CDT   SUNSET   726 PM CDT


-  INDICATES NEGATIVE NUMBERS.
R  INDICATES RECORD WAS SET OR TIED.
MM INDICATES DATA IS MISSING.
T  INDICATES TRACE AMOUNT.




$$
