000
CDUS43 KPAH 230630
CLICGI


CLIMATE REPORT
NATIONAL WEATHER SERVICE PADUCAH KY
128 AM CDT SUN JUL 23 2017


...................................

...THE CAPE GIRARDEAU MO CLIMATE SUMMARY FOR JULY 22 2017...

CLIMATE NORMAL PERIOD 1981 TO 2010
CLIMATE RECORD PERIOD 1960 TO 2017


WEATHER ITEM   OBSERVED TIME   RECORD YEAR NORMAL DEPARTURE LAST
                VALUE   (LST)  VALUE       VALUE  FROM      YEAR
                                                  NORMAL
..................................................................
TEMPERATURE (F)
 YESTERDAY
  MAXIMUM         94   1257 PM 102    1983  89      5       91
  MINIMUM         76    441 AM  53    1970  68      8       73
  AVERAGE         85                        79      6

PRECIPITATION (IN)
  YESTERDAY        0.00          2.25 1969   0.11  -0.11     0.00
  MONTH TO DATE    1.17                      2.39  -1.22     3.29
  SINCE JUN 1      4.12                      5.96  -1.84     4.57
  SINCE JAN 1     23.34                     27.06  -3.72    27.85

DEGREE DAYS
 HEATING
  YESTERDAY        0                         0      0        0
  MONTH TO DATE    0                         0      0        0
  SINCE JUN 1      0                         4     -4        0
  SINCE JUL 1      0                         0      0        0

 COOLING
  YESTERDAY       20                        14      6       17
  MONTH TO DATE  316                       305     11      332
  SINCE JUN 1    624                       617      7      743
  SINCE JAN 1    799                       769     30      864
..................................................................


WIND (MPH)
  HIGHEST WIND SPEED    20   HIGHEST WIND DIRECTION    SW (220)
  HIGHEST GUST SPEED    25   HIGHEST GUST DIRECTION    SW (210)
  AVERAGE WIND SPEED     8.7


SKY COVER
  AVERAGE SKY COVER 0.0


WEATHER CONDITIONS
 THE FOLLOWING WEATHER WAS RECORDED YESTERDAY.
  FOG
  HAZE


RELATIVE HUMIDITY (PERCENT)
 HIGHEST    88
 LOWEST     52
 AVERAGE    70

..........................................................


THE CAPE GIRARDEAU MO CLIMATE NORMALS FOR TODAY
                         NORMAL    RECORD    YEAR
 MAXIMUM TEMPERATURE (F)   89       103      1983
 MINIMUM TEMPERATURE (F)   68        54      2007


SUNRISE AND SUNSET
JULY 23 2017..........SUNRISE   556 AM CDT   SUNSET   813 PM CDT
JULY 24 2017..........SUNRISE   557 AM CDT   SUNSET   812 PM CDT


-  INDICATES NEGATIVE NUMBERS.
R  INDICATES RECORD WAS SET OR TIED.
MM INDICATES DATA IS MISSING.
T  INDICATES TRACE AMOUNT.




$$
