000
CDUS43 KPAH 190638
CLICGI


CLIMATE REPORT
NATIONAL WEATHER SERVICE PADUCAH KY
135 AM CDT TUE AUG 19 2014


...................................

...THE CAPE GIRARDEAU MO CLIMATE SUMMARY FOR AUGUST 18 2014...

CLIMATE NORMAL PERIOD 1981 TO 2010
CLIMATE RECORD PERIOD 1960 TO 2014


WEATHER ITEM   OBSERVED TIME   RECORD YEAR NORMAL DEPARTURE LAST
                VALUE   (LST)  VALUE       VALUE  FROM      YEAR
                                                  NORMAL
..................................................................
TEMPERATURE (F)
 YESTERDAY
  MAXIMUM         85    456 PM 101    2000  89     -4       80
  MINIMUM         67    311 AM  49    2012  65      2       61
  AVERAGE         76                        77     -1

PRECIPITATION (IN)
  YESTERDAY        0.00          0.83 1960   0.10  -0.10     0.00
  MONTH TO DATE    2.82                      1.71   1.11     3.53
  SINCE JUN 1     13.24                      8.64   4.60    12.06
  SINCE JAN 1     31.63                     29.74   1.89    28.23

DEGREE DAYS
 HEATING
  YESTERDAY        0                         0      0        0
  MONTH TO DATE    0                         0      0        1
  SINCE JUN 1      0                         4     -4        1
  SINCE JUL 1      0                         0      0        1

 COOLING
  YESTERDAY       11                        12     -1        6
  MONTH TO DATE  183                       231    -48      161
  SINCE JUN 1    817                       965   -148      834
  SINCE JAN 1   1028                      1117    -89     1005
..................................................................


WIND (MPH)
  HIGHEST WIND SPEED     9   HIGHEST WIND DIRECTION    NW (300)
  HIGHEST GUST SPEED    11   HIGHEST GUST DIRECTION    NW (300)
  AVERAGE WIND SPEED     1.9


SKY COVER
  AVERAGE SKY COVER 0.5


WEATHER CONDITIONS
 THE FOLLOWING WEATHER WAS RECORDED YESTERDAY.
  FOG
  FOG W/VISIBILITY <= 1/4 MILE
  HAZE


RELATIVE HUMIDITY (PERCENT)
 HIGHEST   100
 LOWEST     61
 AVERAGE    81

..........................................................


THE CAPE GIRARDEAU MO CLIMATE NORMALS FOR TODAY
                         NORMAL    RECORD    YEAR
 MAXIMUM TEMPERATURE (F)   89        98      1980
 MINIMUM TEMPERATURE (F)   65        52      2012
                                             2008


SUNRISE AND SUNSET
AUGUST 19 2014........SUNRISE   618 AM CDT   SUNSET   745 PM CDT
AUGUST 20 2014........SUNRISE   619 AM CDT   SUNSET   744 PM CDT


-  INDICATES NEGATIVE NUMBERS.
R  INDICATES RECORD WAS SET OR TIED.
MM INDICATES DATA IS MISSING.
T  INDICATES TRACE AMOUNT.




$$
