000
CDUS43 KPAH 060633
CLICGI


CLIMATE REPORT
NATIONAL WEATHER SERVICE PADUCAH KY
130 AM CDT MON JUL 6 2015


...................................

...THE CAPE GIRARDEAU MO CLIMATE SUMMARY FOR JULY 5 2015...

CLIMATE NORMAL PERIOD 1981 TO 2010
CLIMATE RECORD PERIOD 1960 TO 2015


WEATHER ITEM   OBSERVED TIME   RECORD YEAR NORMAL DEPARTURE LAST
                VALUE   (LST)  VALUE       VALUE  FROM      YEAR
                                                  NORMAL
..................................................................
TEMPERATURE (F)
 YESTERDAY
  MAXIMUM         85    337 PM 106    2012  89     -4       82
  MINIMUM         65    450 AM  53    1997  68     -3       56
  AVERAGE         75                        79     -4

PRECIPITATION (IN)
  YESTERDAY        0.00          0.89 1987   0.11  -0.11     0.00
  MONTH TO DATE    1.87                      0.53   1.34     0.89
  SINCE JUN 1      6.19                      4.10   2.09     8.39
  SINCE JAN 1     31.63                     25.20   6.43    26.78

DEGREE DAYS
 HEATING
  YESTERDAY        0                         0      0        0
  MONTH TO DATE    0                         0      0        0
  SINCE JUN 1      5                         4      1        0
  SINCE JUL 1      0                         0      0        0

 COOLING
  YESTERDAY       10                        14     -4        4
  MONTH TO DATE   44                        67    -23       39
  SINCE JUN 1    425                       379     46      398
  SINCE JAN 1    602                       531     71      609
..................................................................


WIND (MPH)
  HIGHEST WIND SPEED     8   HIGHEST WIND DIRECTION     E (90)
  HIGHEST GUST SPEED    11   HIGHEST GUST DIRECTION     S (160)
  AVERAGE WIND SPEED     1.9


SKY COVER
  AVERAGE SKY COVER 0.2


WEATHER CONDITIONS
 THE FOLLOWING WEATHER WAS RECORDED YESTERDAY.
  FOG
  FOG W/VISIBILITY <= 1/4 MILE
  HAZE


RELATIVE HUMIDITY (PERCENT)
 HIGHEST   100
 LOWEST     58
 AVERAGE    79

..........................................................


THE CAPE GIRARDEAU MO CLIMATE NORMALS FOR TODAY
                         NORMAL    RECORD    YEAR
 MAXIMUM TEMPERATURE (F)   89       106      2012
 MINIMUM TEMPERATURE (F)   68        50      1972


SUNRISE AND SUNSET
JULY  6 2015..........SUNRISE   544 AM CDT   SUNSET   822 PM CDT
JULY  7 2015..........SUNRISE   545 AM CDT   SUNSET   822 PM CDT


-  INDICATES NEGATIVE NUMBERS.
R  INDICATES RECORD WAS SET OR TIED.
MM INDICATES DATA IS MISSING.
T  INDICATES TRACE AMOUNT.




$$
