000
CDUS43 KPAH 310629
CLICGI


CLIMATE REPORT
NATIONAL WEATHER SERVICE PADUCAH KY
127 AM CDT SUN AUG 31 2014

...................................

...THE CAPE GIRARDEAU MO CLIMATE SUMMARY FOR AUGUST 30 2014...

CLIMATE NORMAL PERIOD 1981 TO 2010
CLIMATE RECORD PERIOD 1960 TO 2014

WEATHER ITEM   OBSERVED TIME   RECORD YEAR NORMAL DEPARTURE LAST
                VALUE   (LST)  VALUE       VALUE  FROM      YEAR
                                                  NORMAL
..................................................................
TEMPERATURE (F)
 YESTERDAY
  MAXIMUM         82   1153 AM  97    2000  87     -5       95
  MINIMUM         72    510 AM  48    1986  63      9       67
  AVERAGE         77                        75      2

PRECIPITATION (IN)
  YESTERDAY        0.20          3.05 2003   0.10   0.10     0.00
  MONTH TO DATE    3.49                      2.92   0.57     3.53
  SINCE JUN 1     13.91                      9.85   4.06    12.06
  SINCE JAN 1     32.30                     30.95   1.35    28.23

DEGREE DAYS
 HEATING
  YESTERDAY        0                         0      0        0
  MONTH TO DATE    0                         0      0        1
  SINCE JUN 1      0                         4     -4        1
  SINCE JUL 1      0                         0      0        1

 COOLING
  YESTERDAY       12                        10      2       16
  MONTH TO DATE  380                       364     16      317
  SINCE JUN 1   1014                      1098    -84      990
  SINCE JAN 1   1225                      1250    -25     1161
..................................................................

WIND (MPH)
  HIGHEST WIND SPEED    15   HIGHEST WIND DIRECTION     S (190)
  HIGHEST GUST SPEED    21   HIGHEST GUST DIRECTION     S (190)
  AVERAGE WIND SPEED     5.4

SKY COVER
  AVERAGE SKY COVER 0.4

WEATHER CONDITIONS
 THE FOLLOWING WEATHER WAS RECORDED YESTERDAY.
  THUNDERSTORM
  RAIN
  LIGHT RAIN
  FOG

RELATIVE HUMIDITY (PERCENT)
 HIGHEST    93
 LOWEST     74
 AVERAGE    84
..........................................................

THE CAPE GIRARDEAU MO CLIMATE NORMALS FOR TODAY
                         NORMAL    RECORD    YEAR
 MAXIMUM TEMPERATURE (F)   87        98      1995
 MINIMUM TEMPERATURE (F)   63        49      2009

SUNRISE AND SUNSET
AUGUST 31 2014........SUNRISE   628 AM CDT   SUNSET   728 PM CDT
SEPTEMBER  1 2014.....SUNRISE   629 AM CDT   SUNSET   727 PM CDT

-  INDICATES NEGATIVE NUMBERS.
R  INDICATES RECORD WAS SET OR TIED.
MM INDICATES DATA IS MISSING.
T  INDICATES TRACE AMOUNT.

$$
