000
CDUS43 KPAH 200627
CLICGI


CLIMATE REPORT
NATIONAL WEATHER SERVICE PADUCAH KY
1226 AM CST FRI JAN 20 2017

...................................

...THE CAPE GIRARDEAU MO CLIMATE SUMMARY FOR JANUARY 19 2017...

CLIMATE NORMAL PERIOD 1981 TO 2010
CLIMATE RECORD PERIOD 1960 TO 2017

WEATHER ITEM   OBSERVED TIME   RECORD YEAR NORMAL DEPARTURE LAST
                VALUE   (LST)  VALUE       VALUE  FROM      YEAR
                                                  NORMAL
..................................................................
TEMPERATURE (F)
 YESTERDAY
  MAXIMUM         56   1025 PM  62    1964  42     14       23
  MINIMUM         43    433 AM -11    1994  24     19       15
  AVERAGE         50                        33     17

PRECIPITATION (IN)
  YESTERDAY        0.07          3.06 1990   0.11  -0.04     0.05
  MONTH TO DATE    1.96                      2.11  -0.15     1.57
  SINCE DEC 1      5.30                      6.36  -1.06     3.96
  SINCE JAN 1      1.96                      2.11  -0.15     1.57

DEGREE DAYS
 HEATING
  YESTERDAY       15                        32    -17       46
  MONTH TO DATE  518                       608    -90      609
  SINCE DEC 1   1409                      1508    -99     1171
  SINCE JUL 1   1986                      2359   -373     1821

 COOLING
  YESTERDAY        0                         0      0        0
  MONTH TO DATE    0                         0      0        0
  SINCE DEC 1      0                         0      0        2
  SINCE JAN 1      0                         0      0        0
..................................................................

WIND (MPH)
  HIGHEST WIND SPEED    15   HIGHEST WIND DIRECTION    SW (210)
  HIGHEST GUST SPEED    21   HIGHEST GUST DIRECTION    SW (220)
  AVERAGE WIND SPEED     5.3

SKY COVER
  AVERAGE SKY COVER 1.0

WEATHER CONDITIONS
 THE FOLLOWING WEATHER WAS RECORDED YESTERDAY.
  LIGHT RAIN
  FOG
  FOG W/VISIBILITY <= 1/4 MILE

RELATIVE HUMIDITY (PERCENT)
 HIGHEST   100
 LOWEST     83
 AVERAGE    92
..........................................................

THE CAPE GIRARDEAU MO CLIMATE NORMALS FOR TODAY
                         NORMAL    RECORD    YEAR
 MAXIMUM TEMPERATURE (F)   42        63      1974
 MINIMUM TEMPERATURE (F)   24       -15      1985

SUNRISE AND SUNSET
JANUARY 20 2017.......SUNRISE   709 AM CST   SUNSET   510 PM CST
JANUARY 21 2017.......SUNRISE   709 AM CST   SUNSET   511 PM CST

-  INDICATES NEGATIVE NUMBERS.
R  INDICATES RECORD WAS SET OR TIED.
MM INDICATES DATA IS MISSING.
T  INDICATES TRACE AMOUNT.

$$
