000
CDUS43 KPAH 132135
CLICGI


CLIMATE REPORT
NATIONAL WEATHER SERVICE PADUCAH KY
432 PM CDT SAT SEP 13 2014

...................................

...THE CAPE GIRARDEAU MO CLIMATE SUMMARY FOR SEPTEMBER 13 2014...
VALID TODAY AS OF 0400 PM LOCAL TIME.

CLIMATE NORMAL PERIOD 1981 TO 2010
CLIMATE RECORD PERIOD 1960 TO 2014

WEATHER ITEM   OBSERVED TIME   RECORD YEAR NORMAL DEPARTURE LAST
                VALUE   (LST)  VALUE       VALUE  FROM      YEAR
                                                  NORMAL
..................................................................
TEMPERATURE (F)
 TODAY
  MAXIMUM         66    300 PM  98    1980  82    -16       79
  MINIMUM         50    729 AM  45    1999  58     -8       52
  AVERAGE         58                        70    -12

PRECIPITATION (IN)
  TODAY            0.00          1.27 1977   0.11  -0.11     0.00
  MONTH TO DATE    2.01                      1.45   0.56      T
  SINCE SEP 1      2.01                      1.45   0.56      T
  SINCE JAN 1     34.31                     32.50   1.81    28.23

DEGREE DAYS
 HEATING
  TODAY            7                         1      6        0
  MONTH TO DATE   12                         3      9        0
  SINCE SEP 1     12                         3      9        0
  SINCE JUL 1     12                         4      8        1

 COOLING
  TODAY            0                         6     -6        1
  MONTH TO DATE  108                        99      9      133
  SINCE SEP 1    108                        99      9      133
  SINCE JAN 1   1347                      1359    -12     1314
..................................................................

WIND (MPH)
  HIGHEST WIND SPEED    20   HIGHEST WIND DIRECTION     N (10)
  HIGHEST GUST SPEED    24   HIGHEST GUST DIRECTION     N (10)
  AVERAGE WIND SPEED    MM

SKY COVER
  AVERAGE SKY COVER 0.5

WEATHER CONDITIONS
 THE FOLLOWING WEATHER WAS RECORDED TODAY.
  NO SIGNIFICANT WEATHER WAS OBSERVED.

RELATIVE HUMIDITY (PERCENT)
 HIGHEST    86
 LOWEST     42
 AVERAGE    64
..........................................................

THE CAPE GIRARDEAU MO CLIMATE NORMALS FOR TOMORROW
                         NORMAL
 MAXIMUM TEMPERATURE (F)   82
 MINIMUM TEMPERATURE (F)   57

SUNRISE AND SUNSET
SEPTEMBER 13 2014.....SUNRISE   639 AM CDT   SUNSET   709 PM CDT
SEPTEMBER 14 2014.....SUNRISE   640 AM CDT   SUNSET   708 PM CDT

-  INDICATES NEGATIVE NUMBERS.
R  INDICATES RECORD WAS SET OR TIED.
MM INDICATES DATA IS MISSING.
T  INDICATES TRACE AMOUNT.

$$
