000
CDUS43 KPAH 030632
CLICGI


CLIMATE REPORT
NATIONAL WEATHER SERVICE PADUCAH KY
129 AM CDT TUE MAY 3 2016


...................................

...THE CAPE GIRARDEAU MO CLIMATE SUMMARY FOR MAY 2 2016...

CLIMATE NORMAL PERIOD 1981 TO 2010
CLIMATE RECORD PERIOD 1960 TO 2016


WEATHER ITEM   OBSERVED TIME   RECORD YEAR NORMAL DEPARTURE LAST
                VALUE   (LST)  VALUE       VALUE  FROM      YEAR
                                                  NORMAL
..................................................................
TEMPERATURE (F)
 YESTERDAY
  MAXIMUM         65    330 PM  89    2012  74     -9       76
  MINIMUM         53    540 AM  33    1961  51      2       42
  AVERAGE         59                        63     -4

PRECIPITATION (IN)
  YESTERDAY        0.00          2.06 2008   0.19  -0.19     0.00
  MONTH TO DATE    0.00                      0.38  -0.38     0.00
  SINCE MAR 1     10.16                      9.14   1.02    12.96
  SINCE JAN 1     14.94                     16.02  -1.08    19.48

DEGREE DAYS
 HEATING
  YESTERDAY        6                         4      2        6
  MONTH TO DATE    6                         8     -2       17
  SINCE MAR 1    585                       829   -244      794
  SINCE JUL 1   3477                      4326   -849     4572

 COOLING
  YESTERDAY        0                         2     -2        0
  MONTH TO DATE    5                         4      1        0
  SINCE MAR 1     23                        35    -12       28
  SINCE JAN 1     23                        35    -12       28
..................................................................


WIND (MPH)
  HIGHEST WIND SPEED    15   HIGHEST WIND DIRECTION     N (10)
  HIGHEST GUST SPEED    18   HIGHEST GUST DIRECTION     N (360)
  AVERAGE WIND SPEED     7.3


SKY COVER
  AVERAGE SKY COVER 0.6


WEATHER CONDITIONS
 THE FOLLOWING WEATHER WAS RECORDED YESTERDAY.
  NO SIGNIFICANT WEATHER WAS OBSERVED.


RELATIVE HUMIDITY (PERCENT)
 HIGHEST    89
 LOWEST     60
 AVERAGE    75

..........................................................


THE CAPE GIRARDEAU MO CLIMATE NORMALS FOR TODAY
                         NORMAL    RECORD    YEAR
 MAXIMUM TEMPERATURE (F)   74        85      1965
 MINIMUM TEMPERATURE (F)   52        34      1976


SUNRISE AND SUNSET
MAY  3 2016...........SUNRISE   601 AM CDT   SUNSET   750 PM CDT
MAY  4 2016...........SUNRISE   600 AM CDT   SUNSET   751 PM CDT


-  INDICATES NEGATIVE NUMBERS.
R  INDICATES RECORD WAS SET OR TIED.
MM INDICATES DATA IS MISSING.
T  INDICATES TRACE AMOUNT.




$$
