000
CDUS43 KPAH 170633
CLICGI


CLIMATE REPORT
NATIONAL WEATHER SERVICE PADUCAH KY
1229 AM CST WED DEC 17 2014


...................................

...THE CAPE GIRARDEAU MO CLIMATE SUMMARY FOR DECEMBER 16 2014...

CLIMATE NORMAL PERIOD 1981 TO 2010
CLIMATE RECORD PERIOD 1960 TO 2014


WEATHER ITEM   OBSERVED TIME   RECORD YEAR NORMAL DEPARTURE LAST
                VALUE   (LST)  VALUE       VALUE  FROM      YEAR
                                                  NORMAL
..................................................................
TEMPERATURE (F)
 YESTERDAY
  MAXIMUM         MM        MM  66    1984  44     MM       45
  MINIMUM         MM        MM  -2    1989  27     MM       28
  AVERAGE         MM                        36     MM

PRECIPITATION (IN)
  YESTERDAY        0.00          2.73 2001   0.13  -0.13     0.00
  MONTH TO DATE    1.60                      2.31  -0.71     1.25
  SINCE DEC 1      1.60                      2.31  -0.71     1.25
  SINCE JAN 1     42.52                     44.87  -2.35    35.77

DEGREE DAYS
 HEATING
  YESTERDAY       MM                        29     MM       28
  MONTH TO DATE  342                       437    -95      526
  SINCE DEC 1    342                       437    -95      526
  SINCE JUL 1   1338                      1288     50     1432

 COOLING
  YESTERDAY       MM                         0     MM        0
  MONTH TO DATE    0                         0      0        0
  SINCE DEC 1      0                         0      0        0
  SINCE JAN 1   1424                      1453    -29     1441
..................................................................


WIND (MPH)
  HIGHEST WIND SPEED    23   HIGHEST WIND DIRECTION     W (270)
  HIGHEST GUST SPEED    29   HIGHEST GUST DIRECTION     W (270)
  AVERAGE WIND SPEED    12.2


SKY COVER
  AVERAGE SKY COVER 1.0


WEATHER CONDITIONS
 THE FOLLOWING WEATHER WAS RECORDED YESTERDAY.
  NO SIGNIFICANT WEATHER WAS OBSERVED.


RELATIVE HUMIDITY (PERCENT)
 HIGHEST    MM
 LOWEST     MM
 AVERAGE    MM

..........................................................


THE CAPE GIRARDEAU MO CLIMATE NORMALS FOR TODAY
                         NORMAL    RECORD    YEAR
 MAXIMUM TEMPERATURE (F)   44        66      1984
 MINIMUM TEMPERATURE (F)   27         4      2000


SUNRISE AND SUNSET
DECEMBER 17 2014......SUNRISE   706 AM CST   SUNSET   443 PM CST
DECEMBER 18 2014......SUNRISE   707 AM CST   SUNSET   443 PM CST


-  INDICATES NEGATIVE NUMBERS.
R  INDICATES RECORD WAS SET OR TIED.
MM INDICATES DATA IS MISSING.
T  INDICATES TRACE AMOUNT.




$$
