000
CDUS43 KPAH 180632
CLICGI


CLIMATE REPORT
NATIONAL WEATHER SERVICE PADUCAH KY
1231 AM CST WED JAN 18 2017


...................................

...THE CAPE GIRARDEAU MO CLIMATE SUMMARY FOR JANUARY 17 2017...

CLIMATE NORMAL PERIOD 1981 TO 2010
CLIMATE RECORD PERIOD 1960 TO 2017


WEATHER ITEM   OBSERVED TIME   RECORD YEAR NORMAL DEPARTURE LAST
                VALUE   (LST)  VALUE       VALUE  FROM      YEAR
                                                  NORMAL
..................................................................
TEMPERATURE (F)
 YESTERDAY
  MAXIMUM         61   1209 AM  65    1996  42     19       30
  MINIMUM         43    837 AM -16    1977  24     19       13
  AVERAGE         52                        33     19

PRECIPITATION (IN)
  YESTERDAY        0.00          1.50 1969   0.11  -0.11     0.00
  MONTH TO DATE    1.89                      1.89   0.00     1.52
  SINCE DEC 1      5.23                      6.14  -0.91     3.91
  SINCE JAN 1      1.89                      1.89   0.00     1.52

DEGREE DAYS
 HEATING
  YESTERDAY       13                        32    -19       43
  MONTH TO DATE  480                       544    -64      513
  SINCE DEC 1   1371                      1444    -73     1075
  SINCE JUL 1   1948                      2295   -347     1725

 COOLING
  YESTERDAY        0                         0      0        0
  MONTH TO DATE    0                         0      0        0
  SINCE DEC 1      0                         0      0        2
  SINCE JAN 1      0                         0      0        0
..................................................................


WIND (MPH)
  HIGHEST WIND SPEED    18   HIGHEST WIND DIRECTION    SW (220)
  HIGHEST GUST SPEED    23   HIGHEST GUST DIRECTION    SW (230)
  AVERAGE WIND SPEED     9.0


SKY COVER
  AVERAGE SKY COVER 0.7


WEATHER CONDITIONS
 THE FOLLOWING WEATHER WAS RECORDED YESTERDAY.
  NO SIGNIFICANT WEATHER WAS OBSERVED.


RELATIVE HUMIDITY (PERCENT)
 HIGHEST    93
 LOWEST     74
 AVERAGE    84

..........................................................


THE CAPE GIRARDEAU MO CLIMATE NORMALS FOR TODAY
                         NORMAL    RECORD    YEAR
 MAXIMUM TEMPERATURE (F)   42        66      1996
 MINIMUM TEMPERATURE (F)   24       -10      1994


SUNRISE AND SUNSET
JANUARY 18 2017.......SUNRISE   710 AM CST   SUNSET   508 PM CST
JANUARY 19 2017.......SUNRISE   710 AM CST   SUNSET   509 PM CST


-  INDICATES NEGATIVE NUMBERS.
R  INDICATES RECORD WAS SET OR TIED.
MM INDICATES DATA IS MISSING.
T  INDICATES TRACE AMOUNT.




$$
