876
CDUS43 KPAH 210650
CLICGI


CLIMATE REPORT
NATIONAL WEATHER SERVICE PADUCAH KY
147 AM CDT SUN MAY 21 2017


...................................

...THE CAPE GIRARDEAU MO CLIMATE SUMMARY FOR MAY 20 2017...

CLIMATE NORMAL PERIOD 1981 TO 2010
CLIMATE RECORD PERIOD 1960 TO 2017


WEATHER ITEM   OBSERVED TIME   RECORD YEAR NORMAL DEPARTURE LAST
                VALUE   (LST)  VALUE       VALUE  FROM      YEAR
                                                  NORMAL
..................................................................
TEMPERATURE (F)
 YESTERDAY
  MAXIMUM         80    449 PM  93    1975  79      1       71
  MINIMUM         68    807 AM  42    2007  57     11       56
  AVERAGE         74                        68      6

PRECIPITATION (IN)
  YESTERDAY        0.79          1.09 2010   0.16   0.63     0.09
  MONTH TO DATE    4.58                      3.77   0.81     3.33
  SINCE MAR 1     15.67                     12.53   3.14    13.49
  SINCE JAN 1     18.69                     19.41  -0.72    18.27

DEGREE DAYS
 HEATING
  YESTERDAY        0                         2     -2        1
  MONTH TO DATE   62                        57      5      100
  SINCE MAR 1    689                       878   -189      679
  SINCE JUL 1   3424                      4375   -951     3571

 COOLING
  YESTERDAY        9                         5      4        0
  MONTH TO DATE   87                        59     28       32
  SINCE MAR 1    129                        90     39       50
  SINCE JAN 1    129                        90     39       50
..................................................................


WIND (MPH)
  HIGHEST WIND SPEED    37   HIGHEST WIND DIRECTION     S (190)
  HIGHEST GUST SPEED    53   HIGHEST GUST DIRECTION     S (200)
  AVERAGE WIND SPEED     7.2


SKY COVER
  AVERAGE SKY COVER 0.5


WEATHER CONDITIONS
 THE FOLLOWING WEATHER WAS RECORDED YESTERDAY.
  THUNDERSTORM
  HEAVY RAIN
  RAIN
  LIGHT RAIN
  FOG


RELATIVE HUMIDITY (PERCENT)
 HIGHEST    87
 LOWEST     62
 AVERAGE    75

..........................................................


THE CAPE GIRARDEAU MO CLIMATE NORMALS FOR TODAY
                         NORMAL    RECORD    YEAR
 MAXIMUM TEMPERATURE (F)   79        95      1987
 MINIMUM TEMPERATURE (F)   57        43      1968


SUNRISE AND SUNSET
MAY 21 2017...........SUNRISE   545 AM CDT   SUNSET   805 PM CDT
MAY 22 2017...........SUNRISE   544 AM CDT   SUNSET   806 PM CDT


-  INDICATES NEGATIVE NUMBERS.
R  INDICATES RECORD WAS SET OR TIED.
MM INDICATES DATA IS MISSING.
T  INDICATES TRACE AMOUNT.




$$
