000
CDUS43 KPAH 300633
CLICGI


CLIMATE REPORT
NATIONAL WEATHER SERVICE PADUCAH KY
131 AM CDT TUE SEP 30 2014


...................................

...THE CAPE GIRARDEAU MO CLIMATE SUMMARY FOR SEPTEMBER 29 2014...

CLIMATE NORMAL PERIOD 1981 TO 2010
CLIMATE RECORD PERIOD 1960 TO 2014


WEATHER ITEM   OBSERVED TIME   RECORD YEAR NORMAL DEPARTURE LAST
                VALUE   (LST)  VALUE       VALUE  FROM      YEAR
                                                  NORMAL
..................................................................
TEMPERATURE (F)
 YESTERDAY
  MAXIMUM         87    213 PM  95    1998  76     11       72
  MINIMUM         51    555 AM  35    2003  51      0       64
  AVERAGE         69                        63      6

PRECIPITATION (IN)
  YESTERDAY        0.00          0.70 1972   0.10  -0.10      T
  MONTH TO DATE    2.05                      3.17  -1.12     0.44
  SINCE SEP 1      2.05                      3.17  -1.12     0.44
  SINCE JAN 1     34.35                     34.22   0.13    28.67

DEGREE DAYS
 HEATING
  YESTERDAY        0                         4     -4        0
  MONTH TO DATE   46                        41      5       10
  SINCE SEP 1     46                        41      5       10
  SINCE JUL 1     46                        42      4       11

 COOLING
  YESTERDAY        4                         3      1        3
  MONTH TO DATE  142                       161    -19      209
  SINCE SEP 1    142                       161    -19      209
  SINCE JAN 1   1381                      1421    -40     1390
..................................................................


WIND (MPH)
  HIGHEST WIND SPEED    15   HIGHEST WIND DIRECTION     E (70)
  HIGHEST GUST SPEED    20   HIGHEST GUST DIRECTION     E (70)
  AVERAGE WIND SPEED     2.1


SKY COVER
  AVERAGE SKY COVER 0.3


WEATHER CONDITIONS
 THE FOLLOWING WEATHER WAS RECORDED YESTERDAY.
  FOG
  FOG W/VISIBILITY <= 1/4 MILE
  HAZE


RELATIVE HUMIDITY (PERCENT)
 HIGHEST   100
 LOWEST     32
 AVERAGE    66

..........................................................


THE CAPE GIRARDEAU MO CLIMATE NORMALS FOR TODAY
                         NORMAL    RECORD    YEAR
 MAXIMUM TEMPERATURE (F)   76        95      1971
 MINIMUM TEMPERATURE (F)   50        33      1999


SUNRISE AND SUNSET
SEPTEMBER 30 2014.....SUNRISE   653 AM CDT   SUNSET   643 PM CDT
OCTOBER  1 2014.......SUNRISE   654 AM CDT   SUNSET   642 PM CDT


-  INDICATES NEGATIVE NUMBERS.
R  INDICATES RECORD WAS SET OR TIED.
MM INDICATES DATA IS MISSING.
T  INDICATES TRACE AMOUNT.




$$
