000
CDUS43 KPAH 220632
CLICGI


CLIMATE REPORT
NATIONAL WEATHER SERVICE PADUCAH KY
131 AM CDT FRI JUL 22 2016


...................................

...THE CAPE GIRARDEAU MO CLIMATE SUMMARY FOR JULY 21 2016...

CLIMATE NORMAL PERIOD 1981 TO 2010
CLIMATE RECORD PERIOD 1960 TO 2016


WEATHER ITEM   OBSERVED TIME   RECORD YEAR NORMAL DEPARTURE LAST
                VALUE   (LST)  VALUE       VALUE  FROM      YEAR
                                                  NORMAL
..................................................................
TEMPERATURE (F)
 YESTERDAY
  MAXIMUM         93    436 PM 102    1973  89      4       89
  MINIMUM         73    519 AM  55    2007  68      5       72
  AVERAGE         83                        79      4

PRECIPITATION (IN)
  YESTERDAY        0.00          1.43 1990   0.11  -0.11     0.00
  MONTH TO DATE    3.29                      2.28   1.01     8.41
  SINCE JUN 1      4.57                      5.85  -1.28    12.73
  SINCE JAN 1     27.85                     26.95   0.90    38.17

DEGREE DAYS
 HEATING
  YESTERDAY        0                         0      0        0
  MONTH TO DATE    0                         0      0        0
  SINCE JUN 1      0                         4     -4        5
  SINCE JUL 1      0                         0      0        0

 COOLING
  YESTERDAY       18                        14      4       16
  MONTH TO DATE  315                       291     24      305
  SINCE JUN 1    726                       603    123      686
  SINCE JAN 1    847                       755     92      863
..................................................................


WIND (MPH)
  HIGHEST WIND SPEED    10   HIGHEST WIND DIRECTION    SW (210)
  HIGHEST GUST SPEED    13   HIGHEST GUST DIRECTION     S (200)
  AVERAGE WIND SPEED     3.8


SKY COVER
  AVERAGE SKY COVER 0.0


WEATHER CONDITIONS
 THE FOLLOWING WEATHER WAS RECORDED YESTERDAY.
  FOG


RELATIVE HUMIDITY (PERCENT)
 HIGHEST   100
 LOWEST     56
 AVERAGE    78

..........................................................


THE CAPE GIRARDEAU MO CLIMATE NORMALS FOR TODAY
                         NORMAL    RECORD    YEAR
 MAXIMUM TEMPERATURE (F)   89       102      1983
 MINIMUM TEMPERATURE (F)   68        53      1970


SUNRISE AND SUNSET
JULY 22 2016..........SUNRISE   555 AM CDT   SUNSET   814 PM CDT
JULY 23 2016..........SUNRISE   556 AM CDT   SUNSET   813 PM CDT


-  INDICATES NEGATIVE NUMBERS.
R  INDICATES RECORD WAS SET OR TIED.
MM INDICATES DATA IS MISSING.
T  INDICATES TRACE AMOUNT.




$$
