000
CDUS43 KPAH 270634
CLICGI


CLIMATE REPORT
NATIONAL WEATHER SERVICE PADUCAH KY
131 AM CDT SUN JUL 27 2014


...................................

...THE CAPE GIRARDEAU MO CLIMATE SUMMARY FOR JULY 26 2014...

CLIMATE NORMAL PERIOD 1981 TO 2010
CLIMATE RECORD PERIOD 1960 TO 2014


WEATHER ITEM   OBSERVED TIME   RECORD YEAR NORMAL DEPARTURE LAST
                VALUE   (LST)  VALUE       VALUE  FROM      YEAR
                                                  NORMAL
..................................................................
TEMPERATURE (F)
 YESTERDAY
  MAXIMUM         91    318 PM 100    1997  89      2       82
  MINIMUM         66    545 AM  55    1962  68     -2       58
  AVERAGE         79                        78      1

PRECIPITATION (IN)
  YESTERDAY        0.00          1.80 1998   0.11  -0.11      T
  MONTH TO DATE    2.92                      2.84   0.08     0.25
  SINCE JUN 1     10.42                      6.41   4.01     8.01
  SINCE JAN 1     28.81                     27.51   1.30    24.18

DEGREE DAYS
 HEATING
  YESTERDAY        0                         0      0        0
  MONTH TO DATE    0                         0      0        0
  SINCE JUN 1      0                         4     -4        0
  SINCE JUL 1      0                         0      0        0

 COOLING
  YESTERDAY       14                        13      1        5
  MONTH TO DATE  240                       360   -120      307
  SINCE JUN 1    599                       672    -73      640
  SINCE JAN 1    810                       824    -14      811
..................................................................


WIND (MPH)
  HIGHEST WIND SPEED    18   HIGHEST WIND DIRECTION    SW (210)
  HIGHEST GUST SPEED    26   HIGHEST GUST DIRECTION    SW (220)
  AVERAGE WIND SPEED     8.5


SKY COVER
  AVERAGE SKY COVER 0.0


WEATHER CONDITIONS
 THE FOLLOWING WEATHER WAS RECORDED YESTERDAY.
  FOG
  HAZE


RELATIVE HUMIDITY (PERCENT)
 HIGHEST    93
 LOWEST     66
 AVERAGE    80

..........................................................


THE CAPE GIRARDEAU MO CLIMATE NORMALS FOR TODAY
                         NORMAL    RECORD    YEAR
 MAXIMUM TEMPERATURE (F)   89        99      1993
 MINIMUM TEMPERATURE (F)   68        49      1962


SUNRISE AND SUNSET
JULY 27 2014..........SUNRISE   559 AM CDT   SUNSET   810 PM CDT
JULY 28 2014..........SUNRISE   600 AM CDT   SUNSET   809 PM CDT


-  INDICATES NEGATIVE NUMBERS.
R  INDICATES RECORD WAS SET OR TIED.
MM INDICATES DATA IS MISSING.
T  INDICATES TRACE AMOUNT.




$$
