000
CDUS43 KPAH 250632
CLICGI


CLIMATE REPORT
NATIONAL WEATHER SERVICE PADUCAH KY
1229 AM CST WED FEB 25 2015


...................................

...THE CAPE GIRARDEAU MO CLIMATE SUMMARY FOR FEBRUARY 24 2015...

CLIMATE NORMAL PERIOD 1981 TO 2010
CLIMATE RECORD PERIOD 1960 TO 2015


WEATHER ITEM   OBSERVED TIME   RECORD YEAR NORMAL DEPARTURE LAST
                VALUE   (LST)  VALUE       VALUE  FROM      YEAR
                                                  NORMAL
..................................................................
TEMPERATURE (F)
 YESTERDAY
  MAXIMUM         30    545 PM  73    2000  51    -21       43
  MINIMUM         13    644 AM  11    1967  31    -18       24
  AVERAGE         22                        41    -19

PRECIPITATION (IN)
  YESTERDAY        0.00          2.61 2011   0.13  -0.13     0.00
  MONTH TO DATE    1.75                      2.93  -1.18     1.14
  SINCE DEC 1      9.33                     10.65  -1.32     8.70
  SINCE JAN 1      6.52                      6.40   0.12     3.14

DEGREE DAYS
 HEATING
  YESTERDAY       43                        24     19       31
  MONTH TO DATE  900                       665    235      802
  SINCE DEC 1   2613                      2552     61     2880
  SINCE JUL 1   3609                      3403    206     3786

 COOLING
  YESTERDAY        0                         0      0        0
  MONTH TO DATE    0                         0      0        0
  SINCE DEC 1      0                         0      0        0
  SINCE JAN 1      0                         0      0        0
..................................................................


WIND (MPH)
  HIGHEST WIND SPEED    16   HIGHEST WIND DIRECTION     S (190)
  HIGHEST GUST SPEED    21   HIGHEST GUST DIRECTION    SW (210)
  AVERAGE WIND SPEED     6.4


SKY COVER
  AVERAGE SKY COVER 0.3


WEATHER CONDITIONS
 THE FOLLOWING WEATHER WAS RECORDED YESTERDAY.
  NO SIGNIFICANT WEATHER WAS OBSERVED.


RELATIVE HUMIDITY (PERCENT)
 HIGHEST    92
 LOWEST     54
 AVERAGE    73

..........................................................


THE CAPE GIRARDEAU MO CLIMATE NORMALS FOR TODAY
                         NORMAL    RECORD    YEAR
 MAXIMUM TEMPERATURE (F)   51        73      1981
 MINIMUM TEMPERATURE (F)   31         2      1967


SUNRISE AND SUNSET
FEBRUARY 25 2015......SUNRISE   635 AM CST   SUNSET   548 PM CST
FEBRUARY 26 2015......SUNRISE   634 AM CST   SUNSET   549 PM CST


-  INDICATES NEGATIVE NUMBERS.
R  INDICATES RECORD WAS SET OR TIED.
MM INDICATES DATA IS MISSING.
T  INDICATES TRACE AMOUNT.




$$
