414
CDUS43 KPAH 080633
CLICGI


CLIMATE REPORT
NATIONAL WEATHER SERVICE PADUCAH KY
1231 AM CST THU DEC 8 2016


...................................

...THE CAPE GIRARDEAU MO CLIMATE SUMMARY FOR DECEMBER 7 2016...

CLIMATE NORMAL PERIOD 1981 TO 2010
CLIMATE RECORD PERIOD 1960 TO 2016


WEATHER ITEM   OBSERVED TIME   RECORD YEAR NORMAL DEPARTURE LAST
                VALUE   (LST)  VALUE       VALUE  FROM      YEAR
                                                  NORMAL
..................................................................
TEMPERATURE (F)
 YESTERDAY
  MAXIMUM         42   1129 AM  70    1966  47     -5       54
  MINIMUM         30    659 AM   5    1984  29      1       31
  AVERAGE         36                        38     -2

PRECIPITATION (IN)
  YESTERDAY        0.00          1.12 1978   0.15  -0.15     0.00
  MONTH TO DATE    0.80                      1.03  -0.23     0.00
  SINCE DEC 1      0.80                      1.03  -0.23     0.00
  SINCE JAN 1     46.95                     43.59   3.36    55.58

DEGREE DAYS
 HEATING
  YESTERDAY       29                        27      2       22
  MONTH TO DATE  180                       182     -2      174
  SINCE DEC 1    180                       182     -2      174
  SINCE JUL 1    757                      1033   -276      824

 COOLING
  YESTERDAY        0                         0      0        0
  MONTH TO DATE    0                         0      0        0
  SINCE DEC 1      0                         0      0        0
  SINCE JAN 1   1798                      1453    345     1531
..................................................................


WIND (MPH)
  HIGHEST WIND SPEED    13   HIGHEST WIND DIRECTION     N (360)
  HIGHEST GUST SPEED    15   HIGHEST GUST DIRECTION     N (350)
  AVERAGE WIND SPEED     6.4


SKY COVER
  AVERAGE SKY COVER 0.6


WEATHER CONDITIONS
 THE FOLLOWING WEATHER WAS RECORDED YESTERDAY.
  NO SIGNIFICANT WEATHER WAS OBSERVED.


RELATIVE HUMIDITY (PERCENT)
 HIGHEST    78
 LOWEST     38
 AVERAGE    58

..........................................................


THE CAPE GIRARDEAU MO CLIMATE NORMALS FOR TODAY
                         NORMAL    RECORD    YEAR
 MAXIMUM TEMPERATURE (F)   47        68      1966
 MINIMUM TEMPERATURE (F)   29         6      2005


SUNRISE AND SUNSET
DECEMBER  8 2016......SUNRISE   700 AM CST   SUNSET   441 PM CST
DECEMBER  9 2016......SUNRISE   701 AM CST   SUNSET   441 PM CST


-  INDICATES NEGATIVE NUMBERS.
R  INDICATES RECORD WAS SET OR TIED.
MM INDICATES DATA IS MISSING.
T  INDICATES TRACE AMOUNT.




$$
