812
CDUS43 KPAH 212139
CLICGI


CLIMATE REPORT
NATIONAL WEATHER SERVICE PADUCAH KY
439 PM CDT WED JUN 21 2017


...................................

...THE CAPE GIRARDEAU MO CLIMATE SUMMARY FOR JUNE 21 2017...
VALID TODAY AS OF 0400 PM LOCAL TIME.

CLIMATE NORMAL PERIOD 1981 TO 2010
CLIMATE RECORD PERIOD 1960 TO 2017


WEATHER ITEM   OBSERVED TIME   RECORD YEAR NORMAL DEPARTURE LAST
                VALUE   (LST)  VALUE       VALUE  FROM      YEAR
                                                  NORMAL
..................................................................
TEMPERATURE (F)
 TODAY
  MAXIMUM         89   1234 PM  98    1988  88      1       93
  MINIMUM         65    457 AM  51    2003  66     -1       75
  AVERAGE         77                        77      0

PRECIPITATION (IN)
  TODAY            0.00          1.57 1962   0.11  -0.11     0.00
  MONTH TO DATE    1.94                      2.55  -0.61     1.01
  SINCE JUN 1      1.94                      2.55  -0.61     1.01
  SINCE JAN 1     21.16                     23.65  -2.49    24.29

DEGREE DAYS
 HEATING
  TODAY            0                         0      0        0
  MONTH TO DATE    0                         1     -1        0
  SINCE JUN 1      0                         1     -1        0
  SINCE JUL 1   3430                      4387   -957     3571

 COOLING
  TODAY           12                        12      0       19
  MONTH TO DATE  229                       197     32      268
  SINCE JUN 1    229                       197     32      268
  SINCE JAN 1    404                       349     55      389
..................................................................


WIND (MPH)
  HIGHEST WIND SPEED    13   HIGHEST WIND DIRECTION     S (200)
  HIGHEST GUST SPEED    16   HIGHEST GUST DIRECTION     S (200)
  AVERAGE WIND SPEED     4.5


SKY COVER
  AVERAGE SKY COVER 0.0


WEATHER CONDITIONS
 THE FOLLOWING WEATHER WAS RECORDED TODAY.
  NO SIGNIFICANT WEATHER WAS OBSERVED.


RELATIVE HUMIDITY (PERCENT)
 HIGHEST    87
 LOWEST     46
 AVERAGE    67

..........................................................


THE CAPE GIRARDEAU MO CLIMATE NORMALS FOR TOMORROW
                         NORMAL
 MAXIMUM TEMPERATURE (F)   88
 MINIMUM TEMPERATURE (F)   66


SUNRISE AND SUNSET
JUNE 21 2017..........SUNRISE   538 AM CDT   SUNSET   822 PM CDT
JUNE 22 2017..........SUNRISE   539 AM CDT   SUNSET   822 PM CDT


-  INDICATES NEGATIVE NUMBERS.
R  INDICATES RECORD WAS SET OR TIED.
MM INDICATES DATA IS MISSING.
T  INDICATES TRACE AMOUNT.




$$
