000
CDUS43 KPAH 280629
CLICGI


CLIMATE REPORT
NATIONAL WEATHER SERVICE PADUCAH KY
127 AM CDT THU AUG 28 2014

...................................

...THE CAPE GIRARDEAU MO CLIMATE SUMMARY FOR AUGUST 27 2014...

CLIMATE NORMAL PERIOD 1981 TO 2010
CLIMATE RECORD PERIOD 1960 TO 2014

WEATHER ITEM   OBSERVED TIME   RECORD YEAR NORMAL DEPARTURE LAST
                VALUE   (LST)  VALUE       VALUE  FROM      YEAR
                                                  NORMAL
..................................................................
TEMPERATURE (F)
 YESTERDAY
  MAXIMUM         94    302 PM  99    1983  88      6       89
  MINIMUM         69    546 AM  51    2010  64      5       68
  AVERAGE         82                        76      6

PRECIPITATION (IN)
  YESTERDAY        0.00          2.35 2006   0.10  -0.10     0.00
  MONTH TO DATE    2.86                      2.61   0.25     3.53
  SINCE JUN 1     13.28                      9.54   3.74    12.06
  SINCE JAN 1     31.67                     30.64   1.03    28.23

DEGREE DAYS
 HEATING
  YESTERDAY        0                         0      0        0
  MONTH TO DATE    0                         0      0        1
  SINCE JUN 1      0                         4     -4        1
  SINCE JUL 1      0                         0      0        1

 COOLING
  YESTERDAY       17                        11      6       14
  MONTH TO DATE  339                       334      5      269
  SINCE JUN 1    973                      1068    -95      942
  SINCE JAN 1   1184                      1220    -36     1113
..................................................................

WIND (MPH)
  HIGHEST WIND SPEED    14   HIGHEST WIND DIRECTION    NE (30)
  HIGHEST GUST SPEED    17   HIGHEST GUST DIRECTION     N (20)
  AVERAGE WIND SPEED     1.8

SKY COVER
  AVERAGE SKY COVER 0.1

WEATHER CONDITIONS
 THE FOLLOWING WEATHER WAS RECORDED YESTERDAY.
  FOG
  FOG W/VISIBILITY <= 1/4 MILE
  HAZE

RELATIVE HUMIDITY (PERCENT)
 HIGHEST   100
 LOWEST     46
 AVERAGE    73
..........................................................

THE CAPE GIRARDEAU MO CLIMATE NORMALS FOR TODAY
                         NORMAL    RECORD    YEAR
 MAXIMUM TEMPERATURE (F)   87        99      2007
 MINIMUM TEMPERATURE (F)   63        48      1967

SUNRISE AND SUNSET
AUGUST 28 2014........SUNRISE   626 AM CDT   SUNSET   733 PM CDT
AUGUST 29 2014........SUNRISE   626 AM CDT   SUNSET   731 PM CDT

-  INDICATES NEGATIVE NUMBERS.
R  INDICATES RECORD WAS SET OR TIED.
MM INDICATES DATA IS MISSING.
T  INDICATES TRACE AMOUNT.

$$
