000
CDUS43 KPAH 280632
CLICGI


CLIMATE REPORT
NATIONAL WEATHER SERVICE PADUCAH KY
130 AM CDT SUN JUN 28 2015


...................................

...THE CAPE GIRARDEAU MO CLIMATE SUMMARY FOR JUNE 27 2015...

CLIMATE NORMAL PERIOD 1981 TO 2010
CLIMATE RECORD PERIOD 1960 TO 2015


WEATHER ITEM   OBSERVED TIME   RECORD YEAR NORMAL DEPARTURE LAST
                VALUE   (LST)  VALUE       VALUE  FROM      YEAR
                                                  NORMAL
..................................................................
TEMPERATURE (F)
 YESTERDAY
  MAXIMUM         82    341 PM  99    1971  89     -7       81
  MINIMUM         65   1159 PM  53    2012  67     -2       70
  AVERAGE         74                        78     -4

PRECIPITATION (IN)
  YESTERDAY        0.00          0.91 1960   0.11  -0.11     0.33
  MONTH TO DATE    4.31                      3.23   1.08     6.42
  SINCE JUN 1      4.31                      3.23   1.08     6.42
  SINCE JAN 1     29.75                     24.33   5.42    24.81

DEGREE DAYS
 HEATING
  YESTERDAY        0                         0      0        0
  MONTH TO DATE    5                         1      4        0
  SINCE JUN 1      5                         1      4        0
  SINCE JUL 1   4617                      4387    230     4941

 COOLING
  YESTERDAY        9                        13     -4       11
  MONTH TO DATE  346                       271     75      320
  SINCE JUN 1    346                       271     75      320
  SINCE JAN 1    523                       423    100      531
..................................................................


WIND (MPH)
  HIGHEST WIND SPEED    18   HIGHEST WIND DIRECTION     N (360)
  HIGHEST GUST SPEED    25   HIGHEST GUST DIRECTION     N (20)
  AVERAGE WIND SPEED     9.5


SKY COVER
  AVERAGE SKY COVER 0.5


WEATHER CONDITIONS
 THE FOLLOWING WEATHER WAS RECORDED YESTERDAY.
  NO SIGNIFICANT WEATHER WAS OBSERVED.


RELATIVE HUMIDITY (PERCENT)
 HIGHEST    90
 LOWEST     49
 AVERAGE    70

..........................................................


THE CAPE GIRARDEAU MO CLIMATE NORMALS FOR TODAY
                         NORMAL    RECORD    YEAR
 MAXIMUM TEMPERATURE (F)   89       103      2012
 MINIMUM TEMPERATURE (F)   67        55      1974


SUNRISE AND SUNSET
JUNE 28 2015..........SUNRISE   540 AM CDT   SUNSET   823 PM CDT
JUNE 29 2015..........SUNRISE   541 AM CDT   SUNSET   823 PM CDT


-  INDICATES NEGATIVE NUMBERS.
R  INDICATES RECORD WAS SET OR TIED.
MM INDICATES DATA IS MISSING.
T  INDICATES TRACE AMOUNT.




$$
