000
CDUS43 KPAH 290634
CLICGI


CLIMATE REPORT
NATIONAL WEATHER SERVICE PADUCAH KY
131 AM CDT WED JUL 29 2015


...................................

...THE CAPE GIRARDEAU MO CLIMATE SUMMARY FOR JULY 28 2015...

CLIMATE NORMAL PERIOD 1981 TO 2010
CLIMATE RECORD PERIOD 1960 TO 2015


WEATHER ITEM   OBSERVED TIME   RECORD YEAR NORMAL DEPARTURE LAST
                VALUE   (LST)  VALUE       VALUE  FROM      YEAR
                                                  NORMAL
..................................................................
TEMPERATURE (F)
 YESTERDAY
  MAXIMUM         94    229 PM 100    1993  89      5       83
  MINIMUM         74    544 AM  53    2013  67      7       60
                                      2004
  AVERAGE         84                        78      6

PRECIPITATION (IN)
  YESTERDAY        0.00          1.44 1972   0.10  -0.10     0.00
  MONTH TO DATE    9.22                      3.04   6.18     2.92
  SINCE JUN 1     13.54                      6.61   6.93    10.42
  SINCE JAN 1     38.98                     27.71  11.27    28.81

DEGREE DAYS
 HEATING
  YESTERDAY        0                         0      0        0
  MONTH TO DATE    0                         0      0        0
  SINCE JUN 1      5                         4      1        0
  SINCE JUL 1      0                         0      0        0

 COOLING
  YESTERDAY       19                        13      6        7
  MONTH TO DATE  422                       386     36      265
  SINCE JUN 1    803                       698    105      624
  SINCE JAN 1    980                       850    130      835
..................................................................


WIND (MPH)
  HIGHEST WIND SPEED    12   HIGHEST WIND DIRECTION    SW (220)
  HIGHEST GUST SPEED    14   HIGHEST GUST DIRECTION    SW (220)
  AVERAGE WIND SPEED     4.3


SKY COVER
  AVERAGE SKY COVER 0.0


WEATHER CONDITIONS
 THE FOLLOWING WEATHER WAS RECORDED YESTERDAY.
  NO SIGNIFICANT WEATHER WAS OBSERVED.


RELATIVE HUMIDITY (PERCENT)
 HIGHEST   100
 LOWEST     62
 AVERAGE    81

..........................................................


THE CAPE GIRARDEAU MO CLIMATE NORMALS FOR TODAY
                         NORMAL    RECORD    YEAR
 MAXIMUM TEMPERATURE (F)   89        98      1999
 MINIMUM TEMPERATURE (F)   67        56      2014
                                             1994


SUNRISE AND SUNSET
JULY 29 2015..........SUNRISE   600 AM CDT   SUNSET   809 PM CDT
JULY 30 2015..........SUNRISE   601 AM CDT   SUNSET   808 PM CDT


-  INDICATES NEGATIVE NUMBERS.
R  INDICATES RECORD WAS SET OR TIED.
MM INDICATES DATA IS MISSING.
T  INDICATES TRACE AMOUNT.




$$
