000
CDUS43 KPAH 112144
CLICGI


CLIMATE REPORT
NATIONAL WEATHER SERVICE PADUCAH KY
439 PM CDT FRI JUL 11 2014


...................................

...THE CAPE GIRARDEAU MO CLIMATE SUMMARY FOR JULY 11 2014...
VALID TODAY AS OF 0400 PM LOCAL TIME.

CLIMATE NORMAL PERIOD 1981 TO 2010
CLIMATE RECORD PERIOD 1960 TO 2014


WEATHER ITEM   OBSERVED TIME   RECORD YEAR NORMAL DEPARTURE LAST
                VALUE   (LST)  VALUE       VALUE  FROM      YEAR
                                                  NORMAL
..................................................................
TEMPERATURE (F)
 TODAY
  MAXIMUM         89    337 PM 103    1980  90     -1       87
  MINIMUM         65    431 AM  55    1963  68     -3       63
  AVERAGE         77                        79     -2

PRECIPITATION (IN)
  TODAY            0.00          2.91 2005   0.12  -0.12     0.00
  MONTH TO DATE    1.04                      1.21  -0.17     0.05
  SINCE JUN 1      8.54                      4.78   3.76     7.81
  SINCE JAN 1     26.93                     25.88   1.05    23.98

DEGREE DAYS
 HEATING
  TODAY            0                         0      0        0
  MONTH TO DATE    0                         0      0        0
  SINCE JUN 1      0                         4     -4        0
  SINCE JUL 1      0                         0      0        0

 COOLING
  TODAY           12                        14     -2       10
  MONTH TO DATE  108                       151    -43      113
  SINCE JUN 1    467                       463      4      446
  SINCE JAN 1    678                       615     63      617
..................................................................


WIND (MPH)
  HIGHEST WIND SPEED    12   HIGHEST WIND DIRECTION     S (190)
  HIGHEST GUST SPEED    15   HIGHEST GUST DIRECTION     S (200)
  AVERAGE WIND SPEED     3.8


SKY COVER
  AVERAGE SKY COVER 0.1


WEATHER CONDITIONS
 THE FOLLOWING WEATHER WAS RECORDED TODAY.
  FOG


RELATIVE HUMIDITY (PERCENT)
 HIGHEST    93
 LOWEST     50
 AVERAGE    72

..........................................................


THE CAPE GIRARDEAU MO CLIMATE NORMALS FOR TOMORROW
                         NORMAL
 MAXIMUM TEMPERATURE (F)   90
 MINIMUM TEMPERATURE (F)   68


SUNRISE AND SUNSET
JULY 11 2014..........SUNRISE   547 AM CDT   SUNSET   820 PM CDT
JULY 12 2014..........SUNRISE   548 AM CDT   SUNSET   820 PM CDT


-  INDICATES NEGATIVE NUMBERS.
R  INDICATES RECORD WAS SET OR TIED.
MM INDICATES DATA IS MISSING.
T  INDICATES TRACE AMOUNT.




$$
