000
CXUS53 KPAH 011824
CLMCGI

PAHCLMCAP 000
TTAA00 KPAH 011820


CLIMATE REPORT
NATIONAL WEATHER SERVICE PADUCAH KY
117 PM CDT WED NOV 1 2017

...................................

...THE CAPE GIRARDEAU MO CLIMATE SUMMARY FOR THE MONTH OF OCTOBER 2017...

CLIMATE NORMAL PERIOD 1981 TO 2010
CLIMATE RECORD PERIOD 1960 TO 2017

WEATHER         OBSERVED          NORMAL  DEPART  LAST YEAR`S
                 VALUE   DATE(S)  VALUE   FROM    VALUE
                                          NORMAL
.............................................................
TEMPERATURE (F)
RECORD
 HIGH              93   10/03/1969
 LOW               23   10/24/1981
                        10/23/1981
                        10/29/1976
HIGHEST            90   10/14                         89
LOWEST             28   10/31                         34
AVG. MAXIMUM     73.3              70.4     2.9     76.8
AVG. MINIMUM     47.6              45.1     2.5     51.0
MEAN             60.4              57.7     2.7     63.9
DAYS MAX >= 90      1               0.1     0.9        0
DAYS MAX <= 32      0               0.0     0.0        0
DAYS MIN <= 32      4               2.9     1.1        0
DAYS MIN <= 0       0               0.0     0.0        0

PRECIPITATION (INCHES)
RECORD
 MAXIMUM        10.65   1984
 MINIMUM            T   1964
TOTALS           2.57              3.79   -1.22     0.64
DAILY AVG.       0.08              0.12   -0.04     0.02
DAYS >= .01        10               8.5     1.5        6
DAYS >= .10         6               5.7     0.3        5
DAYS >= .50         1               2.6    -1.6        0
DAYS >= 1.00        1               1.2    -0.2        0
GREATEST
 24 HR. TOTAL    1.33   10/22 TO 10/22

DEGREE_DAYS
HEATING TOTAL     226               254     -28      112
 SINCE 7/1        242               303     -61      131
COOLING TOTAL      93                29      64       87
 SINCE 1/1       1486              1451      35     1787
..............................................................

WIND (MPH)
AVERAGE WIND SPEED              7.2
HIGHEST WIND SPEED/DIRECTION    32/300    DATE  10/24
HIGHEST GUST SPEED/DIRECTION    38/300    DATE  10/24

SKY COVER
POSSIBLE SUNSHINE (PERCENT)   MM
AVERAGE SKY COVER           0.40
NUMBER OF DAYS FAIR           16
NUMBER OF DAYS PC              9
NUMBER OF DAYS CLOUDY          6

AVERAGE RH (PERCENT)     67

WEATHER CONDITIONS. NUMBER OF DAYS WITH
THUNDERSTORM              0     MIXED PRECIP               0
HEAVY RAIN                3     RAIN                       4
LIGHT RAIN                9     FREEZING RAIN              0
LT FREEZING RAIN          0     HAIL                       0
HEAVY SNOW                0     SNOW                       0
LIGHT SNOW                0     SLEET                      0
FOG                      13     FOG W/VIS <= 1/4 MILE      5
HAZE                      2

-  INDICATES NEGATIVE NUMBERS.
R  INDICATES RECORD WAS SET OR TIED.
MM INDICATES DATA IS MISSING.
T  INDICATES TRACE AMOUNT.

$$
