000
CXUS53 KPAH 011824
CLMCGI

CLIMATE REPORT
NATIONAL WEATHER SERVICE PADUCAH KY
123 PM CDT TUE AUG 1 2017

...................................

...THE CAPE GIRARDEAU MO CLIMATE SUMMARY FOR THE MONTH OF JULY 2017...

CLIMATE NORMAL PERIOD 1981 TO 2010
CLIMATE RECORD PERIOD 1960 TO 2017

WEATHER         OBSERVED          NORMAL  DEPART  LAST YEAR`S
                 VALUE   DATE(S)  VALUE   FROM    VALUE
                                          NORMAL
.............................................................
TEMPERATURE (F)
RECORD
 HIGH             106   07/06/2012
                        07/05/2012
 LOW               49   07/27/1962
HIGHEST            96   07/21                         94
LOWEST             56   07/30                         63
AVG. MAXIMUM     89.5              89.4     0.1     89.2
AVG. MINIMUM     68.5              67.8     0.7     71.1
MEAN             79.0              78.6     0.4     80.2
DAYS MAX >= 90     17              15.2     1.8       15
DAYS MAX <= 32      0               0.0     0.0        0
DAYS MIN <= 32      0               0.0     0.0        0
DAYS MIN <= 0       0               0.0     0.0        0

PRECIPITATION (INCHES)
RECORD
 MAXIMUM        10.72   2001
 MINIMUM         0.63   1999
TOTALS           1.37              3.36   -1.99     5.88
DAILY AVG.       0.04              0.11   -0.07     0.20
DAYS >= .01         8               8.9    -0.9       14
DAYS >= .10         5               5.9    -0.9       13
DAYS >= .50         0               2.3    -2.3        5
DAYS >= 1.00        0               0.7    -0.7        1
GREATEST
 24 HR. TOTAL    0.45   07/05 TO 07/05

DEGREE_DAYS
COOLING TOTAL     441               422      19      476
 SINCE 1/1        924               886      38     1008
..............................................................

WIND (MPH)
AVERAGE WIND SPEED              5.3
HIGHEST WIND SPEED/DIRECTION    31/030    DATE  07/24
HIGHEST GUST SPEED/DIRECTION    40/360    DATE  07/24

SKY COVER
POSSIBLE SUNSHINE (PERCENT)   MM
AVERAGE SKY COVER           0.20
NUMBER OF DAYS FAIR           24
NUMBER OF DAYS PC              6
NUMBER OF DAYS CLOUDY          1

AVERAGE RH (PERCENT)     73

WEATHER CONDITIONS. NUMBER OF DAYS WITH
THUNDERSTORM              0     MIXED PRECIP               0
HEAVY RAIN                3     RAIN                       5
LIGHT RAIN                7     FREEZING RAIN              0
LT FREEZING RAIN          0     HAIL                       0
HEAVY SNOW                0     SNOW                       0
LIGHT SNOW                0     SLEET                      0
FOG                      19     FOG W/VIS <= 1/4 MILE      5
HAZE                      6

-  INDICATES NEGATIVE NUMBERS.
R  INDICATES RECORD WAS SET OR TIED.
MM INDICATES DATA IS MISSING.
T  INDICATES TRACE AMOUNT.

$$
