000
CXUS53 KPAH 021157
CLSCGI

STLCLMCAS 000
TTAA00 KPAH 021154


CLIMATE REPORT
NATIONAL WEATHER SERVICE PADUCAH KY
658 AM CDT FRI SEP 2 2016

...................................

...THE CAPE GIRARDEAU MO CLIMATE SUMMARY FOR THE SEASON, FROM
6/1/2016 TO 8/31/2016...

CLIMATE NORMAL PERIOD 1981 TO 2010
CLIMATE RECORD PERIOD 1960 TO 2016

WEATHER         OBSERVED          NORMAL  DEPART
                 VALUE   DATE(S)  VALUE   FROM
                                          NORMAL
................................................
TEMPERATURE (F)
RECORD
 HIGH             107   06/29/2012
 LOW               43   06/01/1972
HIGHEST           101   06/16        MM      MM
LOWEST             55   06/08        MM      MM
AVG. MAXIMUM     88.7              88.2     0.5
AVG. MINIMUM     69.5              65.8     3.7
MEAN             79.1              77.0     2.1
DAYS MAX >= 90     47              36.7    10.3
DAYS MAX <= 32      0               0.0     0.0
DAYS MIN <= 32      0               0.0     0.0
DAYS MIN <= 0       0               0.0     0.0

PRECIPITATION (INCHES)
RECORD
 MAXIMUM        18.62   1989
 MINIMUM         4.25   2007
TOTALS          13.42              9.95    3.47
DAILY AVG.       0.15              0.11    0.04
DAYS >= .01        32              26.3     5.7
DAYS >= .10        26              16.9     9.1
DAYS >= .50        10               6.4     3.6
DAYS >= 1.00        3               2.1     0.9
GREATEST
 24 HR. TOTAL    2.17   MM
 STORM TOTAL       MM
 (MM/DD(HH))            MM

SNOWFALL (INCHES)
RECORDS
 TOTAL             MM   MM
 24 HR TOTAL       MM
TOTALS            0.0               0.0     0.0
 LIQUID EQUIV    0.00              0.00    0.00
SINCE 7/1         0.0               0.0     0.0
 LIQUID 7/1      0.00
DAYS >= TRACE       0               0.0     0.0
DAYS >= 1.0         0               0.0     0.0
GREATEST
 SNOW DEPTH         0   MM
 24 HR TOTAL      0.0   MM
 STORM TOTAL       MM
 (MM/DD(HH))            MM

DEGREE_DAYS
HEATING TOTAL       0                 5      -5
 SINCE 7/1          0                 1      -1
COOLING TOTAL    1322              1108     214
 SINCE 1/1       1443              1260     183

FREEZE DATES
RECORD
 EARLIEST     MM
 LATEST       MM
EARLIEST                        MM
LATEST                          MM
.................................................

WIND (MPH)
AVERAGE WIND SPEED              5.1
HIGHEST WIND SPEED/DIRECTION    40/290    DATE  07/06
HIGHEST GUST SPEED/DIRECTION    55/310    DATE  07/06

SKY COVER
POSSIBLE SUNSHINE (PERCENT)   MM
AVERAGE SKY COVER           0.30
NUMBER OF DAYS FAIR           63
NUMBER OF DAYS PC             24
NUMBER OF DAYS CLOUDY          5

AVERAGE RH (PERCENT)     75

WEATHER CONDITIONS. NUMBER OF DAYS WITH
THUNDERSTORM              0     MIXED PRECIP               0
HEAVY RAIN               20     RAIN                      19
LIGHT RAIN               37     FREEZING RAIN              0
LT FREEZING RAIN          0     HAIL                       0
HEAVY SNOW                0     SNOW                       0
LIGHT SNOW                0     SLEET                      0
FOG                      63     FOG W/VIS <= 1/4 MILE     12
HAZE                     13

-  INDICATES NEGATIVE NUMBERS.
R  INDICATES RECORD WAS SET OR TIED.
MM INDICATES DATA IS MISSING.
T  INDICATES TRACE AMOUNT.

$$
