000
CXUS53 KPAH 010733
CLSCGI

STLCLMCAS 000
TTAA00 KPAH 010718


CLIMATE REPORT
NATIONAL WEATHER SERVICE PADUCAH KY
216 AM CDT MON SEP 1 2014

...................................

...THE CAPE GIRARDEAU MO CLIMATE SUMMARY FOR THE SUMMER SEASON,
   FROM JUNE 1ST, 2014 TO AUGUST 31ST, 2014...

CLIMATE NORMAL PERIOD 1981 TO 2010
CLIMATE RECORD PERIOD 1960 TO 2014

WEATHER         OBSERVED          NORMAL  DEPART
                 VALUE   DATE(S)  VALUE   FROM
                                          NORMAL
................................................
TEMPERATURE (F)
RECORD
 HIGH             107   06/29/2012
 LOW               43   06/01/1972
HIGHEST            96   08/23        MM      MM
LOWEST             52   06/14        MM      MM
AVG. MAXIMUM     85.8              88.2    -2.4
AVG. MINIMUM     66.0              65.8     0.2
MEAN             75.9              77.0    -1.1
DAYS MAX >= 90     25              36.7   -11.7
DAYS MAX <= 32      0               0.0     0.0
DAYS MIN <= 32      0               0.0     0.0
DAYS MIN <= 0       0               0.0     0.0

PRECIPITATION (INCHES)
RECORD
 MAXIMUM        12.06   2013
 MINIMUM         4.28   2007
TOTALS          13.91              9.95    3.96
DAILY AVG.       0.15              0.11    0.04
DAYS >= .01        33              26.3     6.7
DAYS >= .10        24              16.9     7.1
DAYS >= .50        11               6.4     4.6
DAYS >= 1.00        5               2.1     2.9
GREATEST
 24 HR. TOTAL    1.94   MM
 STORM TOTAL       MM
 (MM/DD(HH))            MM

SNOWFALL (INCHES)
RECORDS
 TOTAL             MM   MM
 24 HR TOTAL       MM
TOTALS            0.0               0.0     0.0
 LIQUID EQUIV    0.00              0.00    0.00
SINCE 7/1         0.0               0.0     0.0
 LIQUID 7/1      0.00
DAYS >= TRACE       0               0.0     0.0
DAYS >= 1.0         0               0.0     0.0
GREATEST
 SNOW DEPTH         0   MM
 24 HR TOTAL      0.0   MM
 STORM TOTAL       MM
 (MM/DD(HH))            MM

DEGREE_DAYS
HEATING TOTAL       0                 5      -5
 SINCE 7/1          0                 1      -1
COOLING TOTAL    1028              1108     -80
 SINCE 1/1       1239              1260     -21

FREEZE DATES
RECORD
 EARLIEST     MM
 LATEST       MM
EARLIEST                        MM
LATEST                          MM
.................................................

WIND (MPH)
AVERAGE WIND SPEED              5.5
HIGHEST WIND SPEED/DIRECTION    43/050    DATE  07/23
HIGHEST GUST SPEED/DIRECTION    56/190    DATE  06/01

SKY COVER
POSSIBLE SUNSHINE (PERCENT)   MM
AVERAGE SKY COVER           0.30
NUMBER OF DAYS FAIR           63
NUMBER OF DAYS PC             25
NUMBER OF DAYS CLOUDY          4

AVERAGE RH (PERCENT)     75

WEATHER CONDITIONS. NUMBER OF DAYS WITH
THUNDERSTORM              0     MIXED PRECIP               0
HEAVY RAIN               18     RAIN                      20
LIGHT RAIN               32     FREEZING RAIN              0
LT FREEZING RAIN          0     HAIL                       0
HEAVY SNOW                0     SNOW                       0
LIGHT SNOW                0     SLEET                      0
FOG                      69     FOG W/VIS <= 1/4 MILE     20
HAZE                     42

-  INDICATES NEGATIVE NUMBERS.
R  INDICATES RECORD WAS SET OR TIED.
MM INDICATES DATA IS MISSING.
T  INDICATES TRACE AMOUNT.

&&
RMKS: 10TH WETTEST AUGUST ON RECORD. RECORD IS 18.63 INCHES SET IN
1989.

$$
