000
CXUS53 KPAH 030326
CLSCGI

STLCLMCAS 000
TTAA00 KPAH 030325


CLIMATE REPORT
NATIONAL WEATHER SERVICE PADUCAH KY
919 PM CST SUN DEC 2 2012

...................................

...THE CAPE GIRARDEAU MO CLIMATE SUMMARY FOR THE FALL SEASON, FROM
9/1/2012 TO 11/30/2012...

CLIMATE NORMAL PERIOD 1981 TO 2010
CLIMATE RECORD PERIOD 1960 TO 2012

WEATHER         OBSERVED          NORMAL  DEPART
                 VALUE   DATE(S)  VALUE   FROM
                                          NORMAL
................................................
TEMPERATURE (F)
RECORD
 HIGH             100   09/06/1960
 LOW                8   11/29/1976
HIGHEST            94   09/04        MM      MM
LOWEST             21   11/24        MM      MM
AVG. MAXIMUM     67.9              69.7    -1.8
AVG. MINIMUM     44.7              45.9    -1.2
MEAN             56.3              57.8    -1.5
DAYS MAX >= 90      3               3.7    -0.7
DAYS MAX <= 32      0               0.1    -0.1
DAYS MIN <= 32     18              14.5     3.5
DAYS MIN <= 0       0               0.0     0.0

PRECIPITATION (INCHES)
RECORD
 MAXIMUM        22.09   2011
 MINIMUM         7.89   2008
TOTALS          10.10             11.51   -1.41
DAILY AVG.       0.11              0.13   -0.02
DAYS >= .01        23              26.2    -3.2
DAYS >= .10        19              17.5     1.5
DAYS >= .50         9               7.9     1.1
DAYS >= 1.00        1               3.6    -2.6
GREATEST
 24 HR. TOTAL    1.82   MM
 STORM TOTAL       MM
 (MM/DD(HH))            MM

SNOWFALL (INCHES)
RECORDS
 TOTAL              T   2011
                        2010
                        2008
 24 HR TOTAL        T   11/25/2010 TO 11/25/2010
TOTALS            0.0               0.3    -0.3
 LIQUID EQUIV    0.00              0.00    0.00
SINCE 7/1         0.0               0.3    -0.3
 LIQUID 7/1      0.00
DAYS >= TRACE       0               0.4    -0.4
DAYS >= 1.0         0               0.2    -0.2
GREATEST
 SNOW DEPTH         0   MM
 24 HR TOTAL      0.0   MM
 STORM TOTAL       MM
 (MM/DD(HH))            MM

DEGREE_DAYS
HEATING TOTAL     939               850      89
 SINCE 7/1        939               851      88
COOLING TOTAL     168               193     -25
 SINCE 1/1       1784              1453     331

FREEZE DATES
RECORD
 EARLIEST     MM
 LATEST       MM
EARLIEST                        MM
LATEST                          MM
.................................................

WIND (MPH)
AVERAGE WIND SPEED              6.3
HIGHEST WIND SPEED/DIRECTION    37/250    DATE  09/01
HIGHEST GUST SPEED/DIRECTION    48/250    DATE  09/01

SKY COVER
POSSIBLE SUNSHINE (PERCENT)   MM
AVERAGE SKY COVER           0.30
NUMBER OF DAYS FAIR           60
NUMBER OF DAYS PC             21
NUMBER OF DAYS CLOUDY         10

AVERAGE RH (PERCENT)     70

WEATHER CONDITIONS. NUMBER OF DAYS WITH
THUNDERSTORM              0     MIXED PRECIP               0
HEAVY RAIN               17     RAIN                      17
LIGHT RAIN               29     FREEZING RAIN              0
LT FREEZING RAIN          0     HAIL                       0
HEAVY SNOW                0     SNOW                       0
LIGHT SNOW                0     SLEET                      0
FOG                      56     FOG W/VIS <= 1/4 MILE     20
HAZE                     15

-  INDICATES NEGATIVE NUMBERS.
R  INDICATES RECORD WAS SET OR TIED.
MM INDICATES DATA IS MISSING.
T  INDICATES TRACE AMOUNT.

&&

REMARKS: AN AVERAGE TEMPERATURE OF 56.3 DEGREES RANKS AS 5TH COOLEST FALL SEASON
ON RECORD. SEPTEMBER WAS THE 8TH WETTEST WITH 6.20 INCHES OF RAIN. OCTOBER RANKED
AS 9TH COOLEST WITH AN AVERAGE TEMPERATURE OF 55.8 DEGREES. NOVEMBER RANKED
AS 4TH DRIEST WITH ONLY 1.32 INCHES OF RAINFALL.

$$
