000
CXUS53 KPAH 010737
CLSCGI

STLCLMCAS 000
TTAA00 KPAH 010734


CLIMATE REPORT
NATIONAL WEATHER SERVICE PADUCAH KY
134 AM CST THU DEC 1 2011

...................................

...THE CAPE GIRARDEAU MO CLIMATE SUMMARY FOR THE SEASON, FROM
9/1/2011 TO 11/30/2011...

CLIMATE NORMAL PERIOD 1981 TO 2010
CLIMATE RECORD PERIOD 9999 TO 9999

WEATHER         OBSERVED          NORMAL  DEPART
                 VALUE   DATE(S)  VALUE   FROM
                                          NORMAL
................................................
TEMPERATURE (F)
RECORD
 HIGH              98   09/03/2011
 LOW               17   11/21/2008
HIGHEST            98R  09/03        MM      MM
LOWEST             26   11/11        MM      MM
AVG. MAXIMUM     69.5              69.7    -0.2
AVG. MINIMUM     46.7              45.9     0.8
MEAN             58.1              57.8     0.3
DAYS MAX >= 90      4               3.7     0.3
DAYS MAX <= 32      0               0.1    -0.1
DAYS MIN <= 32      8              14.5    -6.5
DAYS MIN <= 0       0               0.0     0.0

PRECIPITATION (INCHES)
RECORD
 MAXIMUM        11.24   2010
 MINIMUM         7.89   2008
TOTALS          22.09R            11.51   10.58
DAILY AVG.       0.24              0.13    0.11
DAYS >= .01        33              26.2     6.8
DAYS >= .10        23              17.5     5.5
DAYS >= .50        15               7.9     7.1
DAYS >= 1.00        7               3.6     3.4
GREATEST
 24 HR. TOTAL    7.37   MM
 STORM TOTAL       MM
 (MM/DD(HH))            MM

SNOWFALL (INCHES)
RECORDS
 TOTAL              T   2010
                        2008
 24 HR TOTAL        T   11/25/2010 TO 11/25/2010
TOTALS              TR              0.3    -0.3
 LIQUID EQUIV      MM              0.00      MM
SINCE 7/1           T               0.3    -0.3
 LIQUID 7/1        MM
DAYS >= TRACE       1               0.4     0.6
DAYS >= 1.0         0               0.2    -0.2
GREATEST
 SNOW DEPTH         0   MM
 24 HR TOTAL      0.0   MM
 STORM TOTAL       MM
 (MM/DD(HH))            MM

DEGREE_DAYS
HEATING TOTAL     725               850    -125
 SINCE 7/1        725               851    -126
COOLING TOTAL     119               193     -74
 SINCE 1/1       1698              1453     245

FREEZE DATES
RECORD
 EARLIEST     MM
 LATEST       MM
EARLIEST                        MM
LATEST                          MM
.................................................

WIND (MPH)
AVERAGE WIND SPEED              7.2
HIGHEST WIND SPEED/DIRECTION    52/280    DATE  11/14
HIGHEST GUST SPEED/DIRECTION    62/280    DATE  11/14

SKY COVER
POSSIBLE SUNSHINE (PERCENT)   MM
AVERAGE SKY COVER           0.40
NUMBER OF DAYS FAIR           44
NUMBER OF DAYS PC             25
NUMBER OF DAYS CLOUDY         22

AVERAGE RH (PERCENT)     68

WEATHER CONDITIONS. NUMBER OF DAYS WITH
THUNDERSTORM              0     MIXED PRECIP               0
HEAVY RAIN               15     RAIN                      21
LIGHT RAIN               31     FREEZING RAIN              0
LT FREEZING RAIN          0     HAIL                       0
HEAVY SNOW                0     SNOW                       0
LIGHT SNOW                2     SLEET                      0
FOG                      55     FOG W/VIS <= 1/4 MILE     18
HAZE                     12

-  INDICATES NEGATIVE NUMBERS.
R  INDICATES RECORD WAS SET OR TIED.
MM INDICATES DATA IS MISSING.
T  INDICATES TRACE AMOUNT.

$$
