000
CXUS53 KPAH 130317
CLSCGI

STLCLMCAS 000
TTAA00 KPAH 130316


CLIMATE REPORT
NATIONAL WEATHER SERVICE PADUCAH KY
1006 PM CDT WED SEP 12 2012

...................................

...THE CAPE GIRARDEAU MO CLIMATE SUMMARY FOR THE SUMMER SEASON, FROM
6/1/2012 TO 8/31/2012...

CLIMATE NORMAL PERIOD 1981 TO 2010
CLIMATE RECORD PERIOD 1960 TO 2012

WEATHER         OBSERVED          NORMAL  DEPART
                 VALUE   DATE(S)  VALUE   FROM
                                          NORMAL
................................................
TEMPERATURE (F)
RECORD
 HIGH             107   06/29/2012
 LOW               43   06/01/1972
HIGHEST           107R  06/29        MM      MM
LOWEST             46   06/02        MM      MM
AVG. MAXIMUM     92.3              88.2     4.1
AVG. MINIMUM     64.7              65.8    -1.1
MEAN             78.5              77.0     1.5
DAYS MAX >= 90     64              36.7    27.3
DAYS MAX <= 32      0               0.0     0.0
DAYS MIN <= 32      0               0.0     0.0
DAYS MIN <= 0       0               0.0     0.0

PRECIPITATION (INCHES)
RECORD
 MAXIMUM        10.20   2009
 MINIMUM         4.28   2007
TOTALS           5.05              9.95   -4.90
DAILY AVG.       0.06              0.11   -0.05
DAYS >= .01        17              26.3    -9.3
DAYS >= .10        10              16.9    -6.9
DAYS >= .50         3               6.4    -3.4
DAYS >= 1.00        1               2.1    -1.1
GREATEST
 24 HR. TOTAL    1.46   MM
 STORM TOTAL       MM
 (MM/DD(HH))            MM

SNOWFALL (INCHES)
RECORDS
 TOTAL             MM   MM
 24 HR TOTAL       MM
TOTALS            0.0               0.0     0.0
 LIQUID EQUIV    0.00              0.00    0.00
SINCE 7/1         0.0               0.0     0.0
 LIQUID 7/1      0.00
DAYS >= TRACE       0               0.0     0.0
DAYS >= 1.0         0               0.0     0.0
GREATEST
 SNOW DEPTH         0   MM
 24 HR TOTAL      0.0   MM
 STORM TOTAL       MM
 (MM/DD(HH))            MM

DEGREE_DAYS
HEATING TOTAL       5                 5       0
 SINCE 7/1          0                 1      -1
COOLING TOTAL    1271              1108     163
 SINCE 1/1       1616              1260     356

FREEZE DATES
RECORD
 EARLIEST     MM
 LATEST       MM
EARLIEST                        MM
LATEST                          MM
.................................................

WIND (MPH)
AVERAGE WIND SPEED              5.4
HIGHEST WIND SPEED/DIRECTION    40/280    DATE  07/26
HIGHEST GUST SPEED/DIRECTION    53/280    DATE  07/26

SKY COVER
POSSIBLE SUNSHINE (PERCENT)   MM
AVERAGE SKY COVER           0.10
NUMBER OF DAYS FAIR           79
NUMBER OF DAYS PC             13
NUMBER OF DAYS CLOUDY          0

AVERAGE RH (PERCENT)     65

WEATHER CONDITIONS. NUMBER OF DAYS WITH
THUNDERSTORM              0     MIXED PRECIP               0
HEAVY RAIN               10     RAIN                      13
LIGHT RAIN               19     FREEZING RAIN              0
LT FREEZING RAIN          0     HAIL                       0
HEAVY SNOW                0     SNOW                       0
LIGHT SNOW                0     SLEET                      0
FOG                      40     FOG W/VIS <= 1/4 MILE      8
HAZE                     16

-  INDICATES NEGATIVE NUMBERS.
R  INDICATES RECORD WAS SET OR TIED.
MM INDICATES DATA IS MISSING.
T  INDICATES TRACE AMOUNT.

$$
