000
CXUS53 KPAH 020003
CLSCGI

STLCLMCAS 000
TTAA00 KPAH 020002


CLIMATE REPORT
NATIONAL WEATHER SERVICE PADUCAH KY
658 PM CDT THU SEP 1 2011

...................................

...THE CAPE GIRARDEAU MO CLIMATE SUMMARY FOR THE SUMMER SEASON,
   FROM 6/1/2011 TO 8/31/2011...

CLIMATE NORMAL PERIOD 1981 TO 2010
CLIMATE RECORD PERIOD 9999 TO 9999

WEATHER         OBSERVED          NORMAL  DEPART
                 VALUE   DATE(S)  VALUE   FROM
                                          NORMAL
................................................
TEMPERATURE (F)
RECORD
 HIGH             103   08/03/2011
                        08/16/2007
                        08/16/2007
 LOW               49   08/31/2009
HIGHEST           103R  08/03        MM      MM
LOWEST             56   08/16        MM      MM
AVG. MAXIMUM     90.6              88.2     2.4
AVG. MINIMUM     69.0              65.8     3.2
MEAN             79.8              77.0     2.8
DAYS MAX >= 90     57              36.7    20.3
DAYS MAX <= 32      0               0.0     0.0
DAYS MIN <= 32      0               0.0     0.0
DAYS MIN <= 0       0               0.0     0.0

PRECIPITATION (INCHES)
RECORD
 MAXIMUM        10.20   2009
 MINIMUM         4.28   2007
TOTALS           9.10              9.95   -0.85
DAILY AVG.       0.10              0.11   -0.01
DAYS >= .01        28              26.3     1.7
DAYS >= .10        15              16.9    -1.9
DAYS >= .50         5               6.4    -1.4
DAYS >= 1.00        3               2.1     0.9
GREATEST
 24 HR. TOTAL    3.30   MM
 STORM TOTAL       MM
 (MM/DD(HH))            MM

SNOWFALL (INCHES)
RECORDS
 TOTAL             MM   MM
 24 HR TOTAL       MM
TOTALS            0.0               0.0     0.0
 LIQUID EQUIV    0.00              0.00    0.00
SINCE 7/1         0.0               0.0     0.0
 LIQUID 7/1      0.00
DAYS >= TRACE       0               0.0     0.0
DAYS >= 1.0         0               0.0     0.0
GREATEST
 SNOW DEPTH         0   MM
 24 HR TOTAL      0.0   MM
 STORM TOTAL       MM
 (MM/DD(HH))            MM

DEGREE_DAYS
HEATING TOTAL       0                 5      -5
 SINCE 7/1          0                 1      -1
COOLING TOTAL    1385              1108     277
 SINCE 1/1       1579              1260     319

FREEZE DATES
RECORD
 EARLIEST     MM
 LATEST       MM
EARLIEST                        MM
LATEST                          MM
.................................................

WIND (MPH)
AVERAGE WIND SPEED              5.1
HIGHEST WIND SPEED/DIRECTION    38/040    DATE  07/12
HIGHEST GUST SPEED/DIRECTION    59/260    DATE  08/06

SKY COVER
POSSIBLE SUNSHINE (PERCENT)   MM
AVERAGE SKY COVER           0.10
NUMBER OF DAYS FAIR           85
NUMBER OF DAYS PC              7
NUMBER OF DAYS CLOUDY          0

AVERAGE RH (PERCENT)     71

WEATHER CONDITIONS. NUMBER OF DAYS WITH
THUNDERSTORM              0     MIXED PRECIP               0
HEAVY RAIN               15     RAIN                       8
LIGHT RAIN               26     FREEZING RAIN              0
LT FREEZING RAIN          0     HAIL                       0
HEAVY SNOW                0     SNOW                       0
LIGHT SNOW                0     SLEET                      0
FOG                      58     FOG W/VIS <= 1/4 MILE      9
HAZE                     34

-  INDICATES NEGATIVE NUMBERS.
R  INDICATES RECORD WAS SET OR TIED.
MM INDICATES DATA IS MISSING.
T  INDICATES TRACE AMOUNT.

$$
