000
CXUS53 KPAH 030134
CLSCGI

STLCLMCAS 000
TTAA00 KPAH 030131


CLIMATE REPORT
NATIONAL WEATHER SERVICE PADUCAH KY
730 PM CST WED MAR 2 2011

...................................

...THE CAPE GIRARDEAU MO CLIMATE SUMMARY FOR THE WINTER SEASON, FROM
12/1/2010 TO 2/28/2011...

CLIMATE NORMAL PERIOD 1971 TO 2000
CLIMATE RECORD PERIOD 9999 TO 9999

WEATHER         OBSERVED          NORMAL  DEPART
                 VALUE   DATE(S)  VALUE   FROM
                                          NORMAL
................................................
TEMPERATURE (F)
RECORD
 HIGH           214748362011/202011/  99
                        9999/9909999/  99
 LOW               -6   1202005/09/2005
HIGHEST            73   02/20        MM      MM
LOWEST             -3   02/10         0      -3
AVG. MAXIMUM     42.2              44.2    -2.0
AVG. MINIMUM     25.5              26.9    -1.4
MEAN             33.8              35.5    -1.7
DAYS MAX >= 90      0                MM      MM
DAYS MAX <= 32     18                MM      MM
DAYS MIN <= 32     74                MM      MM
DAYS MIN <= 0       2                MM      MM

PRECIPITATION (INCHES)
RECORD
 MAXIMUM         9.02   2010
 MINIMUM         6.71   2009
TOTALS           7.59             11.03   -3.44
DAILY AVG.       0.09              0.12   -0.03
DAYS >= .01        23                MM      MM
DAYS >= .10        11                MM      MM
DAYS >= .50         5                MM      MM
DAYS >= 1.00        3                MM      MM
GREATEST
 24 HR. TOTAL    2.68   MM
 STORM TOTAL       MM
 (MM/DD(HH))            MM

SNOWFALL (INCHES)
RECORDS
 TOTAL              T   2009
 24 HR TOTAL        T   MM
TOTALS             MM              10.7      MM
 LIQUID EQUIV      MM                MM      MM
SINCE 7/1         0.0              11.1   -11.1
 LIQUID 7/1        MM
DAYS >= TRACE       2                MM      MM
DAYS >= 1.0         0                MM      MM
GREATEST
 SNOW DEPTH         0   MM
 24 HR TOTAL       MM
 STORM TOTAL       MM
 (MM/DD(HH))            MM

DEGREE_DAYS
HEATING TOTAL    2759              2653     106
 SINCE 7/1       3506              3478      28
COOLING TOTAL       0                 0       0
 SINCE 1/1          0                 0       0

FREEZE DATES
RECORD
 EARLIEST     MM
 LATEST       MM
EARLIEST                        MM
LATEST                          MM
.................................................

WIND (MPH)
AVERAGE WIND SPEED              7.7
HIGHEST WIND SPEED/DIRECTION    36/070    DATE  02/24
HIGHEST GUST SPEED/DIRECTION    41/070    DATE  02/24

SKY COVER
POSSIBLE SUNSHINE (PERCENT)   MM
AVERAGE SKY COVER           0.50
NUMBER OF DAYS FAIR           33
NUMBER OF DAYS PC             25
NUMBER OF DAYS CLOUDY         32

AVERAGE RH (PERCENT)     72

WEATHER CONDITIONS. NUMBER OF DAYS WITH
THUNDERSTORM              0     MIXED PRECIP               0
HEAVY RAIN                6     RAIN                       6
LIGHT RAIN               19     FREEZING RAIN              0
LT FREEZING RAIN          1     HAIL                       0
HEAVY SNOW                0     SNOW                       4
LIGHT SNOW               16     SLEET                      0
FOG                      55     FOG W/VIS <= 1/4 MILE      5
HAZE                     31

-  INDICATES NEGATIVE NUMBERS.
R  INDICATES RECORD WAS SET OR TIED.
MM INDICATES DATA IS MISSING.
T  INDICATES TRACE AMOUNT.

$$
