000
CXUS53 KPAH 011702
CLSCGI

STLCLMCAS 000
TTAA00 KPAH 011658


CLIMATE REPORT
NATIONAL WEATHER SERVICE PADUCAH KY
1052 AM CST MON DEC 1 2014

...................................

...THE CAPE GIRARDEAU MO CLIMATE SUMMARY FOR THE FALL SEASON, FROM
9/1/2014 TO 11/30/2014...

CLIMATE NORMAL PERIOD 1981 TO 2010
CLIMATE RECORD PERIOD 1960 TO 2014

WEATHER         OBSERVED          NORMAL  DEPART
                 VALUE   DATE(S)  VALUE   FROM
                                          NORMAL
................................................
TEMPERATURE (F)
RECORD
 HIGH             100   09/06/1960
 LOW                8   11/18/2014
                        11/29/1976
                        11/29/1976
HIGHEST            93   09/05        MM      MM
LOWEST              8R  11/18        MM      MM
AVG. MAXIMUM     67.0              69.7    -2.7
AVG. MINIMUM     44.4              45.9    -1.5
MEAN             55.7              57.8    -2.1
DAYS MAX >= 90      2               3.7    -1.7
DAYS MAX <= 32      2               0.1     1.9
DAYS MIN <= 32     20              14.5     5.5
DAYS MIN <= 0       0               0.0     0.0

PRECIPITATION (INCHES)
RECORD
 MAXIMUM        22.09   2011
 MINIMUM         6.29   2013
TOTALS           8.62             11.51   -2.89
DAILY AVG.       0.10              0.13   -0.03
DAYS >= .01        23              26.2    -3.2
DAYS >= .10        15              17.5    -2.5
DAYS >= .50         8               7.9     0.1
DAYS >= 1.00        2               3.6    -1.6
GREATEST
 24 HR. TOTAL    2.01   MM
 STORM TOTAL       MM
 (MM/DD(HH))            MM

SNOWFALL (INCHES)
RECORDS
 TOTAL              T   2011
                        2010
                        2008
 24 HR TOTAL        T   11/25/2010 TO 11/25/2010
TOTALS             MM               0.3      MM
 LIQUID EQUIV      MM              0.00      MM
SINCE 7/1         0.0               0.3    -0.3
 LIQUID 7/1      0.00
DAYS >= TRACE       0               0.4    -0.4
DAYS >= 1.0         0               0.2    -0.2
GREATEST
 SNOW DEPTH         0   MM
 24 HR TOTAL       MM
 STORM TOTAL       MM
 (MM/DD(HH))            MM

DEGREE_DAYS
HEATING TOTAL     996               850     146
 SINCE 7/1        996               851     145
COOLING TOTAL     185               193      -8
 SINCE 1/1       1424              1453     -29

FREEZE DATES
RECORD
 EARLIEST     MM
 LATEST       MM
EARLIEST                        MM
LATEST                          MM
.................................................

WIND (MPH)
AVERAGE WIND SPEED              6.8
HIGHEST WIND SPEED/DIRECTION    33/280    DATE  11/24
HIGHEST GUST SPEED/DIRECTION    43/210    DATE  11/24

SKY COVER
POSSIBLE SUNSHINE (PERCENT)   MM
AVERAGE SKY COVER           0.40
NUMBER OF DAYS FAIR           54
NUMBER OF DAYS PC             21
NUMBER OF DAYS CLOUDY         16

AVERAGE RH (PERCENT)     73

WEATHER CONDITIONS. NUMBER OF DAYS WITH
THUNDERSTORM              0     MIXED PRECIP               0
HEAVY RAIN                8     RAIN                      14
LIGHT RAIN               25     FREEZING RAIN              0
LT FREEZING RAIN          0     HAIL                       0
HEAVY SNOW                0     SNOW                       0
LIGHT SNOW                4     SLEET                      0
FOG                      64     FOG W/VIS <= 1/4 MILE     21
HAZE                     14

-  INDICATES NEGATIVE NUMBERS.
R  INDICATES RECORD WAS SET OR TIED.
MM INDICATES DATA IS MISSING.
T  INDICATES TRACE AMOUNT.

RMKS: 3RD COLDEST FALL SEASON ON RECORD. THE COLDEST FALL
SEASON OCCURRED IN 1976 WITH AN AVERAGE TEMPERATURE OF 52.6
DEGREES.

$$
