000
CXUS53 KPAH 031440
CLSCGI

STLCLMCAS 000
TTAA00 KPAH 031438


CLIMATE REPORT
NATIONAL WEATHER SERVICE PADUCAH KY
931 AM CDT THU JUN 3 2010

...................................

...THE CAPE GIRARDEAU MO CLIMATE SUMMARY FOR THE SPRING SEASON,
FROM 3/1/2010 TO 5/31/2010...

CLIMATE NORMAL PERIOD 1971 TO 2000
CLIMATE RECORD PERIOD 9999 TO 9999

WEATHER         OBSERVED          NORMAL  DEPART
                 VALUE   DATE(S)  VALUE   FROM
                                          NORMAL
................................................
TEMPERATURE (F)
RECORD
 HIGH              91   05/24/2010
                        05/25/2006
                        05/25/2006
 LOW               18   03/04/2010
                        04/08/2007
                        03/03/2009
HIGHEST            91R  05/24        MM      MM
LOWEST             18R  03/04        MM      MM
AVG. MAXIMUM     70.4              67.9     2.5
AVG. MINIMUM     49.2              46.7     2.5
MEAN             59.8              57.4     2.4
DAYS MAX >= 90      2                MM      MM
DAYS MAX <= 32      0                MM      MM
DAYS MIN <= 32      7                MM      MM
DAYS MIN <= 0       0                MM      MM

PRECIPITATION (INCHES)
RECORD
 MAXIMUM        14.30   2009
 MINIMUM        14.30   2009
TOTALS          15.98R            14.00    1.98
DAILY AVG.       0.17              0.15    0.02
DAYS >= .01        31                MM      MM
DAYS >= .10        19                MM      MM
DAYS >= .50        11                MM      MM
DAYS >= 1.00        7                MM      MM
GREATEST
 24 HR. TOTAL    2.55   MM
 STORM TOTAL       MM
 (MM/DD(HH))            MM

SNOWFALL (INCHES)
RECORDS
 TOTAL             MM   MM
 24 HR TOTAL       MM
TOTALS            0.0               1.7    -1.7
 LIQUID EQUIV    0.00                MM      MM
SINCE 7/1         1.5              12.8   -11.3
 LIQUID 7/1      0.15
DAYS >= TRACE       0                MM      MM
DAYS >= 1.0         0                MM      MM
GREATEST
 SNOW DEPTH         0   MM
 24 HR TOTAL      0.0   MM
 STORM TOTAL       MM
 (MM/DD(HH))            MM

DEGREE_DAYS
HEATING TOTAL     680               863    -183
 SINCE 7/1       4305              4341     -36
COOLING TOTAL     220               156      64
 SINCE 1/1        220               156      64

FREEZE DATES
RECORD
 EARLIEST     MM
 LATEST       MM
EARLIEST                        MM
LATEST                          MM
.................................................

WIND (MPH)
AVERAGE WIND SPEED              8.0
HIGHEST WIND SPEED/DIRECTION    37/260    DATE  04/24
HIGHEST GUST SPEED/DIRECTION    46/260    DATE  04/24

SKY COVER
POSSIBLE SUNSHINE (PERCENT)   MM

NUMBER OF DAYS FAIR           52
NUMBER OF DAYS PC             23
NUMBER OF DAYS CLOUDY         17

AVERAGE RH (PERCENT)     68

WEATHER CONDITIONS. NUMBER OF DAYS WITH
THUNDERSTORM             22     MIXED PRECIP               0
HEAVY RAIN               16     RAIN                      18
LIGHT RAIN               38     FREEZING RAIN              0
LT FREEZING RAIN          0     HAIL                       0
HEAVY SNOW                0     SNOW                       0
LIGHT SNOW                0     SLEET                      0
FOG                      56     FOG W/VIS <= 1/4 MILE     10
HAZE                     27

-  INDICATES NEGATIVE NUMBERS.
R  INDICATES RECORD WAS SET OR TIED.
MM INDICATES DATA IS MISSING.
T  INDICATES TRACE AMOUNT.

$$
