000
CXUS53 KPAH 011906
CLSCGI

STLCLMCAS 000
TTAA00 KPAH 011807


CLIMATE REPORT
NATIONAL WEATHER SERVICE PADUCAH KY
107 PM CDT WED SEP 1 2010

...................................

...THE CAPE GIRARDEAU MO CLIMATE SUMMARY FOR THE SEASON, FROM
6/1/2010 TO 8/31/2010...

CLIMATE NORMAL PERIOD 1971 TO 2000
CLIMATE RECORD PERIOD 1960 TO 2010

WEATHER         OBSERVED          NORMAL  DEPART
                 VALUE   DATE(S)  VALUE   FROM
                                          NORMAL
................................................
TEMPERATURE (F)
RECORD
 HIGH             103   08/16/2007
 LOW               49   08/31/2009
HIGHEST            97   06/26        MM      MM
                        06/21
                        06/22
LOWEST             58   07/03        MM      MM
AVG. MAXIMUM     91.2              88.3     2.9
AVG. MINIMUM     70.8              66.8     4.0
MEAN             81.1              77.5     3.6
DAYS MAX >= 90     42                MM      MM
DAYS MAX <= 32      0                MM      MM
DAYS MIN <= 32      0                MM      MM
DAYS MIN <= 0       0                MM      MM

PRECIPITATION (INCHES)
RECORD
 MAXIMUM        10.20   2009
 MINIMUM         4.28   2007
TOTALS           5.94             10.54   -4.60
DAILY AVG.       0.10              0.11   -0.01
DAYS >= .01        17                MM      MM
DAYS >= .10        10                MM      MM
DAYS >= .50         5                MM      MM
DAYS >= 1.00        2                MM      MM
GREATEST
 24 HR. TOTAL    1.29   MM
 STORM TOTAL       MM
 (MM/DD(HH))            MM

SNOWFALL (INCHES)
RECORDS
 TOTAL             MM   MM
 24 HR TOTAL       MM
TOTALS            0.0               0.0     0.0
 LIQUID EQUIV    0.00                MM      MM
SINCE 7/1         0.0               0.0     0.0
 LIQUID 7/1      0.00
DAYS >= TRACE       0                MM      MM
DAYS >= 1.0         0                MM      MM
GREATEST
 SNOW DEPTH         0   MM
 24 HR TOTAL      0.0   MM
 STORM TOTAL       MM
 (MM/DD(HH))            MM

DEGREE_DAYS
HEATING TOTAL       0                 2      -2
 SINCE 7/1          0                 0       0
COOLING TOTAL     980              1138    -158
 SINCE 1/1       1200              1294     -94

FREEZE DATES
RECORD

 EARLIEST         MM
 LATEST           MM
EARLIEST          MM
LATEST            MM
.................................................

WIND (MPH)
AVERAGE WIND SPEED              5.8
HIGHEST WIND SPEED/DIRECTION    43/240    DATE  06/15
HIGHEST GUST SPEED/DIRECTION    70/210    DATE  06/15

SKY COVER
POSSIBLE SUNSHINE (PERCENT)   MM

NUMBER OF DAYS FAIR           55
NUMBER OF DAYS PC              5
NUMBER OF DAYS CLOUDY          0

AVERAGE RH (PERCENT)     72

WEATHER CONDITIONS. NUMBER OF DAYS WITH
THUNDERSTORM              7     MIXED PRECIP               0
HEAVY RAIN                7     RAIN                       9
LIGHT RAIN               18     FREEZING RAIN              0
LT FREEZING RAIN          0     HAIL                       0
HEAVY SNOW                0     SNOW                       0
LIGHT SNOW                0     SLEET                      0
FOG                      28     FOG W/VIS <= 1/4 MILE      2
HAZE                      9

-  INDICATES NEGATIVE NUMBERS.
R  INDICATES RECORD WAS SET OR TIED.
MM INDICATES DATA IS MISSING.
T  INDICATES TRACE AMOUNT.


$$
