000
CXUS53 KPAH 070047
CLSCGI

STLCLMCAS 000
TTAA00 KPAH 070044


CLIMATE REPORT
NATIONAL WEATHER SERVICE PADUCAH KY
643 PM CST MON DEC 6 2010

...................................

...THE CAPE GIRARDEAU MO CLIMATE SUMMARY FOR THE FALL SEASON, FROM
9/1/2010 TO 11/30/2010...

CLIMATE NORMAL PERIOD 1971 TO 2000
CLIMATE RECORD PERIOD 9999 TO 9999

WEATHER         OBSERVED          NORMAL  DEPART
                 VALUE   DATE(S)  VALUE   FROM
                                          NORMAL
................................................
TEMPERATURE (F)
RECORD
 HIGH              95   09/03/2007
 LOW               17   11/21/2008
HIGHEST            94   09/21        MM      MM
                        09/07
LOWEST             20   11/06        MM      MM
AVG. MAXIMUM     72.8              69.3     3.5
AVG. MINIMUM     45.0                MM      MM
MEAN             58.9              58.2     0.7
DAYS MAX >= 90      6                MM      MM
DAYS MAX <= 32      0                MM      MM
DAYS MIN <= 32     13                MM      MM
DAYS MIN <= 0       0                MM      MM

PRECIPITATION (INCHES)
RECORD
 MAXIMUM         7.89   2008
 MINIMUM         7.89   2008
TOTALS          11.24R            10.97    0.27
DAILY AVG.       0.13              0.12    0.01
DAYS >= .01        20                MM      MM
DAYS >= .10        14                MM      MM
DAYS >= .50         7                MM      MM
DAYS >= 1.00        4                MM      MM
GREATEST
 24 HR. TOTAL    3.90   MM
 STORM TOTAL       MM
 (MM/DD(HH))            MM

SNOWFALL (INCHES)
RECORDS
 TOTAL              T   2008
 24 HR TOTAL       MM
TOTALS              TR              0.4    -0.4
 LIQUID EQUIV       T                MM      MM
SINCE 7/1           T               0.4    -0.4
 LIQUID 7/1        MM
DAYS >= TRACE       1                MM      MM
DAYS >= 1.0         0                MM      MM
GREATEST
 SNOW DEPTH         0   MM
 24 HR TOTAL        T   11/25 TO 11/25
 STORM TOTAL       MM
 (MM/DD(HH))            MM

DEGREE_DAYS
HEATING TOTAL     747               825     -78
 SINCE 7/1        747               825     -78
COOLING TOTAL     212               206       6
 SINCE 1/1       1894              1500     394

FREEZE DATES
RECORD
 EARLIEST     MM
 LATEST       MM
EARLIEST                        MM
LATEST                          MM
.................................................

WIND (MPH)
AVERAGE WIND SPEED              6.2
HIGHEST WIND SPEED/DIRECTION    36/190    DATE  10/26
HIGHEST GUST SPEED/DIRECTION    52/190    DATE  10/26

SKY COVER
POSSIBLE SUNSHINE (PERCENT)   MM

NUMBER OF DAYS FAIR           68
NUMBER OF DAYS PC             10
NUMBER OF DAYS CLOUDY         12

AVERAGE RH (PERCENT)     66

WEATHER CONDITIONS. NUMBER OF DAYS WITH
THUNDERSTORM              6     MIXED PRECIP               0
HEAVY RAIN                9     RAIN                      15
LIGHT RAIN               21     FREEZING RAIN              0
LT FREEZING RAIN          0     HAIL                       0
HEAVY SNOW                0     SNOW                       0
LIGHT SNOW                1     SLEET                      1
FOG                      49     FOG W/VIS <= 1/4 MILE     25
HAZE                     19

-  INDICATES NEGATIVE NUMBERS.
R  INDICATES RECORD WAS SET OR TIED.
MM INDICATES DATA IS MISSING.
T  INDICATES TRACE AMOUNT.

$$
