000
CXUS53 KPAH 132342
CLSCGI

STLCLMCAS 000
TTAA00 KPAH 132336


CLIMATE REPORT
NATIONAL WEATHER SERVICE PADUCAH KY
635 PM CDT SUN SEP 13 2009

...................................

...THE CAPE GIRARDEAU MO CLIMATE SUMMARY FOR THE SEASON, FROM
6/1/2009 TO 8/31/2009...

CLIMATE NORMAL PERIOD 1971 TO 2000
CLIMATE RECORD PERIOD 9999 TO 9999

WEATHER         OBSERVED          NORMAL  DEPART
                 VALUE   DATE(S)  VALUE   FROM
                                          NORMAL
................................................
TEMPERATURE (F)
RECORD
 HIGH             103   08/16/2007
 LOW               49   08/31/2009
HIGHEST            98   06/27        MM      MM
LOWEST             49R  08/31        MM      MM
AVG. MAXIMUM     86.1              88.3    -2.2
AVG. MINIMUM     64.8              66.8    -2.0
MEAN             75.4              77.5    -2.1
DAYS MAX >= 90     23                MM      MM
DAYS MAX <= 32      0                MM      MM
DAYS MIN <= 32      0                MM      MM
DAYS MIN <= 0       0                MM      MM

PRECIPITATION (INCHES)
RECORD
 MAXIMUM         4.28   2007
 MINIMUM         4.28   2007
TOTALS          10.20R            10.54   -0.34
DAILY AVG.       0.11              0.11    0.00
DAYS >= .01        28                MM      MM
DAYS >= .10        19                MM      MM
DAYS >= .50         5                MM      MM
DAYS >= 1.00        1                MM      MM
GREATEST
 24 HR. TOTAL    3.50   MM
 STORM TOTAL       MM
 (MM/DD(HH))            MM

SNOWFALL (INCHES)
RECORDS
 TOTAL             MM   MM
 24 HR TOTAL       MM
TOTALS            0.0               0.0     0.0
 LIQUID EQUIV    0.00                MM      MM
SINCE 7/1         0.0               0.0     0.0
 LIQUID 7/1      0.00
DAYS >= TRACE       0                MM      MM
DAYS >= 1.0         0                MM      MM
GREATEST
 SNOW DEPTH         0   MM
 24 HR TOTAL      0.0   MM
 STORM TOTAL       MM
 (MM/DD(HH))            MM

DEGREE_DAYS
HEATING TOTAL       3                 2       1
 SINCE 7/1          2                 0       2
COOLING TOTAL     988              1138    -150
 SINCE 1/1       1152              1294    -142

FREEZE DATES
RECORD
 EARLIEST     MM
 LATEST       MM
EARLIEST                        MM
LATEST                          MM
.................................................

WIND (MPH)
AVERAGE WIND SPEED              5.1
HIGHEST WIND SPEED/DIRECTION    36/340    DATE  07/15
HIGHEST GUST SPEED/DIRECTION    48/350    DATE  08/04

SKY COVER
POSSIBLE SUNSHINE (PERCENT)   MM

NUMBER OF DAYS FAIR           73
NUMBER OF DAYS PC             15
NUMBER OF DAYS CLOUDY          4

AVERAGE RH (PERCENT)     72

WEATHER CONDITIONS. NUMBER OF DAYS WITH
THUNDERSTORM             22     MIXED PRECIP               0
HEAVY RAIN               12     RAIN                      15
LIGHT RAIN               36     FREEZING RAIN              0
LT FREEZING RAIN          0     HAIL                       0
HEAVY SNOW                0     SNOW                       0
LIGHT SNOW                0     SLEET                      0
FOG                      74     FOG W/VIS <= 1/4 MILE     18
HAZE                     36

-  INDICATES NEGATIVE NUMBERS.
R  INDICATES RECORD WAS SET OR TIED.
MM INDICATES DATA IS MISSING.
T  INDICATES TRACE AMOUNT.

$$
