000
CXUS53 KPAH 020346
CLSCGI

STLCLMCAS 000
TTAA00 KPAH 020315


CLIMATE REPORT
NATIONAL WEATHER SERVICE PADUCAH KY
914 PM CST MON MAR 1 2010

...................................

...THE CAPE GIRARDEAU MO CLIMATE SUMMARY FOR THE SEASON, FROM
12/1/2009 TO 2/28/2010...

CLIMATE NORMAL PERIOD 1971 TO 2000
CLIMATE RECORD PERIOD 9999 TO 9999

WEATHER         OBSERVED          NORMAL  DEPART
                 VALUE   DATE(S)  VALUE   FROM
                                          NORMAL
................................................
TEMPERATURE (F)
RECORD
 HIGH              72   02/05/2008
                        02/04/2008
                        06/30/1952
 LOW               -6   12/09/2005
HIGHEST            64   02/21        MM      MM
LOWEST             -2   01/31        MM      MM
                        01/10
AVG. MAXIMUM     41.1              44.3    -3.2
AVG. MINIMUM     24.5              26.9    -2.4
MEAN             32.8              35.6    -2.8
DAYS MAX >= 90      0                MM      MM
DAYS MAX <= 32     16                MM      MM
DAYS MIN <= 32     73                MM      MM
DAYS MIN <= 0       2                MM      MM

PRECIPITATION (INCHES)
RECORD
 MAXIMUM         9.02   2010
 MINIMUM         6.71   2009
TOTALS           9.02             11.03   -2.01
DAILY AVG.       0.10              0.12   -0.02
DAYS >= .01        26                MM      MM
DAYS >= .10        14                MM      MM
DAYS >= .50         5                MM      MM
DAYS >= 1.00        1                MM      MM
GREATEST
 24 HR. TOTAL    3.24   12/23 TO 12/24
 STORM TOTAL       MM
 (MM/DD(HH))            MM

SNOWFALL (INCHES)
RECORDS
 TOTAL              T   2009
 24 HR TOTAL        T   MM
TOTALS            1.5R             10.7    -9.2
 LIQUID EQUIV    0.15                MM      MM
SINCE 7/1         1.5              11.1    -9.6
 LIQUID 7/1      0.15
DAYS >= TRACE      15                MM      MM
DAYS >= 1.0         1                MM      MM
GREATEST
 SNOW DEPTH         0   MM
 24 HR TOTAL      1.0R  02/05 TO 02/05
 STORM TOTAL       MM
 (MM/DD(HH))            MM

DEGREE_DAYS
HEATING TOTAL    2875              2653     222
 SINCE 7/1       3625              3478     147
COOLING TOTAL       0                 0       0
 SINCE 1/1          0                 0       0

FREEZE DATES
RECORD
 EARLIEST     MM
 LATEST       MM
EARLIEST                        MM
LATEST                          MM
.................................................

WIND (MPH)
AVERAGE WIND SPEED              7.4
HIGHEST WIND SPEED/DIRECTION    38/180    DATE  12/24
HIGHEST GUST SPEED/DIRECTION    52/170    DATE  12/24

SKY COVER
POSSIBLE SUNSHINE (PERCENT)   MM

NUMBER OF DAYS FAIR           34
NUMBER OF DAYS PC             22
NUMBER OF DAYS CLOUDY         34

AVERAGE RH (PERCENT)     70

WEATHER CONDITIONS. NUMBER OF DAYS WITH
THUNDERSTORM              3     MIXED PRECIP               0
HEAVY RAIN                5     RAIN                       9
LIGHT RAIN               28     FREEZING RAIN              0
LT FREEZING RAIN          1     HAIL                       0
HEAVY SNOW                0     SNOW                       1
LIGHT SNOW               22     SLEET                      1
FOG                      50     FOG W/VIS <= 1/4 MILE      9
HAZE                     30

-  INDICATES NEGATIVE NUMBERS.
R  INDICATES RECORD WAS SET OR TIED.
MM INDICATES DATA IS MISSING.
T  INDICATES TRACE AMOUNT.

&&

REMARKS:
THE WINTER SEASON OF 2009-2010 WAS RECORDED AS THE 10TH COLDEST
WINTER SEASON ON RECORD.

$$
