000
CXUS53 KPAH 020212 RRA
CLSCGI

STLCLMCAS 000
TTAA00 KPAH 020210


CLIMATE REPORT
NATIONAL WEATHER SERVICE PADUCAH KY
806 PM CST TUE DEC 1 2015

...................................

...THE CAPE GIRARDEAU MO CLIMATE SUMMARY FOR THE SEASON, FROM
9/1/2015 TO 11/30/2015...

CLIMATE NORMAL PERIOD 1981 TO 2010
CLIMATE RECORD PERIOD 1960 TO 2015

WEATHER         OBSERVED          NORMAL  DEPART
                 VALUE   DATE(S)  VALUE   FROM
                                          NORMAL
................................................
TEMPERATURE (F)
RECORD
 HIGH             100   09/06/1960
 LOW                8   11/18/2014
                        11/29/1976
                        11/29/1976
HIGHEST            94   09/05        MM      MM
LOWEST             23   11/22        MM      MM
AVG. MAXIMUM     71.5              69.7     1.8
AVG. MINIMUM     48.2              45.9     2.3
MEAN             59.9              57.8     2.1
DAYS MAX >= 90      7               3.7     3.3
DAYS MAX <= 32      0               0.1    -0.1
DAYS MIN <= 32     12              14.5    -2.5
DAYS MIN <= 0       0               0.0     0.0

PRECIPITATION (INCHES)
RECORD
 MAXIMUM        22.13   1984
 MINIMUM         3.54   1999
TOTALS          12.03             11.51    0.52
DAILY AVG.       0.13              0.13    0.00
DAYS >= .01        22              26.2    -4.2
DAYS >= .10        16              17.5    -1.5
DAYS >= .50         8               7.9     0.1
DAYS >= 1.00        3               3.6    -0.6
GREATEST
 24 HR. TOTAL    3.16   MM
 STORM TOTAL       MM
 (MM/DD(HH))            MM

SNOWFALL (INCHES)
RECORDS
 TOTAL              M
 24 HR TOTAL        M
TOTALS            0.0               0.3    -0.3
 LIQUID EQUIV    0.00              0.00    0.00
SINCE 7/1         0.0               0.3    -0.3
 LIQUID 7/1      0.00
DAYS >= TRACE       0               0.4    -0.4
DAYS >= 1.0         0               0.2    -0.2
GREATEST
 SNOW DEPTH         0   MM
 24 HR TOTAL      0.0   MM
 STORM TOTAL       MM
 (MM/DD(HH))            MM

DEGREE_DAYS
HEATING TOTAL     650               850    -200
 SINCE 7/1        650               851    -201
COOLING TOTAL     202               193       9
 SINCE 1/1       1531              1453      78

FREEZE DATES
RECORD
 EARLIEST     10/03/1974
 LATEST       05/17/1968
EARLIEST                        10/21
LATEST                          04/07
.................................................

WIND (MPH)
AVERAGE WIND SPEED              6.2
HIGHEST WIND SPEED/DIRECTION    35/330    DATE  11/21
HIGHEST GUST SPEED/DIRECTION    44/330    DATE  11/21

SKY COVER
POSSIBLE SUNSHINE (PERCENT)   MM
AVERAGE SKY COVER           0.30
NUMBER OF DAYS FAIR           58
NUMBER OF DAYS PC             10
NUMBER OF DAYS CLOUDY         22

AVERAGE RH (PERCENT)     72

WEATHER CONDITIONS. NUMBER OF DAYS WITH
THUNDERSTORM              0     MIXED PRECIP               0
HEAVY RAIN               11     RAIN                      15
LIGHT RAIN               28     FREEZING RAIN              0
LT FREEZING RAIN          0     HAIL                       0
HEAVY SNOW                0     SNOW                       0
LIGHT SNOW                0     SLEET                      0
FOG                      49     FOG W/VIS <= 1/4 MILE     15
HAZE                     17

-  INDICATES NEGATIVE NUMBERS.
R  INDICATES RECORD WAS SET OR TIED.
MM INDICATES DATA IS MISSING.
T  INDICATES TRACE AMOUNT.

$$
