000
CXUS53 KPAH 010712
CLSCGI

STLCLMCAS 000
TTAA00 KPAH 010704


CLIMATE REPORT
NATIONAL WEATHER SERVICE PADUCAH KY
202 AM CDT FRI SEP 1 2017

...................................

...THE CAPE GIRARDEAU MO CLIMATE SUMMARY FOR THE SUMMER SEASON, FROM
JUNE 1ST, 2017 TO AUGUST 31ST, 2017...

CLIMATE NORMAL PERIOD 1981 TO 2010
CLIMATE RECORD PERIOD 1960 TO 2017

WEATHER         OBSERVED          NORMAL  DEPART
                 VALUE   DATE(S)  VALUE   FROM
                                          NORMAL
................................................
TEMPERATURE (F)
RECORD
 HIGH             107   06/29/2012
 LOW               43   06/01/1972
HIGHEST            96   07/21        MM      MM
LOWEST             51   08/05        MM      MM
AVG. MAXIMUM     86.7              88.2    -1.5
AVG. MINIMUM     65.1              65.8    -0.7
MEAN             75.9              77.0    -1.1
DAYS MAX >= 90     25              36.7   -11.7
DAYS MAX <= 32      0               0.0     0.0
DAYS MIN <= 32      0               0.0     0.0
DAYS MIN <= 0       0               0.0     0.0

PRECIPITATION (INCHES)
RECORD
 MAXIMUM        18.62   1989
 MINIMUM         4.25   2007
TOTALS           6.53              9.95   -3.42
DAILY AVG.       0.07              0.11   -0.04
DAYS >= .01        22              26.3    -4.3
DAYS >= .10        14              16.9    -2.9
DAYS >= .50         4               6.4    -2.4
DAYS >= 1.00        1               2.1    -1.1
GREATEST
 24 HR. TOTAL    1.23   MM
 STORM TOTAL       MM
 (MM/DD(HH))            MM

SNOWFALL (INCHES)
RECORDS
 TOTAL             MM   MM
 24 HR TOTAL       MM
TOTALS            0.0               0.0     0.0
 LIQUID EQUIV    0.00              0.00    0.00
SINCE 7/1         0.0               0.0     0.0
 LIQUID 7/1      0.00
DAYS >= TRACE       0               0.0     0.0
DAYS >= 1.0         0               0.0     0.0
GREATEST
 SNOW DEPTH         0   MM
 24 HR TOTAL      0.0   MM
 STORM TOTAL       MM
 (MM/DD(HH))            MM

DEGREE_DAYS
HEATING TOTAL       0                 5      -5
 SINCE 7/1          0                 1      -1
COOLING TOTAL    1027              1108     -81
 SINCE 1/1       1202              1260     -58

FREEZE DATES
RECORD
 EARLIEST     MM
 LATEST       MM
EARLIEST                        MM
LATEST                          MM
.................................................

WIND (MPH)
AVERAGE WIND SPEED              5.4
HIGHEST WIND SPEED/DIRECTION    31/030    DATE  07/24
HIGHEST GUST SPEED/DIRECTION    40/360    DATE  07/24

SKY COVER
POSSIBLE SUNSHINE (PERCENT)   MM
AVERAGE SKY COVER           0.20
NUMBER OF DAYS FAIR           68
NUMBER OF DAYS PC             21
NUMBER OF DAYS CLOUDY          3

AVERAGE RH (PERCENT)     72

WEATHER CONDITIONS. NUMBER OF DAYS WITH
THUNDERSTORM              0     MIXED PRECIP               0
HEAVY RAIN               10     RAIN                      13
LIGHT RAIN               24     FREEZING RAIN              0
LT FREEZING RAIN          0     HAIL                       0
HEAVY SNOW                0     SNOW                       0
LIGHT SNOW                0     SLEET                      0
FOG                      50     FOG W/VIS <= 1/4 MILE     12
HAZE                     10

-  INDICATES NEGATIVE NUMBERS.
R  INDICATES RECORD WAS SET OR TIED.
MM INDICATES DATA IS MISSING.
T  INDICATES TRACE AMOUNT.

&&

REMARKS: TIED AS 10TH COOLEST SUMMER ON RECORD AND 9TH DRIEST
SUMMER ON RECORD.

$$
