110
CXUS53 KPAH 101527
CLSCGI

CLIMATE REPORT
NATIONAL WEATHER SERVICE PADUCAH KY
844 AM CST THU MAR 3 2016

...................................

...THE CAPE GIRARDEAU MO CLIMATE SUMMARY FOR THE SEASON, FROM
12/1/2015 TO 2/29/2016...

CLIMATE NORMAL PERIOD 1981 TO 2010
CLIMATE RECORD PERIOD 1960 TO 2016

WEATHER         OBSERVED          NORMAL  DEPART
                 VALUE   DATE(S)  VALUE   FROM
                                          NORMAL
................................................
TEMPERATURE (F)
RECORD
 HIGH              79   02/13/1962
 LOW              -18   01/11/1977
HIGHEST            72   02/20        MM      MM
LOWEST              7   01/18        MM      MM
AVG. MAXIMUM     49.3              44.9     4.4
AVG. MINIMUM     31.0              26.2     4.8
MEAN             40.2              35.6     4.6
DAYS MAX >= 90      0               0.0     0.0
DAYS MAX <= 32     10              11.9    -1.9
DAYS MIN <= 32     58              64.7    -6.7
DAYS MIN <= 0       0               1.9    -1.9

PRECIPITATION (INCHES)
RECORD
 MAXIMUM        18.09   1978-1979
 MINIMUM         4.27   1962-1963
TOTALS           7.17             11.13   -3.96
DAILY AVG.       0.08              0.12   -0.04
DAYS >= .01        20              27.1    -7.1
DAYS >= .10        12              18.0    -6.0
DAYS >= .50         4               7.0    -3.0
DAYS >= 1.00        3               2.7     0.3
GREATEST
 24 HR. TOTAL    2.22   MM
 STORM TOTAL       MM
 (MM/DD(HH))            MM

SNOWFALL (INCHES)
 24 HR TOTAL        T   MM
TOTALS            0.0               9.9    -9.9
 LIQUID EQUIV    0.00              1.00   -1.00
SINCE 7/1         0.0              10.2   -10.2
 LIQUID 7/1      0.00
DAYS >= TRACE       0               6.3    -6.3
DAYS >= 1.0         0               3.3    -3.3
GREATEST
 SNOW DEPTH         0   MM
 24 HR TOTAL      0.0   MM
 STORM TOTAL       MM
 (MM/DD(HH))            MM

DEGREE_DAYS
HEATING TOTAL    2242              2646    -404
 SINCE 7/1       2892              3520    -628
COOLING TOTAL       2                 0       2
 SINCE 1/1          0                 0       0

FREEZE DATES
RECORD
 EARLIEST     MM
 LATEST       MM
EARLIEST                        MM
LATEST                          MM
.................................................

WIND (MPH)
AVERAGE WIND SPEED              9.4
HIGHEST WIND SPEED/DIRECTION    38/340    DATE  12/27
HIGHEST GUST SPEED/DIRECTION    50/220    DATE  02/28

SKY COVER
POSSIBLE SUNSHINE (PERCENT)   MM
AVERAGE SKY COVER           0.40
NUMBER OF DAYS FAIR           42
NUMBER OF DAYS PC             28
NUMBER OF DAYS CLOUDY         21

AVERAGE RH (PERCENT)     73

WEATHER CONDITIONS. NUMBER OF DAYS WITH
THUNDERSTORM              0     MIXED PRECIP               0
HEAVY RAIN                9     RAIN                       9
LIGHT RAIN               19     FREEZING RAIN              1
LT FREEZING RAIN          2     HAIL                       0
HEAVY SNOW                2     SNOW                       3
LIGHT SNOW                9     SLEET                      0
FOG                      37     FOG W/VIS <= 1/4 MILE      8
HAZE                      6

-  INDICATES NEGATIVE NUMBERS.
R  INDICATES RECORD WAS SET OR TIED.
MM INDICATES DATA IS MISSING.
T  INDICATES TRACE AMOUNT.

$$
