594
CXUS53 KPAH 010842
CLSCGI

CLIMATE REPORT
NATIONAL WEATHER SERVICE PADUCAH KY
236 AM CST WED MAR 1 2017

...................................

...THE CAPE GIRARDEAU MO CLIMATE SUMMARY FOR THE WINTER SEASON,
FROM 12/1/2016 TO 2/28/2017...

CLIMATE NORMAL PERIOD 1981 TO 2010
CLIMATE RECORD PERIOD 1960 TO 2017

WEATHER         OBSERVED          NORMAL  DEPART
                 VALUE   DATE(S)  VALUE   FROM
                                          NORMAL
................................................
TEMPERATURE (F)
RECORD
 HIGH              79   02/13/1962
 LOW              -18   01/11/1977
HIGHEST            73   02/20        MM      MM
                        02/07
LOWEST              6   01/07        MM      MM
AVG. MAXIMUM     50.0              44.9     5.1
AVG. MINIMUM     31.5              26.2     5.3
MEAN             40.8              35.6     5.2
DAYS MAX >= 90      0               0.0     0.0
DAYS MAX <= 32      9              11.9    -2.9
DAYS MIN <= 32     51              64.7   -13.7
DAYS MIN <= 0       0               1.9    -1.9

PRECIPITATION (INCHES)
RECORD
 MAXIMUM        18.09   1979
 MINIMUM         4.27   1963
TOTALS           6.36             11.13   -4.77
DAILY AVG.       0.07              0.12   -0.05
DAYS >= .01        28              27.1     0.9
DAYS >= .10        12              18.0    -6.0
DAYS >= .50         5               7.0    -2.0
DAYS >= 1.00        1               2.7    -1.7
GREATEST
 24 HR. TOTAL    1.30   MM
 STORM TOTAL       MM
 (MM/DD(HH))            MM

SNOWFALL (INCHES)
RECORDS
 TOTAL              M
 24 HR TOTAL        M
TOTALS            0.0
 LIQUID EQUIV    0.00
SINCE 7/1         0.0
 LIQUID 7/1      0.00
DAYS >= TRACE       0
DAYS >= 1.0         0
GREATEST
 SNOW DEPTH         0   MM
 24 HR TOTAL      0.0   MM
 STORM TOTAL       MM
 (MM/DD(HH))            MM

DEGREE_DAYS
HEATING TOTAL    2158              2646    -488
 SINCE 7/1       2735              3497    -762
COOLING TOTAL       0                 0       0
 SINCE 1/1          0                 0       0

FREEZE DATES
RECORD
 EARLIEST     MM
 LATEST       MM
EARLIEST                        MM
LATEST                          MM
.................................................

WIND (MPH)
AVERAGE WIND SPEED              8.8
HIGHEST WIND SPEED/DIRECTION    37/200    DATE  01/10
HIGHEST GUST SPEED/DIRECTION    48/200    DATE  01/10

SKY COVER
POSSIBLE SUNSHINE (PERCENT)   MM
AVERAGE SKY COVER           0.50
NUMBER OF DAYS FAIR           39
NUMBER OF DAYS PC             20
NUMBER OF DAYS CLOUDY         30

AVERAGE RH (PERCENT)     72

WEATHER CONDITIONS. NUMBER OF DAYS WITH
THUNDERSTORM              0     MIXED PRECIP               0
HEAVY RAIN                7     RAIN                       6
LIGHT RAIN               29     FREEZING RAIN              1
LT FREEZING RAIN          1     HAIL                       0
HEAVY SNOW                0     SNOW                       0
LIGHT SNOW                3     SLEET                      0
FOG                      44     FOG W/VIS <= 1/4 MILE     14
HAZE                     10

-  INDICATES NEGATIVE NUMBERS.
R  INDICATES RECORD WAS SET OR TIED.
MM INDICATES DATA IS MISSING.
T  INDICATES TRACE AMOUNT.

$$
