000
CXUS53 KPAH 010807
CLSCGI

STLCLMCAS 000
TTAA00 KPAH 010800


CLIMATE REPORT
NATIONAL WEATHER SERVICE PADUCAH KY
155 AM CST SAT MAR 1 2014

...................................

...THE CAPE GIRARDEAU MO CLIMATE SUMMARY FOR THE WINTER SEASON, FROM
12/1/2013 TO 2/28/2014...

CLIMATE NORMAL PERIOD 1981 TO 2010
CLIMATE RECORD PERIOD 1960 TO 2014

WEATHER         OBSERVED          NORMAL  DEPART
                 VALUE   DATE(S)  VALUE   FROM
                                          NORMAL
................................................
TEMPERATURE (F)
RECORD
 HIGH              79   02/13/1962
 LOW              -18   01/11/1977
HIGHEST            68   02/20        MM      MM
                        12/04
LOWEST              0   01/06        MM      MM
                        12/12
AVG. MAXIMUM     40.9              44.9    -4.0
AVG. MINIMUM     21.4              26.2    -4.8
MEAN             31.2              35.6    -4.4
DAYS MAX >= 90      0               0.0     0.0
DAYS MAX <= 32     25              11.9    13.1
DAYS MIN <= 32     77              64.7    12.3
DAYS MIN <= 0       2               1.9     0.1

PRECIPITATION (INCHES)
RECORD
 MAXIMUM        10.65   2012
 MINIMUM         6.71   2009
TOTALS           8.70             11.13   -2.43
DAILY AVG.       0.09              0.12   -0.03
DAYS >= .01        16              27.1   -11.1
DAYS >= .10        12              18.0    -6.0
DAYS >= .50         4               7.0    -3.0
DAYS >= 1.00        2               2.7    -0.7
GREATEST
 24 HR. TOTAL    4.31   MM
 STORM TOTAL       MM
 (MM/DD(HH))            MM

SNOWFALL (INCHES)
RECORDS
 TOTAL              T   2013
                        2009
 24 HR TOTAL        T   MM
TOTALS             MM               9.9      MM
 LIQUID EQUIV    0.00              1.00   -1.00
SINCE 7/1         0.0              10.2   -10.2
 LIQUID 7/1      0.00
DAYS >= TRACE       0               6.3    -6.3
DAYS >= 1.0         0               3.3    -3.3
GREATEST
 SNOW DEPTH         0   MM
 24 HR TOTAL      0.0   MM
 STORM TOTAL       MM
 (MM/DD(HH))            MM

DEGREE_DAYS
HEATING TOTAL    3019              2646     373
 SINCE 7/1       3925              3497     428
COOLING TOTAL       0                 0       0
 SINCE 1/1          0                 0       0

FREEZE DATES
RECORD
 EARLIEST     MM
 LATEST       MM
EARLIEST                        MM
LATEST                          MM
.................................................

WIND (MPH)
AVERAGE WIND SPEED              9.3
HIGHEST WIND SPEED/DIRECTION    40/350    DATE  01/27
HIGHEST GUST SPEED/DIRECTION    52/170    DATE  02/20

SKY COVER
POSSIBLE SUNSHINE (PERCENT)   MM
AVERAGE SKY COVER           0.40
NUMBER OF DAYS FAIR           49
NUMBER OF DAYS PC             23
NUMBER OF DAYS CLOUDY         18

AVERAGE RH (PERCENT)     70

WEATHER CONDITIONS. NUMBER OF DAYS WITH
THUNDERSTORM              0     MIXED PRECIP               0
HEAVY RAIN                4     RAIN                       8
LIGHT RAIN               14     FREEZING RAIN              3
LT FREEZING RAIN          3     HAIL                       0
HEAVY SNOW                2     SNOW                       4
LIGHT SNOW               21     SLEET                      0
FOG                      45     FOG W/VIS <= 1/4 MILE      8
HAZE                     17

-  INDICATES NEGATIVE NUMBERS.
R  INDICATES RECORD WAS SET OR TIED.
MM INDICATES DATA IS MISSING.
T  INDICATES TRACE AMOUNT.

RMKS: THIS WAS THE 4TH COLDEST WINTER SEASON ON RECORD. THE COLDEST WAS
THE WINTER ENDING IN 1978 WHEN THE AVERAGE TEMPERATURE WAS 26.9 DEGREES.

$$
