000
CXUS53 KPAH 031615
CLSCGI

STLCLMCAS 000
TTAA00 KPAH 031613


CLIMATE REPORT
NATIONAL WEATHER SERVICE PADUCAH KY
1001 AM CST TUE DEC 3 2013

...................................

...THE CAPE GIRARDEAU MO CLIMATE SUMMARY FOR THE FALL SEASON, FROM
9/1/2013 TO 11/30/2013...

CLIMATE NORMAL PERIOD 1981 TO 2010
CLIMATE RECORD PERIOD 1960 TO 2013

WEATHER         OBSERVED          NORMAL  DEPART
                 VALUE   DATE(S)  VALUE   FROM
                                          NORMAL
................................................
TEMPERATURE (F)
RECORD
 HIGH             100   09/06/1960
 LOW                8   11/29/1976
HIGHEST            94   09/11        MM      MM
                        09/09
                        09/10
LOWEST             17   11/13        MM      MM
AVG. MAXIMUM     68.6              69.7    -1.1
AVG. MINIMUM     46.7              45.9     0.8
MEAN             57.6              57.8    -0.2
DAYS MAX >= 90      3               3.7    -0.7
DAYS MAX <= 32      2               0.1     1.9
DAYS MIN <= 32     16              14.5     1.5
DAYS MIN <= 0       0               0.0     0.0

PRECIPITATION (INCHES)
RECORD
 MAXIMUM        22.13   1984
 MINIMUM         3.54   1999
TOTALS           6.29             11.51   -5.22
DAILY AVG.       0.07              0.13   -0.06
DAYS >= .01        18              26.2    -8.2
DAYS >= .10        13              17.5    -4.5
DAYS >= .50         4               7.9    -3.9
DAYS >= 1.00        2               3.6    -1.6
GREATEST
 24 HR. TOTAL    1.52   MM
 STORM TOTAL       MM
 (MM/DD(HH))            MM

SNOWFALL (INCHES)
RECORDS
 TOTAL              T   2011
                        2010
                        2008
 24 HR TOTAL        T   11/25/2010 TO 11/25/2010
TOTALS             MM               0.3      MM
 LIQUID EQUIV      MM              0.00      MM
SINCE 7/1         0.0               0.3    -0.3
 LIQUID 7/1      0.00
DAYS >= TRACE       0               0.4    -0.4
DAYS >= 1.0         0               0.2    -0.2
GREATEST
 SNOW DEPTH         0   MM
 24 HR TOTAL      0.0   MM
 STORM TOTAL       MM
 (MM/DD(HH))            MM

DEGREE_DAYS
HEATING TOTAL     905               850      55
 SINCE 7/1        906               851      55
COOLING TOTAL     260               193      67
 SINCE 1/1       1441              1453     -12

FREEZE DATES
RECORD
 EARLIEST     MM
 LATEST       MM
EARLIEST                        MM
LATEST                          MM
.................................................

WIND (MPH)
AVERAGE WIND SPEED              5.6
HIGHEST WIND SPEED/DIRECTION    35/220    DATE  11/17
HIGHEST GUST SPEED/DIRECTION    46/200    DATE  11/17

SKY COVER
POSSIBLE SUNSHINE (PERCENT)   MM
AVERAGE SKY COVER           0.30
NUMBER OF DAYS FAIR           54
NUMBER OF DAYS PC             24
NUMBER OF DAYS CLOUDY         12

AVERAGE RH (PERCENT)     73

WEATHER CONDITIONS. NUMBER OF DAYS WITH
THUNDERSTORM              0     MIXED PRECIP               0
HEAVY RAIN               13     RAIN                      12
LIGHT RAIN               24     FREEZING RAIN              0
LT FREEZING RAIN          0     HAIL                       0
HEAVY SNOW                0     SNOW                       0
LIGHT SNOW                0     SLEET                      1
FOG                      54     FOG W/VIS <= 1/4 MILE     23
HAZE                     25

-  INDICATES NEGATIVE NUMBERS.
R  INDICATES RECORD WAS SET OR TIED.
MM INDICATES DATA IS MISSING.
T  INDICATES TRACE AMOUNT.

&&
RMKS: A SEASAONAL RAINFALL TOTAL OF 6.29 INCHES MAKES THIS THE 4TH DRIEST
FALL SEASON ON RECORD. THE RECORD IS 3.54 INCHES SET IN 1999.

$$
