000
CXUS53 KPAH 131640
CLSCGI

STLCLMCAS 000
TTAA00 KPAH 131638

CLIMATE REPORT
NATIONAL WEATHER SERVICE PADUCAH KY
1123 AM CDT FRI SEP 13 2013

...................................

...THE CAPE GIRARDEAU MO CLIMATE SUMMARY FOR THE SUMMER SEASON,
FROM 6/1/2013 TO 8/31/2013...

CLIMATE NORMAL PERIOD 1981 TO 2010
CLIMATE RECORD PERIOD 1960 TO 2013

WEATHER         OBSERVED          NORMAL  DEPART
                 VALUE   DATE(S)  VALUE   FROM
                                          NORMAL
................................................
TEMPERATURE (F)
RECORD
 HIGH             107   06/29/2012
 LOW               43   06/01/1972
HIGHEST            97   06/27        MM      MM
LOWEST             51   08/15        MM      MM
AVG. MAXIMUM     86.2              88.2    -2.0
AVG. MINIMUM     65.3              65.8    -0.5
MEAN             75.7              77.0    -1.3
DAYS MAX >= 90     29              36.7    -7.7
DAYS MAX <= 32      0               0.0     0.0
DAYS MIN <= 32      0               0.0     0.0
DAYS MIN <= 0       0               0.0     0.0

PRECIPITATION (INCHES)
RECORD
 MAXIMUM        10.20   2009
 MINIMUM         4.28   2007
TOTALS          12.06              9.95    2.11
DAILY AVG.       0.13              0.11    0.02
DAYS >= .01        21              26.3    -5.3
DAYS >= .10         9              16.9    -7.9
DAYS >= .50         5               6.4    -1.4
DAYS >= 1.00        5               2.1     2.9
GREATEST
 24 HR. TOTAL    3.39   MM
 STORM TOTAL       MM
 (MM/DD(HH))            MM

SNOWFALL (INCHES)
RECORDS
 TOTAL             MM   MM
 24 HR TOTAL       MM
TOTALS            0.0               0.0     0.0
 LIQUID EQUIV    0.00              0.00    0.00
SINCE 7/1         0.0               0.0     0.0
 LIQUID 7/1      0.00
DAYS >= TRACE       0               0.0     0.0
DAYS >= 1.0         0               0.0     0.0
GREATEST
 SNOW DEPTH         0   MM
 24 HR TOTAL      0.0   MM
 STORM TOTAL       MM
 (MM/DD(HH))            MM

DEGREE_DAYS
HEATING TOTAL       1                 5      -4
 SINCE 7/1          1                 1       0
COOLING TOTAL    1010              1108     -98
 SINCE 1/1       1181              1260     -79

FREEZE DATES
RECORD
 EARLIEST     MM
 LATEST       MM
EARLIEST                        MM
LATEST                          MM
.................................................

WIND (MPH)
AVERAGE WIND SPEED              4.8
HIGHEST WIND SPEED/DIRECTION    38/340    DATE  06/29
HIGHEST GUST SPEED/DIRECTION    47/340    DATE  06/29

SKY COVER
POSSIBLE SUNSHINE (PERCENT)   MM
AVERAGE SKY COVER           0.30
NUMBER OF DAYS FAIR           62
NUMBER OF DAYS PC             25
NUMBER OF DAYS CLOUDY          5

AVERAGE RH (PERCENT)     74

WEATHER CONDITIONS. NUMBER OF DAYS WITH
THUNDERSTORM              0     MIXED PRECIP               0
HEAVY RAIN                9     RAIN                      19
LIGHT RAIN               30     FREEZING RAIN              0
LT FREEZING RAIN          0     HAIL                       0
HEAVY SNOW                0     SNOW                       0
LIGHT SNOW                0     SLEET                      0
FOG                      63     FOG W/VIS <= 1/4 MILE     15
HAZE                     18

-  INDICATES NEGATIVE NUMBERS.
R  INDICATES RECORD WAS SET OR TIED.
MM INDICATES DATA IS MISSING.
T  INDICATES TRACE AMOUNT.

REMARKS: THE MEAN TEMPERATURE OF 75.7 DEGREES MAKES THIS SUMMER THE
5TH COOLEST ON RECORD. THE RECORD IS 74.1 SET IN THE SUMMER OF
2004.

$$
