000
CXUS55 KDVN 011527
CF6CID
PRELIMINARY LOCAL CLIMATOLOGICAL DATA (WS FORM: F-6)
STATION: CEDAR RAPIDS IA
MONTH: JANUARY
YEAR: 2023
LATITUDE: 41 52 N
LONGITUDE: 91 42 W
TEMPERATURE IN F: :PCPN: SNOW: WIND :SUNSHINE: SKY :PK WND
================================================================================
1 2 3 4 5 6A 6B 7 8 9 10 11 12 13 14 15 16 17 18
12Z AVG MX 2MIN
DY MAX MIN AVG DEP HDD CDD WTR SNW DPTH SPD SPD DIR MIN PSBL S-S WX SPD DR
================================================================================
1 40 24 32 11 33 0 0.00 M M 3.6 9 340 M M 3 18 13 30
2 40 30 35 14 30 0 0.18 M M 10.3 23 50 M M 3 1 29 60
3 43 34 39 18 26 0 0.13 M M 13.0 28 60 M M 10 12 37 80
4 34 28 31 11 34 0 T M M 12.7 17 250 M M 10 1 23 250
5 31 20 26 6 39 0 T M M 15.5 28 290 M M 9 1 33 280
6 21 10 16 -4 49 0 0.00 M M 7.2 12 360 M M 0 18 20 10
7 20 6 13 -7 52 0 0.00 M M 5.8 13 10 M M 8 12 16 360
8 27 16 22 2 43 0 0.00 M M 3.5 10 260 M M 6 128 13 280
9 45 17 31 11 34 0 0.00 M M 7.8 15 160 M M 0 18 23 150
10 35 23 29 9 36 0 0.00 M M 6.2 13 310 M M 1 1 17 280
11 44 30 37 17 28 0 0.00 M M 7.8 16 340 M M 3 18 23 320
12 33 21 27 8 38 0 0.00 M M 17.4 24 320 M M 10 1 31 320
13 26 21 24 5 41 0 0.00 M M 10.6 22 310 M M 10 1 27 310
14 36 18 27 8 38 0 0.00 M M 12.3 22 150 M M 5 1 30 160
15 43 30 37 18 28 0 0.00 M M 15.1 22 150 M M 1 32 140
16 50 35 43 24 22 0 0.42 M M 15.0 26 240 M M 10 135 34 240
17 37 32 35 16 30 0 0.00 M M 15.7 24 270 M M 10 1 31 280
18 35 29 32 13 33 0 0.39 M M 11.8 25 60 M M 10 1 34 60
19 33 29 31 12 34 0 0.01 M M 15.9 29 300 M M 10 1 36 300
20 29 21 25 6 40 0 0.00 M M 16.1 25 310 M M 10 1 34 310
21 28 20 24 5 41 0 0.01 M M 4.4 13 200 M M 10 12 15 210
22 30 19 25 6 40 0 0.01 M M 6.8 15 300 M M 10 1 18 330
23 30 14 22 3 43 0 0.00 M M 10.3 20 210 M M 8 128 25 210
24 34 22 28 9 37 0 0.00 M M 4.6 12 230 M M 8 128 13 260
25 31 16 24 5 41 0 0.11 M M 11.3 26 300 M M 10 1 35 290
26 16 7 12 -7 53 0 T M M 15.6 28 290 M M 6 18 34 300
27 36 12 24 5 41 0 0.02 M M 17.4 32 300 M M 5 1 43 300
28 19 14 17 -3 48 0 0.14 M M 13.2 22 10 M M 9 1268 30 10
29 14 5 10 -10 55 0 0.00 M M 14.9 23 350 M M 6 29 350
30 8 -4 2 -18 63 0 0.00 M M 11.4 18 340 M M 4 25 320
31 14 -9 3 -17 62 0 0.00 M M 5.6 15 230 M M 0 18 18 220
================================================================================
SM 962 590 1232 0 1.42 M 338.8 M 205
================================================================================
AV 31.0 19.0 10.9 FASTST M M 7 MAX(MPH)
MISC ----> 32 300 43 300
================================================================================
NOTES:
# LAST OF SEVERAL OCCURRENCES
COLUMN 17 PEAK WIND IN M.P.H.
PRELIMINARY LOCAL CLIMATOLOGICAL DATA (WS FORM: F-6) , PAGE 2
STATION: CEDAR RAPIDS IA
MONTH: JANUARY
YEAR: 2023
LATITUDE: 41 52 N
LONGITUDE: 91 42 W
[TEMPERATURE DATA] [PRECIPITATION DATA] SYMBOLS USED IN COLUMN 16
AVERAGE MONTHLY: 25.0 TOTAL FOR MONTH: 1.42 1 = FOG OR MIST
DPTR FM NORMAL: 5.4 DPTR FM NORMAL: 0.47 2 = FOG REDUCING VISIBILITY
HIGHEST: 50 ON 16 GRTST 24HR 0.68 ON 2- 3 TO 1/4 MILE OR LESS
LOWEST: -9 ON 31 3 = THUNDER
SNOW, ICE PELLETS, HAIL 4 = ICE PELLETS
TOTAL MONTH: M 5 = HAIL
GRTST 24HR M ON M 6 = FREEZING RAIN OR DRIZZLE
GRTST DEPTH: M ON M 7 = DUSTSTORM OR SANDSTORM:
VSBY 1/2 MILE OR LESS
8 = SMOKE OR HAZE
[NO. OF DAYS WITH] [WEATHER - DAYS WITH] 9 = BLOWING SNOW
X = TORNADO
MAX 32 OR BELOW: 15 0.01 INCH OR MORE: 10
MAX 90 OR ABOVE: 0 0.10 INCH OR MORE: 6
MIN 32 OR BELOW: 29 0.50 INCH OR MORE: 0
MIN 0 OR BELOW: 2 1.00 INCH OR MORE: 0
[HDD (BASE 65) ]
TOTAL THIS MO. 1232 CLEAR (SCALE 0-3) 8
DPTR FM NORMAL -175 PTCLDY (SCALE 4-7) 8
TOTAL FM JUL 1 3872 CLOUDY (SCALE 8-10) 15
DPTR FM NORMAL -213
[CDD (BASE 65) ]
TOTAL THIS MO. 0
DPTR FM NORMAL 0 [PRESSURE DATA]
TOTAL FM JAN 1 0 HIGHEST SLP 30.55 ON 30
DPTR FM NORMAL 0 LOWEST SLP 29.28 ON 16
[REMARKS]
#FINAL-01-23#