000
CXUS55 KDVN 011000
CF6CID
PRELIMINARY LOCAL CLIMATOLOGICAL DATA (WS FORM: F-6)
STATION: CEDAR RAPIDS IA
MONTH: AUGUST
YEAR: 2023
LATITUDE: 41 52 N
LONGITUDE: 91 42 W
TEMPERATURE IN F: :PCPN: SNOW: WIND :SUNSHINE: SKY :PK WND
================================================================================
1 2 3 4 5 6A 6B 7 8 9 10 11 12 13 14 15 16 17 18
12Z AVG MX 2MIN
DY MAX MIN AVG DEP HDD CDD WTR SNW DPTH SPD SPD DIR MIN PSBL S-S WX SPD DR
================================================================================
1 86 63 75 3 0 10 0.00 M M 7.2 15 140 M M 3 24 140
2 80 67 74 2 0 9 0.00 M M 5.2 13 150 M M 6 1 17 160
3 82 65 74 2 0 9 0.00 M M 2.5 8 110 M M 7 128 12 90
4 88 61 75 3 0 10 0.00 M M 7.1 18 100 M M 3 12 26 100
5 87 66 77 5 0 12 0.02 M M 10.0 20 80 M M 3 26 80
6 73 63 68 -4 0 3 0.49 M M 7.9 15 30 M M 7 18 21 20
7 82 62 72 0 0 7 0.02 M M 7.5 16 310 M M 5 18 23 300
8 84 60 72 0 0 7 T M M 4.7 14 320 M M 2 128 18 310
9 76 58 67 -5 0 2 0.03 M M 2.4 9 190 M M 2 12 13 180
10 86 59 73 1 0 8 0.00 M M 6.3 13 250 M M 2 12 18 250
11 89 64 77 5 0 12 1.33 M M 7.7 25 360 M M 3 13 35 340
12 87 64 76 4 0 11 T M M 7.7 15 290 M M 0 20 310
13 77 60 69 -2 0 4 0.01 M M 3.1 9 100 M M 5 12 190
14 75 62 69 -2 0 4 0.05 M M 9.3 22 10 M M 7 13 28 10
15 79 55 67 -4 0 2 0.00 M M 8.5 17 350 M M 1 24 350
16 81 52 67 -4 0 2 0.00 M M 10.8 22 190 M M 0 31 190
17 78 57 68 -3 0 3 0.00 M M 12.4 24 320 M M 2 33 330
18 79 49 64 -7 1 0 0.00 M M 5.4 15 180 M M 0 1 20 180
19 89 63 76 5 0 11 0.00 M M 9.4 18 160 M M 0 1 25 160
20 96 71 84 14 0 19 0.00 M M 6.3 13 80 M M 2 18 18 70
21 91 72 82 12 0 17 0.00 M M 8.0 14 100 M M 1 1 21 90
22 92 66 79 9 0 14 0.00 M M 7.3 14 200 M M 0 18 19 200
23 100 76 88 18 0 23 0.00 M M 9.9 18 230 M M 0 18 28 210
24 99 79 89 19 0 24 0.00 M M 10.1 18 270 M M 0 18 23 270
25 90 72 81 11 0 16 0.00 M M 5.8 20 10 M M 1 18 29 10
26 87 61 74 4 0 9 0.00 M M 11.4 22 40 M M 2 30 70
27 79 58 69 0 0 4 0.00 M M 5.4 14 50 M M 2 19 50
28 82 54 68 -1 0 3 0.00 M M 3.6 14 200 M M 1 1 20 240
29 89 60 75 6 0 10 0.00 M M 9.2 20 350 M M 1 28 350
30 81 53 67 -2 0 2 0.00 M M 7.5 16 50 M M 0 8 22 40
31 79 46 63 -5 2 0 0.00 M M 6.9 13 130 M M 0 18 140
================================================================================
SM 2623 1918 3 267 1.95 M 226.5 M 68
================================================================================
AV 84.6 61.9 7.3 FASTST M M 2 MAX(MPH)
MISC ----> 25 360 35 340
================================================================================
NOTES:
# LAST OF SEVERAL OCCURRENCES
COLUMN 17 PEAK WIND IN M.P.H.
PRELIMINARY LOCAL CLIMATOLOGICAL DATA (WS FORM: F-6) , PAGE 2
STATION: CEDAR RAPIDS IA
MONTH: AUGUST
YEAR: 2023
LATITUDE: 41 52 N
LONGITUDE: 91 42 W
[TEMPERATURE DATA] [PRECIPITATION DATA] SYMBOLS USED IN COLUMN 16
AVERAGE MONTHLY: 73.2 TOTAL FOR MONTH: 1.95 1 = FOG OR MIST
DPTR FM NORMAL: 2.4 DPTR FM NORMAL: -2.12 2 = FOG REDUCING VISIBILITY
HIGHEST: 100 ON 23 GRTST 24HR 1.33 ON 11-11 TO 1/4 MILE OR LESS
LOWEST: 46 ON 31 3 = THUNDER
SNOW, ICE PELLETS, HAIL 4 = ICE PELLETS
TOTAL MONTH: M 5 = HAIL
GRTST 24HR M ON M 6 = FREEZING RAIN OR DRIZZLE
GRTST DEPTH: M ON M 7 = DUSTSTORM OR SANDSTORM:
VSBY 1/2 MILE OR LESS
8 = SMOKE OR HAZE
[NO. OF DAYS WITH] [WEATHER - DAYS WITH] 9 = BLOWING SNOW
X = TORNADO
MAX 32 OR BELOW: 0 0.01 INCH OR MORE: 7
MAX 90 OR ABOVE: 6 0.10 INCH OR MORE: 2
MIN 32 OR BELOW: 0 0.50 INCH OR MORE: 1
MIN 0 OR BELOW: 0 1.00 INCH OR MORE: 1
[HDD (BASE 65) ]
TOTAL THIS MO. 3 CLEAR (SCALE 0-3) 25
DPTR FM NORMAL -10 PTCLDY (SCALE 4-7) 6
TOTAL FM JUL 1 7 CLOUDY (SCALE 8-10) 0
DPTR FM NORMAL -6
[CDD (BASE 65) ]
TOTAL THIS MO. 267
DPTR FM NORMAL 74 [PRESSURE DATA]
TOTAL FM JAN 1 808 HIGHEST SLP 30.19 ON 21
DPTR FM NORMAL 139 LOWEST SLP 29.69 ON 17
[REMARKS]
#FINAL-08-23#