000
CXUS53 KDVN 011808
CLMCID
CLIMATE REPORT
NATIONAL WEATHER SERVICE QUAD CITIES IA IL
108 PM CDT SAT APR 01 2023
...................................
...THE CEDAR RAPIDS IA CLIMATE SUMMARY FOR THE MONTH OF MARCH 2023...
CLIMATE NORMAL PERIOD 1991 TO 2020
CLIMATE RECORD PERIOD 1891 TO 2023
WEATHER OBSERVED NORMAL DEPART LAST YEAR`S
VALUE DATE(S) VALUE FROM VALUE
NORMAL
..............................................................
TEMPERATURE (F)
RECORD
HIGH 88 03/29/1986
LOW -15 03/03/2014
HIGHEST 72 03/31 54 18
LOWEST 7 03/19 21 -14
AVG. MAXIMUM 45.4 46.3 -0.9
AVG. MINIMUM 26.2 26.8 -0.6
MEAN 35.8 36.5 -0.7
DAYS MAX >= 90 0
DAYS MAX <= 32 4
DAYS MIN <= 32 26
DAYS MIN <= 0 0
PRECIPITATION (INCHES)
TOTALS 0.80R 1.99 -1.19
DAILY AVG. 0.03 0.06 -0.03
DAYS >= .01 7
DAYS >= .10 2
DAYS >= .50 0
DAYS >= 1.00 0
GREATEST
24 HR. TOTAL 0.33 03/09 TO 03/09
DEGREE DAYS
HEATING TOTAL 898 883 15
SINCE 7/1 5800 6110 -310
COOLING TOTAL 0 1 -1
SINCE 1/1 0 1 -1
..............................................................
WIND (MPH)
AVERAGE WIND SPEED 12.7
HIGHEST WIND SPEED/DIRECTION 47/250 DATE 03/31
HIGHEST GUST SPEED/DIRECTION 69/250 DATE 03/31
SKY COVER
POSSIBLE SUNSHINE (PERCENT) MM
AVERAGE SKY COVER 0.54
NUMBER OF DAYS FAIR 9
NUMBER OF DAYS PC 12
NUMBER OF DAYS CLOUDY 10
AVERAGE RH (PERCENT) 71
WEATHER CONDITIONS. NUMBER OF DAYS WITH
THUNDERSTORM 3 HAIL 0
SLEET 0 FOG 18
FOG W/VIS <= 1/4 MILE 5 HAZE 4
- INDICATES NEGATIVE NUMBERS.
R INDICATES RECORD WAS SET OR TIED.
MM INDICATES DATA IS MISSING.
T INDICATES TRACE AMOUNT.
$$