000
CXUS53 KDVN 010836
CLMCID
CLIMATE REPORT
NATIONAL WEATHER SERVICE QUAD CITIES IA IL
336 AM CDT TUE AUG 01 2023
...................................
...THE CEDAR RAPIDS IA CLIMATE SUMMARY FOR THE MONTH OF JULY 2023...
CLIMATE NORMAL PERIOD 1991 TO 2020
CLIMATE RECORD PERIOD 1891 TO 2023
WEATHER OBSERVED NORMAL DEPART LAST YEAR`S
VALUE DATE(S) VALUE FROM VALUE
NORMAL
..............................................................
TEMPERATURE (F)
RECORD
HIGH 110 07/05/1911
LOW 42 07/02/1924
HIGHEST 97 07/28 84 13
LOWEST 47 07/07 62 -15
AVG. MAXIMUM 85.4 82.8 2.6
AVG. MINIMUM 61.1 62.7 -1.6
MEAN 73.2 72.8 0.4
DAYS MAX >= 90 5
DAYS MAX <= 32 0
DAYS MIN <= 32 0
DAYS MIN <= 0 0
PRECIPITATION (INCHES)
TOTALS 1.99 4.41 -2.42
DAILY AVG. 0.06 0.14 -0.08
DAYS >= .01 5
DAYS >= .10 3
DAYS >= .50 2
DAYS >= 1.00 0
GREATEST
24 HR. TOTAL 0.92 07/12 TO 07/12
DEGREE DAYS
HEATING TOTAL 4 5 -1
SINCE 7/1 4 0 4
COOLING TOTAL 266 245 21
SINCE 1/1 541 476 65
..............................................................
WIND (MPH)
AVERAGE WIND SPEED 6.5
HIGHEST WIND SPEED/DIRECTION 44/350 DATE 07/28
HIGHEST GUST SPEED/DIRECTION 69/360 DATE 07/28
SKY COVER
POSSIBLE SUNSHINE (PERCENT) MM
AVERAGE SKY COVER 0.21
NUMBER OF DAYS FAIR 25
NUMBER OF DAYS PC 5
NUMBER OF DAYS CLOUDY 1
AVERAGE RH (PERCENT) 69
WEATHER CONDITIONS. NUMBER OF DAYS WITH
THUNDERSTORM 6 HAIL 0
SLEET 0 FOG 18
FOG W/VIS <= 1/4 MILE 1 HAZE 16
- INDICATES NEGATIVE NUMBERS.
R INDICATES RECORD WAS SET OR TIED.
MM INDICATES DATA IS MISSING.
T INDICATES TRACE AMOUNT.
$$