000
CXUS51 KCLE 010800
CF6CLE
PRELIMINARY LOCAL CLIMATOLOGICAL DATA (WS FORM: F-6)
STATION: CLEVELAND OH
MONTH: JUNE
YEAR: 2020
LATITUDE: 41 24 N
LONGITUDE: 81 51 W
TEMPERATURE IN F: :PCPN: SNOW: WIND :SUNSHINE: SKY :PK WND
================================================================================
1 2 3 4 5 6A 6B 7 8 9 10 11 12 13 14 15 16 17 18
12Z AVG MX 2MIN
DY MAX MIN AVG DEP HDD CDD WTR SNW DPTH SPD SPD DIR MIN PSBL S-S WX SPD DR
================================================================================
1 72 43 58 -7 7 0 0.05 0.0 0 7.0 14 270 M M 4 21 280
2 87 56 72 7 0 7 0.02 0.0 0 12.6 23 260 M M 5 28 230
3 85 63 74 8 0 9 T 0.0 0 13.1 29 270 M M 7 3 38 260
4 78 63 71 5 0 6 0.00 0.0 0 7.0 17 200 M M 9 3 21 190
5 88 66 77 11 0 12 0.00 0.0 0 6.6 16 330 M M 7 1 20 300
6 80 63 72 6 0 7 0.00 0.0 0 8.3 20 30 M M 2 23 30
7 73 55 64 -3 1 0 0.00 0.0 0 7.2 14 20 M M 2 20 20
8 76 51 64 -3 1 0 0.00 0.0 0 3.9 14 10 M M 2 16 10
9 92 60 76 8 0 11 0.00 0.0 0 9.3 18 160 M M 8 23 150
10 90 69 80 12 0 15 0.36 0.0 0 15.7 41 240 M M 6 13 53 240
11 78 63 71 3 0 6 T 0.0 0 13.5 23 250 M M 4 29 240
12 72 57 65 -3 0 0 0.02 0.0 0 8.6 20 320 M M 3 25 320
13 64 55 60 -9 5 0 0.09 0.0 0 11.7 24 40 M M 6 30 20
14 67 52 60 -9 5 0 0.00 0.0 0 13.3 25 40 M M 4 31 40
15 73 54 64 -5 1 0 0.00 0.0 0 9.2 21 30 M M 4 25 30
16 78 55 67 -3 0 2 0.00 0.0 0 5.8 17 10 M M 1 21 40
17 82 56 69 -1 0 4 0.00 0.0 0 6.5 18 50 M M 4 22 40
18 81 65 73 3 0 8 0.41 0.0 0 8.6 22 160 M M 6 13 25 30
19 82 65 74 4 0 9 0.00 0.0 0 5.5 14 360 M M 7 3 16 360
20 86 62 74 3 0 9 0.00 0.0 0 4.4 10 10 M M 3 15 10
21 90 67 79 8 0 14 0.16 0.0 0 7.7 22 270 M M 6 27 270
22 78 67 73 2 0 8 0.22 0.0 0 4.6 10 160 M M 9 1 13 160
23 81 62 72 1 0 7 0.66 0.0 0 13.2 30 280 M M 7 13 38 270
24 75 60 68 -4 0 3 0.00 0.0 0 9.2 18 320 M M 5 23 320
25 81 57 69 -3 0 4 0.00 0.0 0 8.2 18 280 M M 4 25 250
26 85 62 74 2 0 9 0.03 0.0 0 8.2 17 240 M M 7 3 21 250
27 82 68 75 3 0 10 0.34 0.0 0 11.4 24 300 M M 8 13 33 290
28 80 65 73 1 0 8 0.00 0.0 0 5.9 15 340 M M 5 1 23 350
29 82 61 72 0 0 7 0.00 0.0 0 4.4 12 10 M M 3 15 10
30 83 59 71 -2 0 6 0.00 0.0 0 7.0 16 40 M M 2 19 340
================================================================================
SM 2401 1801 20 181 2.36 0.0 257.6 M 150
================================================================================
AV 80.0 60.0 8.6 FASTST M M 5 MAX(MPH)
MISC ----> 41 240 53 240
================================================================================
NOTES:
# LAST OF SEVERAL OCCURRENCES
COLUMN 17 PEAK WIND IN M.P.H.
PRELIMINARY LOCAL CLIMATOLOGICAL DATA (WS FORM: F-6) , PAGE 2
STATION: CLEVELAND OH
MONTH: JUNE
YEAR: 2020
LATITUDE: 41 24 N
LONGITUDE: 81 51 W
[TEMPERATURE DATA] [PRECIPITATION DATA] SYMBOLS USED IN COLUMN 16
AVERAGE MONTHLY: 70.0 TOTAL FOR MONTH: 2.36 1 = FOG OR MIST
DPTR FM NORMAL: 0.8 DPTR FM NORMAL: -1.07 2 = FOG REDUCING VISIBILITY
HIGHEST: 92 ON 9 GRTST 24HR 0.66 ON 23-23 TO 1/4 MILE OR LESS
LOWEST: 43 ON 1 3 = THUNDER
SNOW, ICE PELLETS, HAIL 4 = ICE PELLETS
TOTAL MONTH: 0.0 INCH 5 = HAIL
GRTST 24HR 0.0 6 = FREEZING RAIN OR DRIZZLE
GRTST DEPTH: 0 7 = DUSTSTORM OR SANDSTORM:
VSBY 1/2 MILE OR LESS
8 = SMOKE OR HAZE
[NO. OF DAYS WITH] [WEATHER - DAYS WITH] 9 = BLOWING SNOW
X = TORNADO
MAX 32 OR BELOW: 0 0.01 INCH OR MORE: 11
MAX 90 OR ABOVE: 3 0.10 INCH OR MORE: 6
MIN 32 OR BELOW: 0 0.50 INCH OR MORE: 1
MIN 0 OR BELOW: 0 1.00 INCH OR MORE: 0
[HDD (BASE 65) ]
TOTAL THIS MO. 20 CLEAR (SCALE 0-3) 7
DPTR FM NORMAL -22 PTCLDY (SCALE 4-7) 21
TOTAL FM JUL 1 5134 CLOUDY (SCALE 8-10) 2
DPTR FM NORMAL -627
[CDD (BASE 65) ]
TOTAL THIS MO. 181
DPTR FM NORMAL 13 [PRESSURE DATA]
TOTAL FM JAN 1 237 HIGHEST SLP 30.39 ON 16
DPTR FM NORMAL 10 LOWEST SLP 29.58 ON 10
[REMARKS]
#FINAL-06-20#