000
CXUS51 KCLE 021828
CLSCLE
CLIMATE REPORT
NATIONAL WEATHER SERVICE CLEVELAND, OH
228 PM EDT THU JUN 02 2022
...................................
...THE CLEVELAND OH CLIMATE SUMMARY FOR THE SEASON, FROM
3/1/2022 TO 5/31/2022...
CLIMATE NORMAL PERIOD 1991 TO 2020
CLIMATE RECORD PERIOD 1871 TO 2022
WEATHER OBSERVED NORMAL DEPART
VALUE DATE(S) VALUE FROM
NORMAL
................................................
TEMPERATURE (F)
RECORD
HIGH 93 05/28/2018
LOW -5 03/09/1984
03/12/1948
HIGHEST 89 05/31
LOWEST 14 03/13
AVG. MAXIMUM 60.1 59.4 0.7
AVG. MINIMUM 42.3 40.9 1.4
MEAN 51.2 50.2 1.0
DAYS MAX >= 90 0 0.4
DAYS MAX <= 32 3 4.2
DAYS MIN <= 32 20 26.8
DAYS MIN <= 0 0 0.0
PRECIPITATION (INCHES)
RECORD
MAXIMUM 18.21 2011
MINIMUM 4.45 1895
TOTALS 11.17 10.60 0.57
DAYS >= .01 44 42.8
DAYS >= .10 31 24.6
DAYS >= .50 5 6.3
DAYS >= 1.00 1 1.9
SNOWFALL (INCHES)
RECORDS
TOTAL 30.8 2005
TOTALS 5.2 13.5
DAYS >= TRACE 16
DAYS >= 1.0 1 4.1
DEGREE DAYS
HEATING TOTAL 1362 1440 -78
COOLING TOTAL 119 78 41
................................................
WIND (MPH)
HIGHEST GUST SPEED/DIRECTION 52/210 DATE 03/31
SKY COVER
POSSIBLE SUNSHINE (PERCENT) MM
AVERAGE SKY COVER 0.69
NUMBER OF DAYS FAIR 9
NUMBER OF DAYS PC 41
NUMBER OF DAYS CLOUDY 42
WEATHER CONDITIONS. NUMBER OF DAYS WITH
THUNDERSTORM 11 MIXED PRECIP 0
HEAVY RAIN 9 RAIN 13
LIGHT RAIN 48 FREEZING RAIN 0
LT FREEZING RAIN 0 HAIL 0
HEAVY SNOW 0 SNOW 5
LIGHT SNOW 16 SLEET 0
FOG 42 FOG W/VIS <= 1/4 MILE 2
HAZE 17
- INDICATES NEGATIVE NUMBERS.
R INDICATES RECORD WAS SET OR TIED.
MM INDICATES DATA IS MISSING.
T INDICATES TRACE AMOUNT.
$$