000
CXUS54 KHGX 011510
CF6CLL
PRELIMINARY LOCAL CLIMATOLOGICAL DATA (WS FORM: F-6)
STATION: COLLEGE STATION
MONTH: DECEMBER
YEAR: 2023
LATITUDE: 30 34 N
LONGITUDE: 96 22 W
TEMPERATURE IN F: :PCPN: SNOW: WIND :SUNSHINE: SKY :PK WND
================================================================================
1 2 3 4 5 6A 6B 7 8 9 10 11 12 13 14 15 16 17 18
12Z AVG MX 2MIN
DY MAX MIN AVG DEP HDD CDD WTR SNW DPTH SPD SPD DIR MIN PSBL S-S WX SPD DR
================================================================================
1 69 53 61 5 4 0 0.00 0.0 0 6.6 20 350 M M 7 12 25 350
2 68 49 59 3 6 0 0.00 0.0 0 6.0 15 330 M M 2 20 330
3 71 43 57 2 8 0 0.00 0.0 0 5.9 14 210 M M 0 18 170
4 70 46 58 3 7 0 0.00 0.0 0 5.1 18 10 M M 0 24 10
5 73 38 56 1 9 0 0.00 0.0 0 2.1 9 360 M M 0 8 11 10
6 68 45 57 2 8 0 0.00 0.0 0 3.8 10 50 M M 0 15 80
7 71 43 57 3 8 0 0.00 0.0 0 11.3 21 170 M M 4 27 170
8 79 64 72 18 0 7 0.00 0.0 0 13.8 23 200 M M 8 34 180
9 80 52 66 12 0 1 0.00 0.0 0 13.2 25 340 M M 7 36 340
10 58 35 47 -7 18 0 0.00 0.0 0 9.1 21 340 M M 0 31 340
11 65 31 48 -6 17 0 0.00 0.0 0 5.3 15 160 M M 0 20 170
12 69 43 56 2 9 0 0.00 0.0 0 8.0 15 110 M M 1 20 120
13 63 50 57 4 8 0 T 0.0 0 8.3 16 70 M M 7 21 60
14 71 50 61 8 4 0 0.00 0.0 0 8.9 16 120 M M 3 22 80
15 69 56 63 10 2 0 0.12 0.0 0 6.6 15 130 M M 9 1 20 330
16 63 44 54 1 11 0 0.00 0.0 0 9.5 16 350 M M 2 27 350
17 69 35 52 -1 13 0 0.00 0.0 0 2.6 12 210 M M 0 16 220
18 71 40 56 4 9 0 0.00 0.0 0 6.9 16 350 M M 0 23 360
19 67 42 55 3 10 0 0.00 0.0 0 8.6 17 150 M M 0 22 150
20 73 51 62 10 3 0 T 0.0 0 10.0 17 140 M M 3 8 22 160
21 66 58 62 10 3 0 0.01 0.0 0 7.1 13 140 M M 9 17 120
22 67 57 62 10 3 0 0.02 0.0 0 3.3 8 170 M M 10 12 11 130
23 72 61 67 15 0 2 0.64 0.0 0 7.7 21 150 M M 10 123 28 160
24 67 54 61 9 4 0 1.14 0.0 0 7.4 26 270 M M 6 1 35 260
25 54 40 47 -5 18 0 0.00 0.0 0 9.8 22 290 M M 0 30 320
26 58 35 47 -5 18 0 0.00 0.0 0 5.7 15 150 M M 1 20 180
27 60 36 48 -4 17 0 0.00 0.0 0 7.0 18 310 M M 1 12 25 310
28 57 36 47 -4 18 0 0.00 0.0 0 6.7 18 320 M M 0 25 340
29 57 33 45 -6 20 0 0.00 0.0 0 6.8 17 280 M M 0 21 280
30 66 30 48 -3 17 0 0.00 0.0 0 2.7 9 260 M M 0 14 200
31 72 39 56 5 9 0 0.00 0.0 0 6.1 20 210 M M 1 25 220
================================================================================
SM 2083 1389 281 10 1.93 0.0 221.9 M 91
================================================================================
AV 67.2 44.8 7.2 FASTST M M 3 MAX(MPH)
MISC ----> 26 270 36 340
================================================================================
NOTES:
# LAST OF SEVERAL OCCURRENCES
COLUMN 17 PEAK WIND IN M.P.H.
PRELIMINARY LOCAL CLIMATOLOGICAL DATA (WS FORM: F-6) , PAGE 2
STATION: COLLEGE STATION
MONTH: DECEMBER
YEAR: 2023
LATITUDE: 30 34 N
LONGITUDE: 96 22 W
[TEMPERATURE DATA] [PRECIPITATION DATA] SYMBOLS USED IN COLUMN 16
AVERAGE MONTHLY: 56.0 TOTAL FOR MONTH: 1.93 1 = FOG OR MIST
DPTR FM NORMAL: 2.9 DPTR FM NORMAL: -1.78 2 = FOG REDUCING VISIBILITY
HIGHEST: 80 ON 9 GRTST 24HR 1.78 ON 23-24 TO 1/4 MILE OR LESS
LOWEST: 30 ON 30 3 = THUNDER
SNOW, ICE PELLETS, HAIL 4 = ICE PELLETS
TOTAL MONTH: 0.0 INCH 5 = HAIL
GRTST 24HR 0.0 6 = FREEZING RAIN OR DRIZZLE
GRTST DEPTH: 0 7 = DUSTSTORM OR SANDSTORM:
VSBY 1/2 MILE OR LESS
8 = SMOKE OR HAZE
[NO. OF DAYS WITH] [WEATHER - DAYS WITH] 9 = BLOWING SNOW
X = TORNADO
MAX 32 OR BELOW: 0 0.01 INCH OR MORE: 5
MAX 90 OR ABOVE: 0 0.10 INCH OR MORE: 3
MIN 32 OR BELOW: 2 0.50 INCH OR MORE: 2
MIN 0 OR BELOW: 0 1.00 INCH OR MORE: 1
[HDD (BASE 65) ]
TOTAL THIS MO. 281 CLEAR (SCALE 0-3) 20
DPTR FM NORMAL -106 PTCLDY (SCALE 4-7) 7
TOTAL FM JUL 1 486 CLOUDY (SCALE 8-10) 4
DPTR FM NORMAL -131
[CDD (BASE 65) ]
TOTAL THIS MO. 10
DPTR FM NORMAL -8 [PRESSURE DATA]
TOTAL FM JAN 1 4141 HIGHEST SLP 30.47 ON 13
DPTR FM NORMAL 970 LOWEST SLP 29.75 ON 24
[REMARKS]
#FINAL-12-23#