000
CXUS52 KGSP 010817
CF6CLT
PRELIMINARY LOCAL CLIMATOLOGICAL DATA (WS FORM: F-6)
STATION: CHARLOTTE NC
MONTH: OCTOBER
YEAR: 2022
LATITUDE: 35 12 N
LONGITUDE: 80 57 W
TEMPERATURE IN F: :PCPN: SNOW: WIND :SUNSHINE: SKY :PK WND
================================================================================
1 2 3 4 5 6A 6B 7 8 9 10 11 12 13 14 15 16 17 18
12Z AVG MX 2MIN
DY MAX MIN AVG DEP HDD CDD WTR SNW DPTH SPD SPD DIR MIN PSBL S-S WX SPD DR
================================================================================
1 67 53 60 -8 5 0 0.14 0.0 0 6.1 14 320 M M 10 1 20 330
2 69 50 60 -7 5 0 0.00 0.0 0 9.2 22 20 M M 7 27 30
3 72 51 62 -5 3 0 0.00 0.0 0 11.1 17 10 M M 7 26 360
4 75 44 60 -6 5 0 0.00 0.0 0 6.3 15 360 M M 1 20 10
5 77 46 62 -4 3 0 0.00 0.0 0 5.0 10 330 M M 1 15 300
6 79 49 64 -2 1 0 0.00 0.0 0 3.5 10 260 M M 1 14 260
7 82 51 67 2 0 2 0.00 0.0 0 3.4 12 330 M M 2 16 320
8 72 54 63 -2 2 0 0.00 0.0 0 8.3 17 50 M M 5 23 60
9 69 48 59 -6 6 0 0.00 0.0 0 5.6 13 40 M M 5 18 50
10 73 48 61 -3 4 0 0.00 0.0 0 5.4 12 30 M M 5 21 90
11 75 50 63 -1 2 0 0.00 0.0 0 5.6 10 60 M M 6 17 90
12 71 60 66 3 0 1 0.11 0.0 0 6.6 21 160 M M 9 1 25 170
13 78 58 68 5 0 3 0.00 0.0 0 6.9 15 180 M M 7 18 170
14 72 44 58 -5 7 0 0.00 0.0 0 4.6 10 180 M M 0 13 70
15 79 46 63 1 2 0 0.00 0.0 0 5.9 16 210 M M 1 21 220
16 81 53 67 5 0 2 0.00 0.0 0 6.3 15 220 M M 6 20 220
17 80 56 68 7 0 3 T 0.0 0 7.6 25 230 M M 5 32 230
18 58 35 47 -14 18 0 0.00 0.0 0 9.2 18 350 M M 1 26 340
19 60 30 45 -16 20 0 0.00 0.0 0 4.1 13 240 M M 1 17 250
20 64 31 48 -12 17 0 0.00 0.0 0 4.8 17 190 M M 3 24 180
21 68 32 50 -10 15 0 0.00 0.0 0 3.1 9 70 M M 1 16 70
22 73 36 55 -5 10 0 0.00 0.0 0 3.6 6 350 M M 1 M M
23 74 42 58 -1 7 0 0.00 0.0 0 5.4 12 360 M M 1 14 20
24 76 40 58 -1 7 0 0.00 0.0 0 2.3 7 360 M M 2 128 11 110
25 76 43 60 2 5 0 0.00 0.0 0 4.4 12 170 M M 4 8 14 170
26 73 51 62 4 3 0 0.13 0.0 0 6.1 9 350 M M 7 128 17 240
27 70 49 60 2 5 0 0.00 0.0 0 10.0 18 30 M M 3 24 80
28 67 47 57 0 8 0 0.00 0.0 0 9.1 15 10 M M 6 22 30
29 66 54 60 3 5 0 T 0.0 0 9.1 15 40 M M 10 8 24 90
30 58 54 56 0 9 0 0.08 0.0 0 6.1 10 60 M M 10 1 18 70
31 67 55 61 5 4 0 0.25 0.0 0 3.6 13 300 M M 10 1 19 300
================================================================================
SM 2221 1460 178 11 0.71 0.0 188.3 M 138
================================================================================
AV 71.6 47.1 6.1 FASTST M M 4 MAX(MPH)
MISC ----> 25 230 32 230
================================================================================
NOTES:
# LAST OF SEVERAL OCCURRENCES
COLUMN 17 PEAK WIND IN M.P.H.
PRELIMINARY LOCAL CLIMATOLOGICAL DATA (WS FORM: F-6) , PAGE 2
STATION: CHARLOTTE NC
MONTH: OCTOBER
YEAR: 2022
LATITUDE: 35 12 N
LONGITUDE: 80 57 W
[TEMPERATURE DATA] [PRECIPITATION DATA] SYMBOLS USED IN COLUMN 16
AVERAGE MONTHLY: 59.4 TOTAL FOR MONTH: 0.71 1 = FOG OR MIST
DPTR FM NORMAL: -2.5 DPTR FM NORMAL: -2.45 2 = FOG REDUCING VISIBILITY
HIGHEST: 82 ON 7 GRTST 24HR 0.25 ON 31-31 TO 1/4 MILE OR LESS
LOWEST: 30 ON 19 3 = THUNDER
SNOW, ICE PELLETS, HAIL 4 = ICE PELLETS
TOTAL MONTH: 0.0 INCH 5 = HAIL
GRTST 24HR 0.0 6 = FREEZING RAIN OR DRIZZLE
GRTST DEPTH: 0 7 = DUSTSTORM OR SANDSTORM:
VSBY 1/2 MILE OR LESS
8 = SMOKE OR HAZE
[NO. OF DAYS WITH] [WEATHER - DAYS WITH] 9 = BLOWING SNOW
X = TORNADO
MAX 32 OR BELOW: 0 0.01 INCH OR MORE: 5
MAX 90 OR ABOVE: 0 0.10 INCH OR MORE: 4
MIN 32 OR BELOW: 3 0.50 INCH OR MORE: 0
MIN 0 OR BELOW: 0 1.00 INCH OR MORE: 0
[HDD (BASE 65) ]
TOTAL THIS MO. 178 CLEAR (SCALE 0-3) 13
DPTR FM NORMAL 26 PTCLDY (SCALE 4-7) 13
TOTAL FM JUL 1 200 CLOUDY (SCALE 8-10) 5
DPTR FM NORMAL 36
[CDD (BASE 65) ]
TOTAL THIS MO. 11
DPTR FM NORMAL -43 [PRESSURE DATA]
TOTAL FM JAN 1 1973 HIGHEST SLP M ON M
DPTR FM NORMAL 212 LOWEST SLP M ON M
[REMARKS]
#FINAL-10-22#