156
CXUS56 KLOX 011255
CF6CMA
PRELIMINARY LOCAL CLIMATOLOGICAL DATA (WS FORM: F-6)
STATION: CAMARILLO AIRPORT CA
MONTH: JANUARY
YEAR: 2021
LATITUDE: 34 12 N
LONGITUDE: 119 6 W
TEMPERATURE IN F: :PCPN: SNOW: WIND :SUNSHINE: SKY :PK WND
================================================================================
1 2 3 4 5 6A 6B 7 8 9 10 11 12 13 14 15 16 17 18
12Z AVG MX 2MIN
DY MAX MIN AVG DEP HDD CDD WTR SNW DPTH SPD SPD DIR MIN PSBL S-S WX SPD DR
================================================================================
1 73 42 58 4 7 0 0.00 M M 10.0 25 70 M M 0 32 80
2 64 41 53 -1 12 0 0.00 M M 3.4 13 230 M M 0 18 16 240
3 64 45 55 1 10 0 0.00 M M 4.6 13 220 M M 2 18 16 200
4 66 46 56 2 9 0 0.00 M M 3.5 14 270 M M 2 128 16 260
5 67 45 56 2 9 0 0.00 M M 2.9 8 240 M M 3 128 11 250
6 71 46 59 5 6 0 0.00 M M 2.9 13 280 M M 0 18 15 280
7 73 41 57 3 8 0 0.00 M M 3.6 17 280 M M 0 19 280
8 74 42 58 4 7 0 0.00 M M 4.4 13 230 M M 0 8 15 240
9 77 38 58 4 7 0 0.00 M M 10.6 31 80 M M 0 37 90
10 75 47 61 7 4 0 0.00 M M 8.0 20 80 M M 0 24 80
11 79 45 62 8 3 0 0.00 M M 6.8 21 70 M M 0 26 80
12 70 43 57 2 8 0 0.00 M M 2.7 10 260 M M 0 12 260
13 80 45 63 8 2 0 0.00 M M 4.0 15 280 M M 0 17 280
14 91 49 70 15 0 5 0.00 M M 14.1 30 60 M M 0 39 60
15 94 54 74 19 0 9 0.00 M M 13.7 31 60 M M 0 38 60
16 93 51 72 17 0 7 0.00 M M 10.6 29 70 M M 0 35 70
17 91 54 73 18 0 8 0.00 M M 12.2 28 70 M M 0 32 80
18 86 47 67 12 0 2 0.00 M M 8.4 29 50 M M 0 37 60
19 71 49 60 6 5 0 T M M 26.6 46 60 M M 1 18 59 60
20 78 58 68 14 0 3 0.00 M M 20.5 38 60 M M 0 45 60
21 75 47 61 7 4 0 0.00 M M 4.9 13 240 M M 0 16 240
22 64 42 53 -1 12 0 T M M 6.8 17 260 M M 3 21 270
23 60 41 51 -3 14 0 0.01 M M 2.9 16 20 M M 5 18 10
24 63 38 51 -3 14 0 0.00 M M 9.2 24 270 M M 1 28 260
25 58 47 53 -1 12 0 0.00 M M 19.8 37 270 M M 2 1 43 270
26 59 37 48 -6 17 0 0.00 M M 7.4 15 270 M M 2 17 280
27 60 51 56 2 9 0 T M M 7.9 16 150 M M 10 24 130
28 63 52 58 4 7 0 0.94 M M 8.0 23 270 M M 10 1 29 260
29 58 46 52 -2 13 0 0.10 M M 2.6 18 310 M M 7 1 23 310
30 62 40 51 -3 14 0 0.00 M M 3.4 12 250 M M 0 14 230
31 74 45 60 6 5 0 0.00 M M 6.5 21 80 M M 0 24 70
================================================================================
SM 2233 1414 218 34 1.05 M 252.9 M 48
================================================================================
AV 72.0 45.6 8.2 FASTST M M 2 MAX(MPH)
MISC ----> 46 60 59 60
================================================================================
NOTES:
# LAST OF SEVERAL OCCURRENCES
COLUMN 17 PEAK WIND IN M.P.H.
PRELIMINARY LOCAL CLIMATOLOGICAL DATA (WS FORM: F-6) , PAGE 2
STATION: CAMARILLO AIRPORT CA
MONTH: JANUARY
YEAR: 2021
LATITUDE: 34 12 N
LONGITUDE: 119 6 W
[TEMPERATURE DATA] [PRECIPITATION DATA] SYMBOLS USED IN COLUMN 16
AVERAGE MONTHLY: 58.8 TOTAL FOR MONTH: 1.05 1 = FOG OR MIST
DPTR FM NORMAL: 4.4 DPTR FM NORMAL: -2.42 2 = FOG REDUCING VISIBILITY
HIGHEST: 94 ON 15 GRTST 24HR 1.57 ON 28-29 TO 1/4 MILE OR LESS
LOWEST: 37 ON 26 3 = THUNDER
SNOW, ICE PELLETS, HAIL 4 = ICE PELLETS
TOTAL MONTH: M 5 = HAIL
GRTST 24HR M ON M 6 = FREEZING RAIN OR DRIZZLE
GRTST DEPTH: M ON M 7 = DUSTSTORM OR SANDSTORM:
VSBY 1/2 MILE OR LESS
8 = SMOKE OR HAZE
[NO. OF DAYS WITH] [WEATHER - DAYS WITH] 9 = BLOWING SNOW
X = TORNADO
MAX 32 OR BELOW: 0 0.01 INCH OR MORE: 3
MAX 90 OR ABOVE: 4 0.10 INCH OR MORE: 2
MIN 32 OR BELOW: 0 0.50 INCH OR MORE: 1
MIN 0 OR BELOW: 0 1.00 INCH OR MORE: 0
[HDD (BASE 65) ]
TOTAL THIS MO. 218 CLEAR (SCALE 0-3) 27
DPTR FM NORMAL -120 PTCLDY (SCALE 4-7) 2
TOTAL FM JUL 1 601 CLOUDY (SCALE 8-10) 2
DPTR FM NORMAL -421
[CDD (BASE 65) ]
TOTAL THIS MO. 34
DPTR FM NORMAL 27 [PRESSURE DATA]
TOTAL FM JAN 1 34 HIGHEST SLP 30.32 ON 12
DPTR FM NORMAL 27 LOWEST SLP 29.67 ON 19
[REMARKS]
#FINAL-01-21#