000
CXUS53 KILX 020249
CLACMI
CLIMATE REPORT
NATIONAL WEATHER SERVICE LINCOLN IL
849 PM CST SAT JAN 01 2022
...................................
...THE CHAMPAIGN IL AIRPORT CLIMATE SUMMARY FOR THE YEAR OF 2021...
CLIMATE NORMAL PERIOD 1991 TO 2020
CLIMATE RECORD PERIOD 9999 TO 9999
WEATHER OBSERVED NORMAL DEPART LAST YEAR`S
VALUE DATE(S) VALUE FROM VALUE DATE(S)
NORMAL
................................................................
TEMPERATURE (F)
RECORD
HIGH MM MM
LOW -8 02/16/2021
HIGHEST 97 06/12 MM MM 94
LOWEST -8R 02/16 MM MM -6
AVG. MAXIMUM 63.9 62.8 1.1 63.1
AVG. MINIMUM 43.8 42.1 1.7 42.5
MEAN 53.8 52.5 1.3 52.8
DAYS MAX >= 90 18 21.7 -3.7 22
DAYS MAX <= 32 27 34.7 -7.7 23
DAYS MIN <= 32 112 122.2 -10.2 130
DAYS MIN <= 0 6 6.5 -0.5 2
PRECIPITATION (INCHES)
RECORD
MAXIMUM 36.28 2020
MINIMUM 34.12 2019
TOTALS 40.50 36.97 3.53 36.28
DAILY AVG. 0.11 0.10
DAYS >= .01 121 122.2 -1.2 112
DAYS >= .10 72 67.8 4.2 65
DAYS >= .50 26 24.4 1.6 24
DAYS >= 1.00 13 8.6 4.4 8
GREATEST
24 HR. TOTAL 2.64 2.90
SNOWFALL (INCHES)
RECORDS
TOTAL MM MM
24 HR TOTAL MM
TOTALS MM MM MM MM
DAYS >= TRACE MM MM MM MM
DAYS >= 1.0 MM MM MM MM
GREATEST
SNOW DEPTH MM MM MM
24 HR TOTAL MM MM
DEGREE DAYS
HEATING TOTAL 5177 5586 -409 5405
COOLING TOTAL 1277 1054 223 1060
FREEZE DATES
RECORD
EARLIEST MM
LATEST MM
EARLIEST 11/01
LATEST 04/22
................................................................
SKY COVER
POSSIBLE SUNSHINE (PERCENT) MM
- INDICATES NEGATIVE NUMBERS.
R INDICATES RECORD WAS SET OR TIED.
MM INDICATES DATA IS MISSING.
T INDICATES TRACE AMOUNT.
$$