000
CXUS53 KILX 011855
CLSCMI
CLIMATE REPORT
NATIONAL WEATHER SERVICE LINCOLN IL
155 PM CDT WED SEP 01 2021
...................................
...THE CHAMPAIGN IL AIRPORT CLIMATE SUMMARY FOR THE SEASON, FROM
6/1/2021 TO 8/31/2021...
CLIMATE NORMAL PERIOD 1991 TO 2020
CLIMATE RECORD PERIOD 9999 TO 9999
WEATHER OBSERVED NORMAL DEPART LAST YEAR`S
VALUE DATE(S) VALUE FROM VALUE
NORMAL
..............................................................
TEMPERATURE (F)
RECORD
HIGH MM MM
LOW 48 06/22/2021
HIGHEST 97 06/12 MM MM 94
LOWEST 48R 06/22 MM MM 50
AVG. MAXIMUM 84.7 84.0 0.7 85.0
AVG. MINIMUM 64.6 62.7 1.9 63.3
MEAN 74.6 73.4 1.2 74.2
DAYS MAX >= 90 10 15.6 -5.6 22
DAYS MAX <= 32 0 0.0 0.0 0
DAYS MIN <= 32 0 0.0 0.0 0
DAYS MIN <= 0 0 0.0 0.0 0
PRECIPITATION (INCHES)
RECORD
MAXIMUM MM MM
MINIMUM MM MM
TOTALS 14.52 11.34 3.18 12.45
DAILY AVG. 0.16 0.14
DAYS >= .01 34 32.8 1.2 24
DAYS >= .10 20 18.2 1.8 15
DAYS >= .50 10 7.7 2.3 8
DAYS >= 1.00 7 3.5 3.5 4
GREATEST
24 HR. TOTAL 1.87 06/25 TO 06/26 2.90
DEGREE DAYS
HEATING TOTAL 5 20 -15 2
SINCE 7/1 2 2 0 2
COOLING TOTAL 913 790 123 872
SINCE 1/1 1020 903 117 945
FREEZE DATES
RECORD
EARLIEST MM
LATEST MM
EARLIEST MM
LATEST 04/22
..............................................................
WIND (MPH)
AVERAGE WIND SPEED 6.8
HIGHEST WIND SPEED/DIRECTION 36/320 DATE 06/12
HIGHEST GUST SPEED/DIRECTION 51/300 DATE 06/12
SKY COVER
POSSIBLE SUNSHINE (PERCENT) MM
AVERAGE SKY COVER 0.28
NUMBER OF DAYS FAIR 61
NUMBER OF DAYS PC 25
NUMBER OF DAYS CLOUDY 6
AVERAGE RH (PERCENT) 75
WEATHER CONDITIONS. NUMBER OF DAYS WITH
THUNDERSTORM 22 MIXED PRECIP 0
HEAVY RAIN 17 RAIN 18
LIGHT RAIN 38 FREEZING RAIN 0
LT FREEZING RAIN 0 HAIL 0
HEAVY SNOW 0 SNOW 0
LIGHT SNOW 0 SLEET 0
FOG 65 FOG W/VIS <= 1/4 MILE 12
HAZE 34
- INDICATES NEGATIVE NUMBERS.
R INDICATES RECORD WAS SET OR TIED.
MM INDICATES DATA IS MISSING.
T INDICATES TRACE AMOUNT.
$$