000
CXUS53 KICT 011510
CF6CNU
PRELIMINARY LOCAL CLIMATOLOGICAL DATA (WS FORM: F-6)
STATION: CHANUTE KS
MONTH: DECEMBER
YEAR: 2023
LATITUDE: 37 40 N
LONGITUDE: 95 29 W
TEMPERATURE IN F: :PCPN: SNOW: WIND :SUNSHINE: SKY :PK WND
================================================================================
1 2 3 4 5 6A 6B 7 8 9 10 11 12 13 14 15 16 17 18
12Z AVG MX 2MIN
DY MAX MIN AVG DEP HDD CDD WTR SNW DPTH SPD SPD DIR MIN PSBL S-S WX SPD DR
================================================================================
1 51 34 43 2 22 0 0.09 M M 7.6 16 350 M M 10 1 23 340
2 43 29 36 -5 29 0 T M M 4.6 14 130 M M 9 12 18 120
3 56 31 44 4 21 0 0.00 M M 11.8 24 280 M M 4 1 33 270
4 57 31 44 4 21 0 0.00 M M 9.3 22 320 M M 2 35 320
5 52 27 40 0 25 0 0.00 M M 9.4 21 320 M M 1 28 320
6 59 26 43 4 22 0 0.00 M M 9.6 21 190 M M 0 27 200
7 68 45 57 18 8 0 0.00 M M 19.0 31 180 M M 0 42 160
8 67 49 58 19 7 0 T M M 10.3 18 190 M M 9 26 350
9 51 34 43 5 22 0 0.00 M M 11.3 24 310 M M 1 31 320
10 48 24 36 -2 29 0 0.00 M M 7.4 13 300 M M 0 18 310
11 58 28 43 5 22 0 0.00 M M 6.8 12 210 M M 0 16 200
12 58 28 43 5 22 0 0.00 M M 5.5 12 70 M M 0 19 360
13 61 29 45 7 20 0 0.00 M M 4.5 10 130 M M 0 13 130
14 59 38 49 12 16 0 0.00 M M 7.1 12 110 M M 1 18 170
15 51 45 48 11 17 0 0.28 M M 5.5 14 130 M M 8 1 20 130
16 49 30 40 3 25 0 0.00 M M 8.4 18 280 M M 7 1 24 290
17 60 25 43 7 22 0 0.00 M M 5.2 13 210 M M 0 12 17 240
18 45 23 34 -2 31 0 0.00 M M 7.2 17 350 M M 0 24 10
19 54 23 39 3 26 0 0.00 M M 13.8 23 180 M M 0 36 190
20 57 42 50 14 15 0 0.00 M M 13.0 25 190 M M 4 32 190
21 58 51 55 19 10 0 T M M 11.2 18 190 M M 9 26 180
22 58 49 54 18 11 0 0.10 M M 8.5 17 180 M M 10 12 22 170
23 63 50 57 22 8 0 0.00 M M 9.0 16 180 M M 10 12 22 170
24 60 44 52 17 13 0 0.90 M M 12.6 25 150 M M 9 1 37 160
25 44 32 38 3 27 0 0.02 M M 15.3 23 290 M M 10 1 31 310
26 42 30 36 1 29 0 T M M 14.7 31 230 M M 9 40 220
27 37 32 35 0 30 0 0.00 M M 13.0 22 310 M M 10 30 300
28 42 33 38 3 27 0 T M M 11.3 22 310 M M 8 8 29 320
29 50 27 39 5 26 0 0.00 M M 10.4 18 310 M M 5 26 320
30 58 25 42 8 23 0 0.00 M M 4.7 13 250 M M 0 16 260
31 36 31 34 0 31 0 0.00 M M 9.3 16 20 M M 7 22 30
================================================================================
SM 1652 1045 657 0 1.39 M 297.3 M 143
================================================================================
AV 53.3 33.7 9.6 FASTST M M 5 MAX(MPH)
MISC ----> # 31 180 42 160
================================================================================
NOTES:
# LAST OF SEVERAL OCCURRENCES
COLUMN 17 PEAK WIND IN M.P.H.
PRELIMINARY LOCAL CLIMATOLOGICAL DATA (WS FORM: F-6) , PAGE 2
STATION: CHANUTE KS
MONTH: DECEMBER
YEAR: 2023
LATITUDE: 37 40 N
LONGITUDE: 95 29 W
[TEMPERATURE DATA] [PRECIPITATION DATA] SYMBOLS USED IN COLUMN 16
AVERAGE MONTHLY: 43.5 TOTAL FOR MONTH: 1.39 1 = FOG OR MIST
DPTR FM NORMAL: 6.4 DPTR FM NORMAL: -0.32 2 = FOG REDUCING VISIBILITY
HIGHEST: 68 ON 7 GRTST 24HR 0.91 ON 24-25 TO 1/4 MILE OR LESS
LOWEST: 23 ON 19,18 3 = THUNDER
SNOW, ICE PELLETS, HAIL 4 = ICE PELLETS
TOTAL MONTH: M 5 = HAIL
GRTST 24HR M ON M 6 = FREEZING RAIN OR DRIZZLE
GRTST DEPTH: M ON M 7 = DUSTSTORM OR SANDSTORM:
VSBY 1/2 MILE OR LESS
8 = SMOKE OR HAZE
[NO. OF DAYS WITH] [WEATHER - DAYS WITH] 9 = BLOWING SNOW
X = TORNADO
MAX 32 OR BELOW: 0 0.01 INCH OR MORE: 5
MAX 90 OR ABOVE: 0 0.10 INCH OR MORE: 3
MIN 32 OR BELOW: 19 0.50 INCH OR MORE: 1
MIN 0 OR BELOW: 0 1.00 INCH OR MORE: 0
[HDD (BASE 65) ]
TOTAL THIS MO. 657 CLEAR (SCALE 0-3) 14
DPTR FM NORMAL -209 PTCLDY (SCALE 4-7) 6
TOTAL FM JUL 1 1348 CLOUDY (SCALE 8-10) 11
DPTR FM NORMAL -315
[CDD (BASE 65) ]
TOTAL THIS MO. 0
DPTR FM NORMAL 0 [PRESSURE DATA]
TOTAL FM JAN 1 1999 HIGHEST SLP 30.62 ON 14
DPTR FM NORMAL 289 LOWEST SLP 29.56 ON 8
[REMARKS]
#FINAL-12-23#