000
CXUS55 KRIW 020043
CF6COD
PRELIMINARY LOCAL CLIMATOLOGICAL DATA (WS FORM: F-6)
STATION: CODY WY
MONTH: JANUARY
YEAR: 2024
LATITUDE: 44 31 N
LONGITUDE: 109 1 W
TEMPERATURE IN F: :PCPN: SNOW: WIND :SUNSHINE: SKY :PK WND
================================================================================
1 2 3 4 5 6A 6B 7 8 9 10 11 12 13 14 15 16 17 18
12Z AVG MX 2MIN
DY MAX MIN AVG DEP HDD CDD WTR SNW DPTH SPD SPD DIR MIN PSBL S-S WX SPD DR
================================================================================
1 42 22 32 6 33 0 0.00 M M 3.8 13 40 M M 0 M M
2 45 16 31 5 34 0 0.00 M M 4.0 16 200 M M 0 M M
3 41 17 29 3 36 0 0.00 M M 8.2 16 220 M M 0 17 240
4 37 16 27 1 38 0 0.00 M M 3.1 7 50 M M 5 M M
5 38 14 26 0 39 0 T M M 5.3 16 270 M M 4 22 270
6 37 22 30 3 35 0 0.00 M M 11.0 21 250 M M 2 36 270
7 30 15 23 -4 42 0 T M M 7.8 17 350 M M 8 1 27 360
8 30 6 18 -9 47 0 T M M 7.5 21 250 M M 2 41 280
9 39 20 30 3 35 0 0.00 M M 14.5 27 260 M M 4 43 250
10 34 5 20 -7 45 0 T M M 12.1 17 260 M M 4 1 37 260
11 17 -6 6 -21 59 0 T M M 7.3 18 30 M M 6 1 M M
12 -6 -26 -16 -43 81 0 T M M 13.2 22 30 M M 9 30 20
13 -9 -32 -20 -47 85 0 T M M 2.7 7 110 M M 2 M M
14 -2 -20 -11 -38 76 0 T M M 8.0 18 10 M M 6 31 360
15 -2 -23 -12 -39 77 0 T M M 5.9 17 10 M M 3 23 10
16 28 -24 2 -25 63 0 T M M 3.8 7 10 M M 1 M M
17 39 5 22 -5 43 0 0.00 M M 8.0 16 290 M M 4 25 290
18 36 -4 16 -11 49 0 T M M 9.6 28 10 M M 4 1 39 30
19 22 -6 8 -19 57 0 0.00 M M 2.2 7 180 M M 3 M M
20 39 9 24 -3 41 0 0.00 M M 2.3 6 230 M M 3 M M
21 47 30 39 12 26 0 0.00 M M 6.7 17 260 M M 2 24 260
22 46 30 38 11 27 0 0.00 M M 7.1 13 170 M M 0 M M
23 44 24 34 7 31 0 0.00 M M 3.0 8 230 M M 3 M M
24 48 26 37 10 28 0 0.00 M M 6.2 17 260 M M 4 24 270
25 46 28 37 10 28 0 0.00 M M 5.1 14 230 M M 2 23 230
26 46 21 34 7 31 0 0.00 M M 7.8 15 270 M M 0 25 270
27 50 24 37 10 28 0 0.00 M M 6.8 14 240 M M 0 31 250
28 57 30 44 17 21 0 0.00 M M 10.2 20 260 M M 2 36 250
29 58 32 45 18 20 0 0.00 M M 5.4 13 260 M M 2 22 270
30 57 29 43 16 22 0 0.00 M M 3.3 9 200 M M 0 M M
31 62 27 45 18 20 0 0.00 M M 5.0 15 220 M M 0 M M
================================================================================
SM 1096 327 1297 0 T M 206.8 M 85
================================================================================
AV 35.4 10.5 6.7 FASTST M M 3 MAX(MPH)
MISC ----> 28 10 43 250
================================================================================
NOTES:
# LAST OF SEVERAL OCCURRENCES
COLUMN 17 PEAK WIND IN M.P.H.
PRELIMINARY LOCAL CLIMATOLOGICAL DATA (WS FORM: F-6) , PAGE 2
STATION: CODY WY
MONTH: JANUARY
YEAR: 2024
LATITUDE: 44 31 N
LONGITUDE: 109 1 W
[TEMPERATURE DATA] [PRECIPITATION DATA] SYMBOLS USED IN COLUMN 16
AVERAGE MONTHLY: 23.0 TOTAL FOR MONTH: T 1 = FOG OR MIST
DPTR FM NORMAL: -3.9 DPTR FM NORMAL: M 2 = FOG REDUCING VISIBILITY
HIGHEST: 62 ON 31 GRTST 24HR 0.15 ON 11-12 TO 1/4 MILE OR LESS
LOWEST: -32 ON 13 3 = THUNDER
SNOW, ICE PELLETS, HAIL 4 = ICE PELLETS
TOTAL MONTH: M 5 = HAIL
GRTST 24HR M ON M 6 = FREEZING RAIN OR DRIZZLE
GRTST DEPTH: M ON M 7 = DUSTSTORM OR SANDSTORM:
VSBY 1/2 MILE OR LESS
8 = SMOKE OR HAZE
[NO. OF DAYS WITH] [WEATHER - DAYS WITH] 9 = BLOWING SNOW
X = TORNADO
MAX 32 OR BELOW: 9 0.01 INCH OR MORE: 0
MAX 90 OR ABOVE: 0 0.10 INCH OR MORE: 0
MIN 32 OR BELOW: 31 0.50 INCH OR MORE: 0
MIN 0 OR BELOW: 8 1.00 INCH OR MORE: 0
[HDD (BASE 65) ]
TOTAL THIS MO. 1297 CLEAR (SCALE 0-3) 19
DPTR FM NORMAL 123 PTCLDY (SCALE 4-7) 10
TOTAL FM JUL 1 3861 CLOUDY (SCALE 8-10) 2
DPTR FM NORMAL 111
[CDD (BASE 65) ]
TOTAL THIS MO. 0
DPTR FM NORMAL 0 [PRESSURE DATA]
TOTAL FM JAN 1 0 HIGHEST SLP M ON M
DPTR FM NORMAL 0 LOWEST SLP M ON M
[REMARKS]
#FINAL-01-24#