000
CXUS55 KPUB 011820 RRA
CF6COS
PRELIMINARY LOCAL CLIMATOLOGICAL DATA (WS FORM: F-6)
STATION: COLORADO SPRINGS CO
MONTH: SEPTEMBER
YEAR: 2022
LATITUDE: 38 49 N
LONGITUDE: 104 43 W
TEMPERATURE IN F: :PCPN: SNOW: WIND :SUNSHINE: SKY :PK WND
================================================================================
1 2 3 4 5 6A 6B 7 8 9 10 11 12 13 14 15 16 17 18
12Z AVG MX 2MIN
DY MAX MIN AVG DEP HDD CDD WTR SNW DPTH SPD SPD DIR MIN PSBL S-S WX SPD DR
================================================================================
1 93 52 73 5 0 8 0.00 0.0 0 6.4 22 20 M M 2 29 30
2 94 56 75 8 0 10 0.15 0.0 0 9.4 25 350 M M 5 3 32 360
3 83 57 70 3 0 5 T 0.0 0 8.6 26 260 M M 3 3 32 250
4 86 53 70 3 0 5 0.00 0.0 0 6.2 14 120 M M 0 19 110
5 89 56 73 7 0 8 0.00 0.0 0 7.6 16 160 M M 1 22 160
6 94 55 75 9 0 10 0.00 0.0 0 8.7 20 150 M M 2 27 160
7 93 57 75 9 0 10 0.00 0.0 0 9.8 23 160 M M 2 29 150
8 94 59 77 11 0 12 0.00 0.0 0 7.4 22 140 M M 4 29 170
9 77 53 65 -1 0 0 0.02 0.0 0 13.2 33 10 M M 6 38 45 340
10 54 47 51 -14 14 0 0.22 0.0 0 8.6 15 120 M M 10 12 18 140
11 71 47 59 -6 6 0 0.00 0.0 0 4.3 10 20 M M 5 1 13 150
12 87 48 68 4 0 3 0.00 0.0 0 5.0 14 40 M M 2 18 30
13 86 52 69 5 0 4 0.00 0.0 0 9.7 21 170 M M 5 32 160
14 81 57 69 5 0 4 0.02 0.0 0 7.9 22 340 M M 7 3 30 160
15 79 54 67 3 0 2 0.02 0.0 0 7.9 22 60 M M 6 3 27 80
16 83 50 67 4 0 2 0.00 0.0 0 8.8 24 200 M M 4 32 190
17 81 55 68 5 0 3 0.00 0.0 0 9.0 24 150 M M 2 40 170
18 86 53 70 8 0 5 0.00 0.0 0 8.4 26 160 M M 2 36 160
19 89 54 72 10 0 7 T 0.0 0 7.1 26 70 M M 5 37 80
20 91 59 75 13 0 10 0.00 0.0 0 8.1 18 120 M M 4 24 180
21 71 49 60 -1 5 0 0.05 0.0 0 14.5 29 340 M M 9 1 41 350
22 53 46 50 -11 15 0 0.02 0.0 0 8.4 15 170 M M 10 12 17 160
23 85 45 65 5 0 0 0.00 0.0 0 6.5 20 50 M M 3 12 24 60
24 82 46 64 4 1 0 0.00 0.0 0 8.7 21 160 M M 0 29 160
25 72 46 59 -1 6 0 0.00 0.0 0 9.3 18 160 M M 0 30 170
26 83 44 64 5 1 0 0.00 0.0 0 8.8 21 360 M M 1 28 10
27 81 49 65 6 0 0 T 0.0 0 7.1 25 360 M M 6 3 38 350
28 81 51 66 8 0 1 0.00 0.0 0 6.7 25 210 M M 5 33 210
29 82 50 66 8 0 1 T 0.0 0 6.8 24 300 M M 7 33 220
30 83 51 67 10 0 2 0.00 0.0 0 9.1 30 350 M M 4 40 350
================================================================================
SM 2464 1551 48 112 0.50 0.0 248.0 M 122
================================================================================
AV 82.1 51.7 8.3 FASTST M M 4 MAX(MPH)
MISC ----> 33 10 45 340
================================================================================
NOTES:
COLUMN 17 PEAK WIND IN M.P.H.
PRELIMINARY LOCAL CLIMATOLOGICAL DATA (WS FORM: F-6) , PAGE 2
STATION: COLORADO SPRINGS CO
MONTH: SEPTEMBER
YEAR: 2022
LATITUDE: 38 49 N
LONGITUDE: 104 43 W
[TEMPERATURE DATA] [PRECIPITATION DATA] SYMBOLS USED IN COLUMN 16
AVERAGE MONTHLY: 66.9 TOTAL FOR MONTH: 0.50 1 = FOG OR MIST
DPTR FM NORMAL: 3.9 DPTR FM NORMAL: -0.85 2 = FOG REDUCING VISIBILITY
HIGHEST: 94 ON 8,6,2 GRTST 24HR 0.22 ON 10 TO 1/4 MILE OR LESS
LOWEST: 44 ON 26 3 = THUNDER
SNOW, ICE PELLETS, HAIL 4 = ICE PELLETS
TOTAL MONTH: 0.0 INCH 5 = HAIL
GRTST 24HR 0.0 6 = FREEZING RAIN OR DRIZZLE
GRTST DEPTH: 0 7 = DUSTSTORM OR SANDSTORM:
VSBY 1/2 MILE OR LESS
8 = SMOKE OR HAZE
[NO. OF DAYS WITH] [WEATHER - DAYS WITH] 9 = BLOWING SNOW
X = TORNADO
MAX 32 OR BELOW: 0 0.01 INCH OR MORE: 7
MAX 90 OR ABOVE: 6 0.10 INCH OR MORE: 2
MIN 32 OR BELOW: 0 0.50 INCH OR MORE: 0
MIN 0 OR BELOW: 0 1.00 INCH OR MORE: 0
[HDD (BASE 65) ]
TOTAL THIS MO. 48 CLEAR (SCALE 0-3) 13
DPTR FM NORMAL -74 PTCLDY (SCALE 4-7) 14
TOTAL FM JUL 1 48 CLOUDY (SCALE 8-10) 3
DPTR FM NORMAL -93
[CDD (BASE 65) ]
TOTAL THIS MO. 112
DPTR FM NORMAL 50 [PRESSURE DATA]
TOTAL FM JAN 1 841 HIGHEST SLP 30.40 ON 10
DPTR FM NORMAL 236 LOWEST SLP 29.63 ON 9
[REMARKS]
#FINAL-09-22#