000
CXUS55 KPUB 011451
CLMCOS
CLIMATE REPORT
NATIONAL WEATHER SERVICE
851 AM MDT WED NOV 01 2023
...................................
...THE COLORADO SPRINGS CO CLIMATE SUMMARY FOR THE MONTH OF OCTOBER 2023...
CLIMATE NORMAL PERIOD 1991 TO 2020
CLIMATE RECORD PERIOD 1872 TO 2023
WEATHER OBSERVED NORMAL DEPART LAST YEAR`S
VALUE DATE(S) VALUE FROM VALUE DATE(S)
NORMAL
................................................................
TEMPERATURE (F)
RECORD
HIGH 87 10/11/2015
10/03/1935
LOW -6 10/29/1917
HIGHEST 85 10/17 69 16 78 10/11
10/19
LOWEST 4 10/30 28 -24 24 10/28
AVG. MAXIMUM 66.7 64.7 2.0 66.6
AVG. MINIMUM 37.2 36.6 0.6 38.2
MEAN 52.0 50.7 1.3 52.4
DAYS MAX >= 90 0 0.0 0.0
DAYS MAX <= 32 1 0.7 0.3
DAYS MIN <= 32 8 9.6 -1.6
DAYS MIN <= 0 0 0.0 0.0
PRECIPITATION (INCHES)
RECORD
MAXIMUM 5.01 1984
MINIMUM T 2016
TOTALS 0.56 0.77 -0.21 0.15
DAILY AVG. 0.02 0.02 -0.00
DAYS >= .01 4 4.8 -0.8
DAYS >= .10 1 2.2 -1.2
DAYS >= .50 0 0.2 -0.2
DAYS >= 1.00 0 0.0 0.0
GREATEST
24 HR. TOTAL 0.53 10/28 TO 10/29 0.09
SNOWFALL (INCHES)
RECORDS
TOTAL 25.9 1984
TOTALS 8.3 2.5 5.8 T
SINCE 7/1 8.3 2.7 5.6 MM
SNOWDEPTH AVG. 0
DAYS >= 1.0 2 0.9 1.1
GREATEST
SNOW DEPTH 6 10/29 0
24 HR TOTAL 8.3 10/28 TO 10/29 T
DEGREE DAYS
HEATING TOTAL 395 448 -53 383
SINCE 7/1 455 589 -134 MM
COOLING TOTAL 0 3 -3 0
SINCE 1/1 612 608 4 MM
................................................................
WIND (MPH)
AVERAGE WIND SPEED 8.4
HIGHEST WIND SPEED/DIRECTION 44/020 DATE 10/18
HIGHEST GUST SPEED/DIRECTION 57/220 DATE 10/02
57/360 10/12
SKY COVER
AVERAGE SKY COVER 0.30
NUMBER OF DAYS FAIR 18
NUMBER OF DAYS PC 12
NUMBER OF DAYS CLOUDY 1
AVERAGE RH (PERCENT) 49
WEATHER CONDITIONS. NUMBER OF DAYS WITH
THUNDERSTORM 2 MIXED PRECIP 0
HEAVY RAIN 0 RAIN 0
LIGHT RAIN 3 FREEZING RAIN 0
LT FREEZING RAIN 0 HAIL 0
HEAVY SNOW 0 SNOW 2
LIGHT SNOW 2 SLEET 0
FOG 2 FOG W/VIS <= 1/4 MILE 0
HAZE 0
- INDICATES NEGATIVE NUMBERS.
R INDICATES RECORD WAS SET OR TIED.
MM INDICATES DATA IS MISSING.
T INDICATES TRACE AMOUNT.
$$