000
CXUS53 KLSX 020646
CLSCOU
CLIMATE REPORT
NATIONAL WEATHER SERVICE ST LOUIS MO
1246 AM CST FRI DEC 02 2022
...................................
...THE COLUMBIA ASOS CLIMATE SUMMARY FOR THE SEASON, FROM
9/1/2022 TO 11/30/2022...
CLIMATE NORMAL PERIOD 1991 TO 2020
CLIMATE RECORD PERIOD 1890 TO 2022
WEATHER OBSERVED NORMAL DEPART LAST YEAR`S
VALUE DATE(S) VALUE FROM VALUE
NORMAL
..............................................................
TEMPERATURE (F)
RECORD
HIGH 104 09/14/1893
LOW -3 11/30/1929
HIGHEST 98 09/20
09/19
LOWEST 16 11/20
AVG. MAXIMUM 69.9 67.7 2.2
AVG. MINIMUM 46.2 47.0 -0.8
MEAN 58.1 57.3 0.8
DAYS MAX >= 90 5
DAYS MAX <= 32 2
DAYS MAX >= 100 0
DAYS MIN <= 32 20
DAYS MIN <= 0 0
PRECIPITATION (INCHES)
RECORD
MAXIMUM 22.48 1941
MINIMUM 2.21 1956
TOTALS 7.76 9.98 -2.22
DAYS >= .01 21
DAYS >= .10 13
DAYS >= .50 6
DAYS >= 1.00 2
GREATEST
24 HR. TOTAL 1.79 10/24 TO 10/25
SNOWFALL (INCHES)
RECORDS
TOTAL 8.3 1971
24 HR TOTAL 8.1 11/25/1975 TO 11/26/1975
TOTALS 2.4 0.8 1.6
SINCE 7/1 2.4 0.8 1.6
DAYS >= TRACE 4
DAYS >= 1.0 2
GREATEST
SNOW DEPTH 2 11/15
24 HR TOTAL 1.3 11/14 TO 11/15
DEGREE DAYS
HEATING TOTAL 867 905 -38
SINCE 7/1 867 906 -39
COOLING TOTAL 260 209 51
SINCE 1/1 1728 1447 281
..............................................................
WIND (MPH)
HIGHEST WIND SPEED/DIRECTION 43/020 DATE 10/25
HIGHEST GUST SPEED/DIRECTION 63/220 DATE 11/05
WEATHER CONDITIONS. NUMBER OF DAYS WITH
THUNDERSTORM 3 HAIL 0
FOG W/VIS <= 1/4 MILE 2
- INDICATES NEGATIVE NUMBERS.
R INDICATES RECORD WAS SET OR TIED.
MM INDICATES DATA IS MISSING.
T INDICATES TRACE AMOUNT.
...SEASONAL...
NO RECORDS OF NOTE.
...MONTHLY...
NO RECORDS OF NOTE.
...DAILY...
6 RECORD HIGH TEMPERATURES SET OR TIED (11/10, 11/09, 11/04, 11/03,
09/20, AND 09/19).
RECORD LOW TEMPERATURE OF 25 DEGREES TIED ON 10/18. ALSO SET IN 1952.
RECORD PRECIPITATION VALUE OF 1.43 INCHES SET ON 10/25. PREVIOUS 1.15
IN 1956.
$$
GOSSELIN