000
CXUS54 KFWD 010141
CF6CPT
PRELIMINARY LOCAL CLIMATOLOGICAL DATA (WS FORM: F-6)
STATION: CLEBURNE
MONTH: DECEMBER
YEAR: 2020
LATITUDE: 32 20 N
LONGITUDE: 97 24 W
TEMPERATURE IN F: :PCPN: SNOW: WIND :SUNSHINE: SKY :PK WND
================================================================================
1 2 3 4 5 6A 6B 7 8 9 10 11 12 13 14 15 16 17 18
12Z AVG MX 2MIN
DY MAX MIN AVG DEP HDD CDD WTR SNW DPTH SPD SPD DIR MIN PSBL S-S WX SPD DR
================================================================================
1 59 28 44 -6 21 0 0.00 M M 12.3 22 180 M M 0 31 180
2 55 37 46 -4 19 0 0.00 M M 10.1 18 310 M M 4 27 290
3 45 34 40 -9 25 0 0.00 M M 10.6 16 310 M M 9 23 320
4 57 30 44 -5 21 0 0.00 M M 5.4 12 340 M M 1 18 340
5 63 30 47 -2 18 0 0.00 M M 3.7 8 250 M M 3 M M
6 61 41 51 3 14 0 0.00 M M 9.8 18 350 M M 3 25 350
7 64 34 49 1 16 0 0.00 M M 6.2 13 20 M M 0 8 21 20
8 73 41 57 9 8 0 0.00 M M 6.1 10 300 M M 0 15 310
9 79 41 60 13 5 0 0.00 M M 4.7 12 210 M M 0 17 210
10 77 41 59 12 6 0 0.00 M M 10.1 20 170 M M 0 8 27 170
11 72 46 59 12 6 0 0.10 M M 8.0 14 220 M M 4 1 18 230
12 55 37 46 -1 19 0 0.00 M M 6.9 14 340 M M 1 8 17 340
13 45 36 41 -5 24 0 1.18 M M 15.2 25 320 M M 10 13 41 320
14 50 34 42 -4 23 0 0.00 M M 7.4 14 340 M M 3 18 20
15 45 36 41 -5 24 0 0.00 M M 7.3 15 300 M M 8 1 22 300
16 46 34 40 -6 25 0 0.00 M M 9.1 15 360 M M 4 23 310
17 61 30 46 0 19 0 0.00 M M 6.0 12 180 M M 0 1 14 180
18 61 37 49 3 16 0 0.00 M M 13.0 22 180 M M 5 28 180
19 59 39 49 4 16 0 0.00 M M 8.2 16 300 M M 5 1 25 290
20 64 34 49 4 16 0 0.00 M M 5.2 10 290 M M 0 15 270
21 72 36 54 9 11 0 0.00 M M 5.9 10 170 M M 0 15 180
22 72 41 57 12 8 0 0.00 M M 11.2 23 170 M M 2 1 29 170
23 72 36 54 9 11 0 0.00 M M 16.4 30 340 M M 4 36 340
24 55 27 41 -4 24 0 0.00 M M 12.3 21 290 M M 1 30 290
25 63 32 48 3 17 0 0.00 M M 6.1 10 130 M M 0 17 180
26 70 36 53 8 12 0 0.00 M M 9.7 20 170 M M 0 30 200
27 75 46 61 17 4 0 0.00 M M 11.6 21 220 M M 0 24 210
28 61 45 53 9 12 0 0.00 M M 11.1 17 100 M M 6 23 100
29 70 55 63 19 2 0 0.04 M M 15.5 23 150 M M 9 1 32 170
30 63 37 50 6 15 0 0.21 M M 16.8 24 360 M M 9 1 32 160
31 37 32 35 -9 30 0 1.25 M M 16.9 24 20 M M 9 13 36 20
================================================================================
SM 1901 1143 487 0 2.78 M 298.8 M 100
================================================================================
AV 61.3 36.9 9.6 FASTST M M 3 MAX(MPH)
MISC ----> 30 340 41 320
================================================================================
NOTES:
# LAST OF SEVERAL OCCURRENCES
COLUMN 17 PEAK WIND IN M.P.H.
PRELIMINARY LOCAL CLIMATOLOGICAL DATA (WS FORM: F-6) , PAGE 2
STATION: CLEBURNE
MONTH: DECEMBER
YEAR: 2020
LATITUDE: 32 20 N
LONGITUDE: 97 24 W
[TEMPERATURE DATA] [PRECIPITATION DATA] SYMBOLS USED IN COLUMN 16
AVERAGE MONTHLY: 49.1 TOTAL FOR MONTH: 2.78 1 = FOG OR MIST
DPTR FM NORMAL: 2.8 DPTR FM NORMAL: 0.20 2 = FOG REDUCING VISIBILITY
HIGHEST: 79 ON 9 GRTST 24HR 1.25 ON 31-31 TO 1/4 MILE OR LESS
LOWEST: 27 ON 24 3 = THUNDER
SNOW, ICE PELLETS, HAIL 4 = ICE PELLETS
TOTAL MONTH: M 5 = HAIL
GRTST 24HR M ON M 6 = FREEZING RAIN OR DRIZZLE
GRTST DEPTH: M ON M 7 = DUSTSTORM OR SANDSTORM:
VSBY 1/2 MILE OR LESS
8 = SMOKE OR HAZE
[NO. OF DAYS WITH] [WEATHER - DAYS WITH] 9 = BLOWING SNOW
X = TORNADO
MAX 32 OR BELOW: 0 0.01 INCH OR MORE: 5
MAX 90 OR ABOVE: 0 0.10 INCH OR MORE: 3
MIN 32 OR BELOW: 7 0.50 INCH OR MORE: 2
MIN 0 OR BELOW: 0 1.00 INCH OR MORE: 2
[HDD (BASE 65) ]
TOTAL THIS MO. 487 CLEAR (SCALE 0-3) 18
DPTR FM NORMAL -95 PTCLDY (SCALE 4-7) 8
TOTAL FM JUL 1 801 CLOUDY (SCALE 8-10) 5
DPTR FM NORMAL -166
[CDD (BASE 65) ]
TOTAL THIS MO. 0
DPTR FM NORMAL -2 [PRESSURE DATA]
TOTAL FM JAN 1 2653 HIGHEST SLP M ON M
DPTR FM NORMAL 156 LOWEST SLP M ON M
[REMARKS]
#FINAL-12-20#