000
CXUS54 KFWD 190730
CF6CRS
PRELIMINARY LOCAL CLIMATOLOGICAL DATA (WS FORM: F-6)
STATION: CORSICANA
MONTH: APRIL
YEAR: 2024
LATITUDE: 32 1 N
LONGITUDE: 96 24 W
TEMPERATURE IN F: :PCPN: SNOW: WIND :SUNSHINE: SKY :PK WND
================================================================================
1 2 3 4 5 6A 6B 7 8 9 10 11 12 13 14 15 16 17 18
12Z AVG MX 2MIN
DY MAX MIN AVG DEP HDD CDD WTR SNW DPTH SPD SPD DIR MIN PSBL S-S WX SPD DR
================================================================================
1 83 69 76 13 0 11 0.21 M M 13.8 25 180 M M 8 138 35 170
2 69 52 61 -2 4 0 0.03 M M 12.3 24 310 M M 4 3 32 310
3 74 44 59 -4 6 0 0.00 M M 8.8 20 310 M M 0 28 300
4 82 46 64 0 1 0 0.00 M M 6.1 13 220 M M 0 8 22 230
5 85 53 69 5 0 4 0.00 M M 8.1 15 190 M M 0 23 240
6 82 60 71 7 0 6 0.00 M M 16.1 25 180 M M 3 33 180
7 79 60 70 6 0 5 T M M 7.7 17 320 M M 2 8 23 320
8 83 59 71 7 0 6 0.47 M M 7.8 22 140 M M 6 1238 30 160
9 73 63 68 3 0 3 3.22 M M 10.2 26 80 M M 9 13 38 80
10 66 56 61 -4 4 0 0.61 M M 12.6 38 300 M M 9 13 49 300
11 75 48 62 -3 3 0 0.00 M M 9.5 21 310 M M 0 26 310
12 80 50 65 0 0 0 0.00 M M 7.2 17 170 M M 0 21 160
13 83 57 70 4 0 5 0.00 M M 12.6 23 170 M M 0 32 170
14 81 64 73 7 0 8 0.00 M M 12.5 22 220 M M 4 29 210
15 82 69 76 10 0 11 0.00 M M 12.8 23 140 M M 8 37 150
16 80 68 74 8 0 9 0.02 M M 9.4 20 200 M M 9 138 24 190
17 85 69 77 11 0 12 0.00 M M 7.7 17 140 M M 6 18 22 140
18 86 70 78 12 0 13 0.00 M M 7.2 17 190 M M 8 18 24 200
================================================================================
SM 1428 1057 18 93 4.56 M 182.4 M 76
================================================================================
AV 79.3 58.7 10.1 FASTST M M 4 MAX(MPH)
MISC ----> 38 300 49 300
================================================================================
NOTES:
# LAST OF SEVERAL OCCURRENCES
COLUMN 17 PEAK WIND IN M.P.H.
PRELIMINARY LOCAL CLIMATOLOGICAL DATA (WS FORM: F-6) , PAGE 2
STATION: CORSICANA
MONTH: APRIL
YEAR: 2024
LATITUDE: 32 1 N
LONGITUDE: 96 24 W
[TEMPERATURE DATA] [PRECIPITATION DATA] SYMBOLS USED IN COLUMN 16
AVERAGE MONTHLY: 69.0 TOTAL FOR MONTH: 4.56 1 = FOG OR MIST
DPTR FM NORMAL: 4.3 DPTR FM NORMAL: 2.59 2 = FOG REDUCING VISIBILITY
HIGHEST: 86 ON 18 GRTST 24HR 3.61 ON 8- 9 TO 1/4 MILE OR LESS
LOWEST: 44 ON 3 3 = THUNDER
SNOW, ICE PELLETS, HAIL 4 = ICE PELLETS
TOTAL MONTH: M 5 = HAIL
GRTST 24HR M ON M 6 = FREEZING RAIN OR DRIZZLE
GRTST DEPTH: M ON M 7 = DUSTSTORM OR SANDSTORM:
VSBY 1/2 MILE OR LESS
8 = SMOKE OR HAZE
[NO. OF DAYS WITH] [WEATHER - DAYS WITH] 9 = BLOWING SNOW
X = TORNADO
MAX 32 OR BELOW: 0 0.01 INCH OR MORE: 6
MAX 90 OR ABOVE: 0 0.10 INCH OR MORE: 4
MIN 32 OR BELOW: 0 0.50 INCH OR MORE: 2
MIN 0 OR BELOW: 0 1.00 INCH OR MORE: 1
[HDD (BASE 65) ]
TOTAL THIS MO. 18 CLEAR (SCALE 0-3) 7
DPTR FM NORMAL -39 PTCLDY (SCALE 4-7) 6
TOTAL FM JUL 1 1570 CLOUDY (SCALE 8-10) 5
DPTR FM NORMAL -425
[CDD (BASE 65) ]
TOTAL THIS MO. 93
DPTR FM NORMAL 41 [PRESSURE DATA]
TOTAL FM JAN 1 209 HIGHEST SLP M ON M
DPTR FM NORMAL 103 LOWEST SLP 29.52 ON 1
[REMARKS]