000
CXUS54 KOUN 010910
CF6CSM
PRELIMINARY LOCAL CLIMATOLOGICAL DATA (WS FORM: F-6)
STATION: CLINTON
MONTH: JANUARY
YEAR: 2022
LATITUDE: 35 20 N
LONGITUDE: 99 12 W
TEMPERATURE IN F: :PCPN: SNOW: WIND :SUNSHINE: SKY :PK WND
================================================================================
1 2 3 4 5 6A 6B 7 8 9 10 11 12 13 14 15 16 17 18
12Z AVG MX 2MIN
DY MAX MIN AVG DEP HDD CDD WTR SNW DPTH SPD SPD DIR MIN PSBL S-S WX SPD DR
================================================================================
1 60 11 36 -2 29 0 0.11 M 0 22.2 30 180 M M 8 16 36 210
2 37 10 24 -14 41 0 0.00 0.0 M M M M M M 0 M M
3 51 22 37 -1 28 0 0.00 0.0 0 14.8 20 180 M M 0 20 180
4 58 32 45 7 20 0 0.00 0.0 0 14.6 25 200 M M 0 35 200
5 42 23 33 -5 32 0 0.00 0.0 0 11.3 17 20 M M 0 8 22 30
6 26 13 20 -18 45 0 0.00 0.0 0 18.5 35 350 M M 5 42 350
7 33 10 22 -16 43 0 0.00 0.0 0 13.8 25 180 M M 0 30 170
8 70 31 51 13 14 0 0.00 0.0 0 22.2 41 200 M M 3 47 200
9 43 22 33 -5 32 0 0.00 0.0 0 20.1 35 360 M M 1 46 360
10 56 17 37 -1 28 0 0.00 0.0 0 9.3 15 230 M M 0 17 240
11 60 24 42 4 23 0 0.00 0.0 0 15.4 30 200 M M 0 35 200
12 64 28 46 8 19 0 0.00 0.0 0 9.5 21 200 M M 0 23 210
13 72 36 54 16 11 0 0.00 0.0 0 9.7 16 330 M M 0 19 340
14 63 37 50 12 15 0 0.00 0.0 0 20.3 48 360 M M 1 8 58 360
15 37 23 30 -8 35 0 T T 0 27.1 43 350 M M 2 54 350
16 56 13 35 -3 30 0 0.00 0.0 0 7.1 20 220 M M 0 22 220
17 59 27 43 5 22 0 0.00 0.0 0 12.0 26 190 M M 0 32 200
18 59 31 45 7 20 0 0.00 0.0 0 7.6 20 180 M M 0 23 170
19 38 20 29 -9 36 0 0.00 0.0 0 25.6 39 10 M M 5 46 20
20 25 13 19 -19 46 0 T T M 14.5 30 10 M M 7 8 36 10
21 37 7 22 -16 43 0 0.00 0.0 0 9.2 18 170 M M 0 21 170
22 50 15 33 -5 32 0 0.00 0.0 0 8.7 16 220 M M 0 20 210
23 58 27 43 4 22 0 0.00 0.0 0 8.8 15 350 M M 0 21 350
24 64 26 45 6 20 0 0.00 0.0 0 10.1 21 50 M M 0 25 50
25 43 22 33 -6 32 0 0.00 M M 18.0 25 40 M M 4 31 30
26 27 22 25 -14 40 0 0.08 M M 11.3 21 40 M M 10 12 24 30
27 44 16 30 -9 35 0 T M M 10.5 18 30 M M 4 126 23 30
28 53 27 40 1 25 0 0.00 M M 11.4 21 300 M M 0 26 320
29 69 26 48 9 17 0 0.00 M M 11.2 22 240 M M 0 26 230
30 62 25 44 5 21 0 0.00 M M 7.5 14 160 M M 0 18 170
31 68 29 49 10 16 0 0.00 0.0 M 11.5 24 170 M M 0 30 170
================================================================================
SM 1584 685 872 0 0.19 T 413.8 M 50
================================================================================
AV 51.1 22.1 13.8 FASTST M M 2 MAX(MPH)
MISC ----> 48 360 58 360
================================================================================
NOTES:
# LAST OF SEVERAL OCCURRENCES
COLUMN 17 PEAK WIND IN M.P.H.
PRELIMINARY LOCAL CLIMATOLOGICAL DATA (WS FORM: F-6) , PAGE 2
STATION: CLINTON
MONTH: JANUARY
YEAR: 2022
LATITUDE: 35 20 N
LONGITUDE: 99 12 W
[TEMPERATURE DATA] [PRECIPITATION DATA] SYMBOLS USED IN COLUMN 16
AVERAGE MONTHLY: 36.6 TOTAL FOR MONTH: 0.19 1 = FOG OR MIST
DPTR FM NORMAL: -1.6 DPTR FM NORMAL: -0.42 2 = FOG REDUCING VISIBILITY
HIGHEST: 72 ON 13 GRTST 24HR 0.20 ON 1- 1 TO 1/4 MILE OR LESS
LOWEST: 7 ON 21 3 = THUNDER
SNOW, ICE PELLETS, HAIL 4 = ICE PELLETS
TOTAL MONTH: T 5 = HAIL
GRTST 24HR T ON 15-15 6 = FREEZING RAIN OR DRIZZLE
GRTST DEPTH: 0 7 = DUSTSTORM OR SANDSTORM:
VSBY 1/2 MILE OR LESS
8 = SMOKE OR HAZE
[NO. OF DAYS WITH] [WEATHER - DAYS WITH] 9 = BLOWING SNOW
X = TORNADO
MAX 32 OR BELOW: 3 0.01 INCH OR MORE: 2
MAX 90 OR ABOVE: 0 0.10 INCH OR MORE: 1
MIN 32 OR BELOW: 29 0.50 INCH OR MORE: 0
MIN 0 OR BELOW: 0 1.00 INCH OR MORE: 0
[HDD (BASE 65) ]
TOTAL THIS MO. 872 CLEAR (SCALE 0-3) 23
DPTR FM NORMAL 43 PTCLDY (SCALE 4-7) 6
TOTAL FM JUL 1 1843 CLOUDY (SCALE 8-10) 2
DPTR FM NORMAL -485
[CDD (BASE 65) ]
TOTAL THIS MO. 0
DPTR FM NORMAL 0 [PRESSURE DATA]
TOTAL FM JAN 1 0 HIGHEST SLP 30.73 ON 10
DPTR FM NORMAL 0 LOWEST SLP 29.44 ON 1
[REMARKS]
#FINAL-01-22#