000
CXUS54 KOUN 010810
CF6CSM
PRELIMINARY LOCAL CLIMATOLOGICAL DATA (WS FORM: F-6)
STATION: CLINTON
MONTH: OCTOBER
YEAR: 2021
LATITUDE: 35 20 N
LONGITUDE: 99 12 W
TEMPERATURE IN F: :PCPN: SNOW: WIND :SUNSHINE: SKY :PK WND
================================================================================
1 2 3 4 5 6A 6B 7 8 9 10 11 12 13 14 15 16 17 18
12Z AVG MX 2MIN
DY MAX MIN AVG DEP HDD CDD WTR SNW DPTH SPD SPD DIR MIN PSBL S-S WX SPD DR
================================================================================
1 76 62 69 2 0 4 0.01 M M 7.3 18 320 M M 6 3 22 330
2 76 61 69 2 0 4 0.32 M M 6.8 20 10 M M 6 13 22 10
3 83 57 70 4 0 5 0.00 M M 8.1 16 10 M M 0 22 340
4 85 55 70 4 0 5 0.00 M M 7.9 15 160 M M 0 19 150
5 82 56 69 3 0 4 0.00 M M 6.3 13 90 M M 0 17 80
6 82 53 68 3 0 3 0.00 M M 5.3 14 140 M M 0 17 270
7 88 60 74 9 0 9 0.02 M M 15.7 25 160 M M 2 30 160
8 95 63 79 15 0 14 0.00 0.0 0 16.4 24 200 M M 0 29 200
9 95 66 81 17 0 16 0.00 M M 21.5 31 180 M M 0 39 170
10 80 55 68 4 0 3 0.06 M M 16.6 36 340 M M 4 13 42 340
11 78 51 65 2 0 0 T M M 11.1 22 320 M M 1 1 26 330
12 80 57 69 6 0 4 0.23 M M 19.1 56 290 M M 6 138 77 290
13 75 56 66 4 0 1 0.65 M M 12.0 45 170 M M 2 13 61 180
14 74 52 63 1 2 0 T 0.0 M 10.7 16 340 M M 4 123 19 180
15 66 44 55 -6 10 0 0.00 M M 17.3 31 350 M M 2 37 10
16 70 41 56 -5 9 0 0.00 M M 8.2 14 210 M M 0 18 250
17 75 47 61 1 4 0 0.00 M M 13.6 23 190 M M 0 29 180
18 73 47 60 0 5 0 0.00 0.0 M 17.9 29 170 M M 0 34 180
19 78 55 67 7 0 2 0.00 0.0 M 23.0 31 170 M M 0 37 170
20 73 50 62 3 3 0 0.00 0.0 M 11.9 24 180 M M 1 29 180
21 72 45 59 0 6 0 0.00 M M 6.6 13 160 M M 3 16 150
22 81 53 67 9 0 2 0.00 M M 14.0 23 180 M M 3 28 180
23 88 62 75 17 0 10 0.00 M M 21.1 30 160 M M 0 37 170
24 76 58 67 10 0 2 0.00 M M 13.7 28 170 M M 0 8 37 180
25 77 21 49 -8 16 0 0.00 M M 9.8 18 140 M M 0 8 25 100
26 85 58 72 16 0 7 0.01 M M 23.4 45 160 M M 3 123 56 180
27 65 50 58 2 7 0 0.00 M M 23.2 40 330 M M 3 8 49 330
28 67 51 59 3 6 0 0.00 M M 27.0 44 330 M M 0 78 56 330
29 66 43 55 0 10 0 0.00 M M 13.8 31 350 M M 0 40 340
30 74 40 57 2 8 0 0.00 M M 9.7 21 180 M M 0 26 170
31 62 41 52 -2 13 0 0.00 M M 15.3 25 20 M M 0 29 20
================================================================================
SM 2397 1610 99 95 1.30 0.0 434.3 M 46
================================================================================
AV 77.3 51.9 14.0 FASTST M M 1 MAX(MPH)
MISC ----> 56 290 77 290
================================================================================
NOTES:
# LAST OF SEVERAL OCCURRENCES
COLUMN 17 PEAK WIND IN M.P.H.
PRELIMINARY LOCAL CLIMATOLOGICAL DATA (WS FORM: F-6) , PAGE 2
STATION: CLINTON
MONTH: OCTOBER
YEAR: 2021
LATITUDE: 35 20 N
LONGITUDE: 99 12 W
[TEMPERATURE DATA] [PRECIPITATION DATA] SYMBOLS USED IN COLUMN 16
AVERAGE MONTHLY: 64.6 TOTAL FOR MONTH: 1.30 1 = FOG OR MIST
DPTR FM NORMAL: 3.7 DPTR FM NORMAL: -1.03 2 = FOG REDUCING VISIBILITY
HIGHEST: 95 ON 9, 8 GRTST 24HR 0.88 ON 12-13 TO 1/4 MILE OR LESS
LOWEST: 21 ON 25 3 = THUNDER
SNOW, ICE PELLETS, HAIL 4 = ICE PELLETS
TOTAL MONTH: 0.0 INCH 5 = HAIL
GRTST 24HR 0.0 6 = FREEZING RAIN OR DRIZZLE
GRTST DEPTH: 0 7 = DUSTSTORM OR SANDSTORM:
VSBY 1/2 MILE OR LESS
8 = SMOKE OR HAZE
[NO. OF DAYS WITH] [WEATHER - DAYS WITH] 9 = BLOWING SNOW
X = TORNADO
MAX 32 OR BELOW: 0 0.01 INCH OR MORE: 7
MAX 90 OR ABOVE: 2 0.10 INCH OR MORE: 3
MIN 32 OR BELOW: 1 0.50 INCH OR MORE: 1
MIN 0 OR BELOW: 0 1.00 INCH OR MORE: 0
[HDD (BASE 65) ]
TOTAL THIS MO. 99 CLEAR (SCALE 0-3) 23
DPTR FM NORMAL -91 PTCLDY (SCALE 4-7) 8
TOTAL FM JUL 1 99 CLOUDY (SCALE 8-10) 0
DPTR FM NORMAL -108
[CDD (BASE 65) ]
TOTAL THIS MO. 95
DPTR FM NORMAL 33 [PRESSURE DATA]
TOTAL FM JAN 1 2038 HIGHEST SLP M ON M
DPTR FM NORMAL 61 LOWEST SLP 29.43 ON 26
[REMARKS]
#FINAL-10-21#