133
CXUS54 KOUN 010910
CF6CSM
PRELIMINARY LOCAL CLIMATOLOGICAL DATA (WS FORM: F-6)
STATION: CLINTON
MONTH: FEBRUARY
YEAR: 2021
LATITUDE: 35 20 N
LONGITUDE: 99 12 W
TEMPERATURE IN F: :PCPN: SNOW: WIND :SUNSHINE: SKY :PK WND
================================================================================
1 2 3 4 5 6A 6B 7 8 9 10 11 12 13 14 15 16 17 18
12Z AVG MX 2MIN
DY MAX MIN AVG DEP HDD CDD WTR SNW DPTH SPD SPD DIR MIN PSBL S-S WX SPD DR
================================================================================
1 57 31 44 4 21 0 0.00 M M 9.5 17 170 M M 0 19 200
2 62 38 50 10 15 0 0.00 M M 15.3 26 180 M M 0 31 180
3 61 32 47 7 18 0 0.00 M M 11.9 24 170 M M 0 29 180
4 59 34 47 7 18 0 0.00 M M 19.3 38 350 M M 1 46 340
5 54 32 43 2 22 0 0.00 M M 11.8 20 200 M M 5 24 210
6 53 24 39 -2 26 0 0.05 M M 13.1 30 10 M M 8 36 10
7 37 24 31 -10 34 0 T M M 10.3 21 110 M M 10 12 26 110
8 35 17 26 -15 39 0 T M M 18.5 26 20 M M 10 126 30 20
9 20 16 18 -23 47 0 0.00 M M 14.3 23 10 M M 10 1 26 360
10 20 16 18 -24 47 0 T M M 16.3 23 20 M M 10 16 26 10
11 21 13 17 -25 48 0 T M M 16.0 21 360 M M 10 18 24 20
12 17 10 14 -28 51 0 T M M 18.4 24 10 M M 10 18 28 10
13 18 7 13 -29 52 0 T M M 17.8 24 30 M M 9 28 40
14 10 0 5 -37 60 0 M M M 24.0 31 20 M M 10 19 37 20
15 7 -6 1 -41 64 0 T T M 13.9 25 360 M M 2 19 32 350
16 9 -4 3 -40 62 0 0.07 M M 9.8 16 110 M M 6 1 19 120
17 16 2 9 -34 56 0 T M M 7.3 10 40 M M 5 1 12 40
18 25 5 15 -28 50 0 T M M 9.4 18 10 M M 5 8 21 10
19 29 7 18 -25 47 0 0.00 M M 12.8 21 180 M M 0 18 23 180
20 39 11 25 -18 40 0 0.00 M M 12.7 32 170 M M 0 1 38 170
21 55 33 44 0 21 0 0.00 M M 16.9 29 180 M M 0 36 180
22 61 31 46 2 19 0 0.00 M M 11.4 25 220 M M 0 29 220
23 68 32 50 6 15 0 0.00 M M 11.7 24 180 M M 0 30 190
24 58 34 46 2 19 0 0.00 M M 18.8 31 360 M M 0 36 350
25 49 27 38 -7 27 0 0.00 0.0 0 14.3 23 40 M M 5 27 40
26 60 27 44 -1 21 0 0.00 M M 11.7 23 200 M M 0 29 220
27 65 40 53 8 12 0 T 0.0 0 18.0 28 180 M M 7 12 33 180
28 58 37 48 3 17 0 0.00 M M 17.7 29 360 M M 1 12 34 360
================================================================================
SM 1123 570 968 0 0.12 T 402.9 M 124
================================================================================
AV 40.1 20.4 14.4 FASTST M M 4 MAX(MPH)
MISC ----> 38 350 46 340
================================================================================
NOTES:
# LAST OF SEVERAL OCCURRENCES
COLUMN 17 PEAK WIND IN M.P.H.
PRELIMINARY LOCAL CLIMATOLOGICAL DATA (WS FORM: F-6) , PAGE 2
STATION: CLINTON
MONTH: FEBRUARY
YEAR: 2021
LATITUDE: 35 20 N
LONGITUDE: 99 12 W
[TEMPERATURE DATA] [PRECIPITATION DATA] SYMBOLS USED IN COLUMN 16
AVERAGE MONTHLY: 30.2 TOTAL FOR MONTH: 0.12 1 = FOG OR MIST
DPTR FM NORMAL: -12.3 DPTR FM NORMAL: -0.87 2 = FOG REDUCING VISIBILITY
HIGHEST: 68 ON 23 GRTST 24HR 0.07 ON 16-16 TO 1/4 MILE OR LESS
LOWEST: -6 ON 15 3 = THUNDER
SNOW, ICE PELLETS, HAIL 4 = ICE PELLETS
TOTAL MONTH: T 5 = HAIL
GRTST 24HR T ON 15-15 6 = FREEZING RAIN OR DRIZZLE
GRTST DEPTH: 0 7 = DUSTSTORM OR SANDSTORM:
VSBY 1/2 MILE OR LESS
8 = SMOKE OR HAZE
[NO. OF DAYS WITH] [WEATHER - DAYS WITH] 9 = BLOWING SNOW
X = TORNADO
MAX 32 OR BELOW: 11 0.01 INCH OR MORE: 2
MAX 90 OR ABOVE: 0 0.10 INCH OR MORE: 0
MIN 32 OR BELOW: 22 0.50 INCH OR MORE: 0
MIN 0 OR BELOW: 3 1.00 INCH OR MORE: 0
[HDD (BASE 65) ]
TOTAL THIS MO. 968 CLEAR (SCALE 0-3) 13
DPTR FM NORMAL 336 PTCLDY (SCALE 4-7) 7
TOTAL FM JUL 1 3165 CLOUDY (SCALE 8-10) 8
DPTR FM NORMAL 255
[CDD (BASE 65) ]
TOTAL THIS MO. 0
DPTR FM NORMAL 0 [PRESSURE DATA]
TOTAL FM JAN 1 0 HIGHEST SLP 30.56 ON 18
DPTR FM NORMAL 0 LOWEST SLP 29.48 ON 4
[REMARKS]
#FINAL-02-21#