000
CXUS54 KOUN 010810
CF6CSM
PRELIMINARY LOCAL CLIMATOLOGICAL DATA (WS FORM: F-6)
STATION: CLINTON
MONTH: JULY
YEAR: 2023
LATITUDE: 35 20 N
LONGITUDE: 99 12 W
TEMPERATURE IN F: :PCPN: SNOW: WIND :SUNSHINE: SKY :PK WND
================================================================================
1 2 3 4 5 6A 6B 7 8 9 10 11 12 13 14 15 16 17 18
12Z AVG MX 2MIN
DY MAX MIN AVG DEP HDD CDD WTR SNW DPTH SPD SPD DIR MIN PSBL S-S WX SPD DR
================================================================================
1 86 64 75 -6 0 10 0.00 M M M M M M M 2 M M
2 93 67 80 -1 0 15 0.00 M M M M M M M 0 M M
3 95 68 82 1 0 17 T M M 8.9 28 130 M M 1 37 130
4 96 69 83 1 0 18 0.00 M M 11.1 17 180 M M 0 27 160
5 90 69 80 -2 0 15 0.10 M M 15.0 36 150 M M 1 38 42 170
6 84 63 74 -8 0 9 0.78 M M 11.0 33 320 M M 2 13 43 330
7 90 65 78 -4 0 13 2.59 M M 13.3 33 310 M M 5 13 44 320
8 87 67 77 -5 0 12 T M M 8.4 16 110 M M 2 32 80
9 80 62 71 -11 0 6 2.00 M M 10.4 54 320 M M 7 123 68 310
10 89 66 78 -4 0 13 0.01 0.0 M 8.1 16 130 M M 2 3 26 110
11 92 69 81 -1 0 16 0.09 0.0 M 11.1 22 190 M M 2 13 28 130
12 97 74 86 3 0 21 0.00 0.0 M 10.8 24 170 M M 0 32 170
13 94 72 83 0 0 18 T M M 9.2 26 140 M M 0 34 140
14 94 73 84 1 0 19 0.00 M M 11.5 25 140 M M 0 34 110
15 90 68 79 -4 0 14 0.74 M M 9.2 20 50 M M 4 13 33 70
16 93 70 82 -1 0 17 0.00 M M 6.8 15 180 M M 1 18 21 190
17 100 71 86 3 0 21 0.00 M M 10.1 17 230 M M 0 24 210
18 103 76 90 7 0 25 0.00 M M 17.6 30 200 M M 0 37 180
19 103 73 88 5 0 23 0.00 M M 13.0 25 220 M M 0 31 220
20 93 74 84 1 0 19 0.00 M M 9.3 26 40 M M 0 29 40
21 84 67 76 -7 0 11 0.00 M M 11.5 32 350 M M 3 46 360
22 90 63 77 -7 0 12 0.00 M M 5.2 10 240 M M 0 14 230
23 97 66 82 -2 0 17 0.00 M M 11.6 22 200 M M 0 27 210
24 103 71 87 3 0 22 0.00 M M 15.0 21 170 M M 0 27 220
25 105 79 92 8 0 27 0.00 M M 18.1 29 200 M M 0 38 200
26 104 74 89 5 0 24 0.00 M M 15.5 25 190 M M 0 33 200
27 103 73 88 4 0 23 0.00 M M 14.9 23 160 M M 0 31 170
28 102 77 90 6 0 25 0.00 M M 13.3 18 160 M M 0 32 120
29 100 74 87 3 0 22 0.00 M M 10.1 20 160 M M 0 8 25 180
30 102 73 88 4 0 23 0.00 M M 10.0 18 160 M M 0 22 160
31 103 72 88 4 0 23 0.00 M M 11.6 21 200 M M 0 30 170
================================================================================
SM 2942 2169 0 550 6.31 0.0 331.6 M 32
================================================================================
AV 94.9 70.0 11.4 FASTST M M 1 MAX(MPH)
MISC ----> 54 320 68 310
================================================================================
NOTES:
# LAST OF SEVERAL OCCURRENCES
COLUMN 17 PEAK WIND IN M.P.H.
PRELIMINARY LOCAL CLIMATOLOGICAL DATA (WS FORM: F-6) , PAGE 2
STATION: CLINTON
MONTH: JULY
YEAR: 2023
LATITUDE: 35 20 N
LONGITUDE: 99 12 W
[TEMPERATURE DATA] [PRECIPITATION DATA] SYMBOLS USED IN COLUMN 16
AVERAGE MONTHLY: 82.4 TOTAL FOR MONTH: 6.31 1 = FOG OR MIST
DPTR FM NORMAL: -0.3 DPTR FM NORMAL: 4.35 2 = FOG REDUCING VISIBILITY
HIGHEST: 105 ON 25 GRTST 24HR 2.59 ON 7- 7 TO 1/4 MILE OR LESS
LOWEST: 62 ON 9 3 = THUNDER
SNOW, ICE PELLETS, HAIL 4 = ICE PELLETS
TOTAL MONTH: 0.0 INCH 5 = HAIL
GRTST 24HR 0.0 6 = FREEZING RAIN OR DRIZZLE
GRTST DEPTH: M ON M 7 = DUSTSTORM OR SANDSTORM:
VSBY 1/2 MILE OR LESS
8 = SMOKE OR HAZE
[NO. OF DAYS WITH] [WEATHER - DAYS WITH] 9 = BLOWING SNOW
X = TORNADO
MAX 32 OR BELOW: 0 0.01 INCH OR MORE: 7
MAX 90 OR ABOVE: 25 0.10 INCH OR MORE: 5
MIN 32 OR BELOW: 0 0.50 INCH OR MORE: 4
MIN 0 OR BELOW: 0 1.00 INCH OR MORE: 2
[HDD (BASE 65) ]
TOTAL THIS MO. 0 CLEAR (SCALE 0-3) 28
DPTR FM NORMAL 0 PTCLDY (SCALE 4-7) 3
TOTAL FM JUL 1 0 CLOUDY (SCALE 8-10) 0
DPTR FM NORMAL 0
[CDD (BASE 65) ]
TOTAL THIS MO. 550
DPTR FM NORMAL 0 [PRESSURE DATA]
TOTAL FM JAN 1 1078 HIGHEST SLP M ON M
DPTR FM NORMAL -73 LOWEST SLP 29.66 ON 12
[REMARKS]
#FINAL-07-23#